{"id":782,"date":"2025-09-18T09:44:19","date_gmt":"2025-09-18T07:44:19","guid":{"rendered":"https:\/\/www.ndpo.fr\/cfc\/?page_id=782"},"modified":"2026-02-02T10:41:33","modified_gmt":"2026-02-02T09:41:33","slug":"etiquetage-reglementaire-et-obligatoire","status":"publish","type":"page","link":"https:\/\/www.ndpo.fr\/cfc\/etiquetage-reglementaire-et-obligatoire\/","title":{"rendered":"ETIQUETAGE REGLEMENTAIRE ET OBLIGATOIRE"},"content":{"rendered":"<p>[vc_row][vc_column]\n        <div class=\"rs-heading style2   center\">\n        \t<div class=\"title-inner\">\n\t            \n\t            <h2 >ETIQUETAGE REGLEMENTAIRE ET OBLIGATOIRE<\/h2>\n\t        <\/div><\/div>[\/vc_column][\/vc_row][vc_row][vc_column width=&#8221;2\/3&#8243;][vc_single_image image=&#8221;713&#8243; img_size=&#8221;full&#8221;][vc_row_inner][vc_column_inner width=&#8221;1\/2&#8243;][vc_btn title=&#8221;T\u00e9l\u00e9chargez la fiche formation&#8221; style=&#8221;custom&#8221; custom_background=&#8221;#c41718&#8243; custom_text=&#8221;#ffffff&#8221; size=&#8221;lg&#8221; align=&#8221;center&#8221; button_block=&#8221;true&#8221; link=&#8221;url:https%3A%2F%2Fwww.ndpo.fr%2Fapp%2Fuploads%2Fsites%2F11%2F2025%2F09%2FFiches-Etiquetage-reglementaire-et-obligatoire.pdf||target:%20_blank|&#8221;][\/vc_column_inner][vc_column_inner width=&#8221;1\/2&#8243;][vc_btn title=&#8221;Contactez-nous !&#8221; style=&#8221;custom&#8221; custom_background=&#8221;#c41718&#8243; custom_text=&#8221;#ffffff&#8221; size=&#8221;lg&#8221; align=&#8221;center&#8221; button_block=&#8221;true&#8221; link=&#8221;url:https%3A%2F%2Fwww.ndpo.fr%2Fcfc%2Fcontact%2F||target:%20_blank|&#8221;][\/vc_column_inner][\/vc_row_inner][\/vc_column][vc_column width=&#8221;1\/3&#8243;]\n        <div class=\"rs-heading style1   \">\n        \t<div class=\"title-inner\">\n\t            \n\t            <h2 >Public concern\u00e9<\/h2>\n\t        <\/div><div class=\"description\"><p >Professionnels du secteur alimentaire<\/p><\/div><\/div>\n        <div class=\"rs-heading style1   \">\n        \t<div class=\"title-inner\">\n\t            \n\t            <h2 >Pr\u00e9requis<\/h2>\n\t        <\/div><div class=\"description\"><p >Cette formation ne n\u00e9cessite aucun pr\u00e9requis. Cependant, elle s\u2019adresse aux professionnels commercialisant des produits alimentaires.<\/p><\/div><\/div>\n        <div class=\"rs-heading style1   \">\n        \t<div class=\"title-inner\">\n\t            \n\t            <h2 >MOYENS D\u2019ENCADREMENT<\/h2>\n\t        <\/div><div class=\"description\"><p >Madame Elia Hotois, formatrice sur l\u2019\u00e9tiquetage alimentaire et sa r\u00e8glementation<\/p><\/div><\/div>[\/vc_column][\/vc_row][vc_row][vc_column][vc_tta_tabs][vc_tta_section title=&#8221;Description de la formation&#8221; tab_id=&#8221;1613985700420-b272efd7-2ae7baa6-2e3e&#8221;][vc_empty_space]\n        <div class=\"rs-heading style2   \">\n        \t<div class=\"title-inner\">\n\t            \n\t            <h2 >DESCRIPTION DE LA FORMATION<\/h2>\n\t        <\/div><div class=\"description\"><p >La r\u00e9glementation encadrant l\u2019\u00e9tiquetage alimentaire joue un r\u00f4le primordial.<br \/>\nEntre transparence et protection de la sant\u00e9 des consommateurs, l\u2019\u00e9tiquette garantit la bonne information de tous sur la composition, la valeur nutritionnelle, l\u2019origine et les allerg\u00e8nes des produits.<\/p>\n<p>&nbsp;<\/p>\n<p>De plus en plus expos\u00e9s \u00e0 de nouveaux enjeux : Prise en compte des intol\u00e9rances et allergies alimentaires, des nouveaux modes de consommation, e-commerce, exigences de conformit\u00e9 ; les artisans doivent aujourd\u2019hui faire \u00e9voluer leurs pratiques pour accro\u00eetre leur rentabilit\u00e9.<\/p><\/div><\/div>[\/vc_tta_section][vc_tta_section title=&#8221;Objectifs et programme&#8221; tab_id=&#8221;1613985761837-fea28251-e85fbaa6-2e3e&#8221;]\n        <div class=\"rs-heading style2   \">\n        \t<div class=\"title-inner\">\n\t            \n\t            <h2 >OBJECTIFS ET PROGRAMME<\/h2>\n\t        <\/div><div class=\"description\"><p ><strong>OBJECTIFS :<\/strong><\/p>\n<p>&nbsp;<\/p>\n<p>&#8211; Ma\u00eetriser la r\u00e9glementation en mati\u00e8re d\u2019hygi\u00e8ne alimentaire<br \/>\n&#8211; Comprendre les enjeux de l\u2019\u00e9tiquetage en mati\u00e8re de s\u00e9curit\u00e9 alimentaire<br \/>\n&#8211; Savoir cr\u00e9er une \u00e9tiquette alimentaire conforme et une fiche technique produit fini<br \/>\n&#8211; Savoir calculer les valeurs nutritionnelles d\u2019un produit<\/p>\n<p>&nbsp;<\/p>\n<p><strong>PROGRAMME :<\/strong><\/p>\n<p>&nbsp;<\/p>\n<p><strong>Les fondamentaux du r\u00e8glement INCO :<\/strong><\/p>\n<p>Conna\u00eetre les mentions obligatoires<br \/>\n&#8211; Ma\u00eetriser les \u00e9l\u00e9ments requis sur une \u00e9tiquette.<\/p>\n<p>Lister les ingr\u00e9dients et ingr\u00e9dients d\u00e9compos\u00e9s<br \/>\n&#8211; Savoir r\u00e9diger une liste d\u2019ingr\u00e9dients conforme.<\/p>\n<p>Lister les allerg\u00e8nes<br \/>\n&#8211; Identifier et d\u00e9clarer clairement les allerg\u00e8nes dans un produit.<\/p>\n<p>Monter une \u00e9tiquette selon le type de vente<br \/>\n&#8211; Savoir adapter les mentions en fonction du mode de vente.<\/p>\n<p>&nbsp;<\/p>\n<p><strong>Approfondissement et pratique technique :<\/strong><\/p>\n<p>La fiche technique fournisseur<br \/>\n&#8211; Savoir extraire les informations utiles d\u2019une fiche technique mati\u00e8res premi\u00e8res.<\/p>\n<p>La fiche technique produit fini<br \/>\n&#8211; Construire une fiche compl\u00e8te \u00e0 partir des ingr\u00e9dients utilis\u00e9s.<\/p>\n<p>Le calcul des valeurs nutritionnelles<br \/>\n&#8211; Estimer les valeurs nutritionnelles d\u2019un produit fini \u00e0 partir des donn\u00e9es fournisseurs.<\/p>\n<p><strong>\u00a0<\/strong><\/p><\/div><\/div>[\/vc_tta_section][vc_tta_section title=&#8221;Dates de session&#8221; tab_id=&#8221;1613985756609-679eba8b-b957baa6-2e3e&#8221;][vc_empty_space]\n        <div class=\"rs-heading style2   \">\n        \t<div class=\"title-inner\">\n\t            \n\t            <h2 >Dates de session<\/h2>\n\t        <\/div><div class=\"description\"><p >Premi\u00e8re session : 07 &amp; 08 Octobre 2025<\/p>\n<p>Deuxi\u00e8me session : 03 &amp; 04 Mars 2026<\/p><\/div><\/div>[\/vc_tta_section][\/vc_tta_tabs][\/vc_column][\/vc_row][vc_row][vc_column][\/vc_column][\/vc_row]<\/p>\n","protected":false},"excerpt":{"rendered":"<p>[vc_row][vc_column][\/vc_column][\/vc_row][vc_row][vc_column width=&#8221;2\/3&#8243;][vc_single_image image=&#8221;713&#8243; img_size=&#8221;full&#8221;][vc_row_inner][vc_column_inner width=&#8221;1\/2&#8243;][vc_btn title=&#8221;T\u00e9l\u00e9chargez la fiche formation&#8221; style=&#8221;custom&#8221; custom_background=&#8221;#c41718&#8243; custom_text=&#8221;#ffffff&#8221; size=&#8221;lg&#8221; align=&#8221;center&#8221; button_block=&#8221;true&#8221; link=&#8221;url:https%3A%2F%2Fwww.ndpo.fr%2Fapp%2Fuploads%2Fsites%2F11%2F2025%2F09%2FFiches-Etiquetage-reglementaire-et-obligatoire.pdf||target:%20_blank|&#8221;][\/vc_column_inner][vc_column_inner width=&#8221;1\/2&#8243;][vc_btn title=&#8221;Contactez-nous !&#8221; style=&#8221;custom&#8221; custom_background=&#8221;#c41718&#8243; custom_text=&#8221;#ffffff&#8221; size=&#8221;lg&#8221; align=&#8221;center&#8221; button_block=&#8221;true&#8221; link=&#8221;url:https%3A%2F%2Fwww.ndpo.fr%2Fcfc%2Fcontact%2F||target:%20_blank|&#8221;][\/vc_column_inner][\/vc_row_inner][\/vc_column][vc_column width=&#8221;1\/3&#8243;][\/vc_column][\/vc_row][vc_row][vc_column][vc_tta_tabs][vc_tta_section title=&#8221;Description&#8230;<\/p>\n","protected":false},"author":4,"featured_media":0,"parent":0,"menu_order":0,"comment_status":"closed","ping_status":"closed","template":"","meta":{"footnotes":""},"class_list":["post-782","page","type-page","status-publish","hentry"],"_links":{"self":[{"href":"https:\/\/www.ndpo.fr\/cfc\/wp-json\/wp\/v2\/pages\/782","targetHints":{"allow":["GET"]}}],"collection":[{"href":"https:\/\/www.ndpo.fr\/cfc\/wp-json\/wp\/v2\/pages"}],"about":[{"href":"https:\/\/www.ndpo.fr\/cfc\/wp-json\/wp\/v2\/types\/page"}],"author":[{"embeddable":true,"href":"https:\/\/www.ndpo.fr\/cfc\/wp-json\/wp\/v2\/users\/4"}],"replies":[{"embeddable":true,"href":"https:\/\/www.ndpo.fr\/cfc\/wp-json\/wp\/v2\/comments?post=782"}],"version-history":[{"count":11,"href":"https:\/\/www.ndpo.fr\/cfc\/wp-json\/wp\/v2\/pages\/782\/revisions"}],"predecessor-version":[{"id":1088,"href":"https:\/\/www.ndpo.fr\/cfc\/wp-json\/wp\/v2\/pages\/782\/revisions\/1088"}],"wp:attachment":[{"href":"https:\/\/www.ndpo.fr\/cfc\/wp-json\/wp\/v2\/media?parent=782"}],"curies":[{"name":"wp","href":"https:\/\/api.w.org\/{rel}","templated":true}]}}

<p>[vc_row][vc_column]
        <div class="rs-heading style2   center">
        	<div class="title-inner">
	            
	            <h2 >ETIQUETAGE REGLEMENTAIRE ET OBLIGATOIRE</h2>
	        </div></div>[/vc_column][/vc_row][vc_row][vc_column width=&#8221;2/3&#8243;][vc_single_image image=&#8221;713&#8243; img_size=&#8221;full&#8221;][vc_row_inner][vc_column_inner width=&#8221;1/2&#8243;][vc_btn title=&#8221;Téléchargez la fiche formation&#8221; style=&#8221;custom&#8221; custom_background=&#8221;#c41718&#8243; custom_text=&#8221;#ffffff&#8221; size=&#8221;lg&#8221; align=&#8221;center&#8221; button_block=&#8221;true&#8221; link=&#8221;url:https%3A%2F%2Fwww.ndpo.fr%2Fapp%2Fuploads%2Fsites%2F11%2F2025%2F09%2FFiches-Etiquetage-reglementaire-et-obligatoire.pdf||target:%20_blank|&#8221;][/vc_column_inner][vc_column_inner width=&#8221;1/2&#8243;][vc_btn title=&#8221;Contactez-nous !&#8221; style=&#8221;custom&#8221; custom_background=&#8221;#c41718&#8243; custom_text=&#8221;#ffffff&#8221; size=&#8221;lg&#8221; align=&#8221;center&#8221; button_block=&#8221;true&#8221; link=&#8221;url:https%3A%2F%2Fwww.ndpo.fr%2Fcfc%2Fcontact%2F||target:%20_blank|&#8221;][/vc_column_inner][/vc_row_inner][/vc_column][vc_column width=&#8221;1/3&#8243;]
        <div class="rs-heading style1   ">
        	<div class="title-inner">
	            
	            <h2 >Public concerné</h2>
	        </div><div class="description"><p >Professionnels du secteur alimentaire</p></div></div>
        <div class="rs-heading style1   ">
        	<div class="title-inner">
	            
	            <h2 >Prérequis</h2>
	        </div><div class="description"><p >Cette formation ne nécessite aucun prérequis. Cependant, elle s’adresse aux professionnels commercialisant des produits alimentaires.</p></div></div>
        <div class="rs-heading style1   ">
        	<div class="title-inner">
	            
	            <h2 >MOYENS D’ENCADREMENT</h2>
	        </div><div class="description"><p >Madame Elia Hotois, formatrice sur l’étiquetage alimentaire et sa règlementation</p></div></div>[/vc_column][/vc_row][vc_row][vc_column][vc_tta_tabs][vc_tta_section title=&#8221;Description de la formation&#8221; tab_id=&#8221;1613985700420-b272efd7-2ae7baa6-2e3e&#8221;][vc_empty_space]
        <div class="rs-heading style2   ">
        	<div class="title-inner">
	            
	            <h2 >DESCRIPTION DE LA FORMATION</h2>
	        </div><div class="description"><p >La réglementation encadrant l’étiquetage alimentaire joue un rôle primordial.<br />
Entre transparence et protection de la santé des consommateurs, l’étiquette garantit la bonne information de tous sur la composition, la valeur nutritionnelle, l’origine et les allergènes des produits.</p>
<p>&nbsp;</p>
<p>De plus en plus exposés à de nouveaux enjeux : Prise en compte des intolérances et allergies alimentaires, des nouveaux modes de consommation, e-commerce, exigences de conformité ; les artisans doivent aujourd’hui faire évoluer leurs pratiques pour accroître leur rentabilité.</p></div></div>[/vc_tta_section][vc_tta_section title=&#8221;Objectifs et programme&#8221; tab_id=&#8221;1613985761837-fea28251-e85fbaa6-2e3e&#8221;]
        <div class="rs-heading style2   ">
        	<div class="title-inner">
	            
	            <h2 >OBJECTIFS ET PROGRAMME</h2>
	        </div><div class="description"><p ><strong>OBJECTIFS :</strong></p>
<p>&nbsp;</p>
<p>&#8211; Maîtriser la réglementation en matière d’hygiène alimentaire<br />
&#8211; Comprendre les enjeux de l’étiquetage en matière de sécurité alimentaire<br />
&#8211; Savoir créer une étiquette alimentaire conforme et une fiche technique produit fini<br />
&#8211; Savoir calculer les valeurs nutritionnelles d’un produit</p>
<p>&nbsp;</p>
<p><strong>PROGRAMME :</strong></p>
<p>&nbsp;</p>
<p><strong>Les fondamentaux du règlement INCO :</strong></p>
<p>Connaître les mentions obligatoires<br />
&#8211; Maîtriser les éléments requis sur une étiquette.</p>
<p>Lister les ingrédients et ingrédients décomposés<br />
&#8211; Savoir rédiger une liste d’ingrédients conforme.</p>
<p>Lister les allergènes<br />
&#8211; Identifier et déclarer clairement les allergènes dans un produit.</p>
<p>Monter une étiquette selon le type de vente<br />
&#8211; Savoir adapter les mentions en fonction du mode de vente.</p>
<p>&nbsp;</p>
<p><strong>Approfondissement et pratique technique :</strong></p>
<p>La fiche technique fournisseur<br />
&#8211; Savoir extraire les informations utiles d’une fiche technique matières premières.</p>
<p>La fiche technique produit fini<br />
&#8211; Construire une fiche complète à partir des ingrédients utilisés.</p>
<p>Le calcul des valeurs nutritionnelles<br />
&#8211; Estimer les valeurs nutritionnelles d’un produit fini à partir des données fournisseurs.</p>
<p><strong> </strong></p></div></div>[/vc_tta_section][vc_tta_section title=&#8221;Dates de session&#8221; tab_id=&#8221;1613985756609-679eba8b-b957baa6-2e3e&#8221;][vc_empty_space]
        <div class="rs-heading style2   ">
        	<div class="title-inner">
	            
	            <h2 >Dates de session</h2>
	        </div><div class="description"><p >Première session : 07 &amp; 08 Octobre 2025</p>
<p>Deuxième session : 03 &amp; 04 Mars 2026</p></div></div>[/vc_tta_section][/vc_tta_tabs][/vc_column][/vc_row][vc_row][vc_column][/vc_column][/vc_row]</p>

<p>[vc_row][vc_column][/vc_column][/vc_row][vc_row][vc_column width=&#8221;2/3&#8243;][vc_single_image image=&#8221;713&#8243; img_size=&#8221;full&#8221;][vc_row_inner][vc_column_inner width=&#8221;1/2&#8243;][vc_btn title=&#8221;Téléchargez la fiche formation&#8221; style=&#8221;custom&#8221; custom_background=&#8221;#c41718&#8243; custom_text=&#8221;#ffffff&#8221; size=&#8221;lg&#8221; align=&#8221;center&#8221; button_block=&#8221;true&#8221; link=&#8221;url:https%3A%2F%2Fwww.ndpo.fr%2Fapp%2Fuploads%2Fsites%2F11%2F2025%2F09%2FFiches-Etiquetage-reglementaire-et-obligatoire.pdf||target:%20_blank|&#8221;][/vc_column_inner][vc_column_inner width=&#8221;1/2&#8243;][vc_btn title=&#8221;Contactez-nous !&#8221; style=&#8221;custom&#8221; custom_background=&#8221;#c41718&#8243; custom_text=&#8221;#ffffff&#8221; size=&#8221;lg&#8221; align=&#8221;center&#8221; button_block=&#8221;true&#8221; link=&#8221;url:https%3A%2F%2Fwww.ndpo.fr%2Fcfc%2Fcontact%2F||target:%20_blank|&#8221;][/vc_column_inner][/vc_row_inner][/vc_column][vc_column width=&#8221;1/3&#8243;][/vc_column][/vc_row][vc_row][vc_column][vc_tta_tabs][vc_tta_section title=&#8221;Description&#8230;</p>
