{"id":802,"date":"2025-09-22T14:58:02","date_gmt":"2025-09-22T12:58:02","guid":{"rendered":"https:\/\/www.ndpo.fr\/cfc\/?page_id=802"},"modified":"2026-02-03T09:48:49","modified_gmt":"2026-02-03T08:48:49","slug":"certificat-voltaire-niveau-professionnel","status":"publish","type":"page","link":"https:\/\/www.ndpo.fr\/cfc\/certificat-voltaire-niveau-professionnel\/","title":{"rendered":"CERTIFICAT VOLTAIRE &#8211; NIVEAU PROFESSIONNEL"},"content":{"rendered":"<p>[vc_row][vc_column]\n        <div class=\"rs-heading style2   center\">\n        \t<div class=\"title-inner\">\n\t            \n\t            <h2 >CERTIFICAT VOLTAIRE - NIVEAU PROFESSIONNEL<\/h2>\n\t        <\/div><\/div>[\/vc_column][\/vc_row][vc_row][vc_column width=&#8221;2\/3&#8243;][vc_single_image image=&#8221;578&#8243; img_size=&#8221;full&#8221;][vc_row_inner][vc_column_inner width=&#8221;1\/2&#8243;][vc_btn title=&#8221;T\u00e9l\u00e9chargez la fiche formation&#8221; style=&#8221;custom&#8221; custom_background=&#8221;#c41718&#8243; custom_text=&#8221;#ffffff&#8221; size=&#8221;lg&#8221; align=&#8221;center&#8221; button_block=&#8221;true&#8221; link=&#8221;url:https%3A%2F%2Fwww.ndpo.fr%2Fapp%2Fuploads%2Fsites%2F11%2F2025%2F09%2FFiches-Certification-Voltaire.pdf||target:%20_blank|&#8221;][\/vc_column_inner][vc_column_inner width=&#8221;1\/2&#8243;][vc_btn title=&#8221;Contactez-nous !&#8221; style=&#8221;custom&#8221; custom_background=&#8221;#c41718&#8243; custom_text=&#8221;#ffffff&#8221; size=&#8221;lg&#8221; align=&#8221;center&#8221; button_block=&#8221;true&#8221; link=&#8221;url:https%3A%2F%2Fwww.ndpo.fr%2Fcfc%2Fcontact%2F||target:%20_blank|&#8221;][\/vc_column_inner][\/vc_row_inner][vc_row_inner][vc_column_inner width=&#8221;1\/2&#8243;][vc_single_image image=&#8221;817&#8243; img_size=&#8221;medium&#8221; alignment=&#8221;center&#8221; css_animation=&#8221;fadeInDown&#8221;][\/vc_column_inner][vc_column_inner width=&#8221;1\/2&#8243;][vc_single_image image=&#8221;818&#8243; img_size=&#8221;medium&#8221; alignment=&#8221;center&#8221; css_animation=&#8221;fadeInDown&#8221;][\/vc_column_inner][\/vc_row_inner][\/vc_column][vc_column width=&#8221;1\/3&#8243;]\n        <div class=\"rs-heading style1   \">\n        \t<div class=\"title-inner\">\n\t            \n\t            <h2 >Public concern\u00e9<\/h2>\n\t        <\/div><div class=\"description\"><p >Salari\u00e9s et demandeurs d\u2019emploi souhaitant perfectionner la maitr\u00eese du fran\u00e7ais<br \/>\net de l\u2019orthographe.<\/p><\/div><\/div>\n        <div class=\"rs-heading style1   \">\n        \t<div class=\"title-inner\">\n\t            \n\t            <h2 >Pr\u00e9requis<\/h2>\n\t        <\/div><div class=\"description\"><p >&#8211; Ne pas \u00eatre en situation d\u2019illettrisme ou d\u2019analphab\u00e9tisme<br \/>\n&#8211; Le niveau B2 est requis pour tous les stagiaires FLE (suivant les niveaux du CECRL)<br \/>\n&#8211; N\u00e9cessit\u00e9 d\u2019obtenir un minimum de 30% au test d\u2019entr\u00e9e.<\/p><\/div><\/div>\n        <div class=\"rs-heading style1   \">\n        \t<div class=\"title-inner\">\n\t            \n\t            <h2 >MOYENS D\u2019ENCADREMENT<\/h2>\n\t        <\/div><div class=\"description\"><p >&#8211; Formateur\/trice en lettres<br \/>\n&#8211; Expert\/e en techniques de communication interne et de recrutement<\/p>\n<p>Les formateurs encadrent et animent la formation en pr\u00e9sentiel<\/p><\/div><\/div>[\/vc_column][\/vc_row][vc_row][vc_column][vc_tta_tabs][vc_tta_section title=&#8221;Description de la formation&#8221; tab_id=&#8221;1613985700420-b272efd7-2ae7baa6-2e3e&#8221;][vc_empty_space]\n        <div class=\"rs-heading style2   \">\n        \t<div class=\"title-inner\">\n\t            \n\t            <h2 >DESCRIPTION DE LA FORMATION<\/h2>\n\t        <\/div><div class=\"description\"><p ><strong>Am\u00e9liorer son orthographe et son expression \u00e9crite en langue fran\u00e7aise pour renforcer son efficacit\u00e9 en milieu professionnel.<\/strong><br \/>\n<strong>Pr\u00e9paration au Certificat Voltaire.<\/strong><\/p>\n<p>&nbsp;<\/p>\n<p>La ma\u00eetrise du fran\u00e7ais est un \u00e9l\u00e9ment fondamental pour l\u2019embauche et la r\u00e9ussite professionnelle.<br \/>\nDe nombreux candidats se retrouvent \u00e9cart\u00e9s si leur CV contient des fautes ou s\u2019ils peinent \u00e0 s\u2019exprimer lors d\u2019un entretien. De m\u00eame, les promotions sont plus difficiles \u00e0 obtenir lorsque l\u2019on \u00e9prouve des difficult\u00e9s \u00e0 parler ou \u00e0 \u00e9crire le fran\u00e7ais correctement.<br \/>\nLes formations de remise \u00e0 niveau en orthographe sont donc essentielles et pris\u00e9es \u00e0 la fois par les salari\u00e9s et les entreprises.<\/p><\/div><\/div>[\/vc_tta_section][vc_tta_section title=&#8221;Objectifs et programme&#8221; tab_id=&#8221;1613985761837-fea28251-e85fbaa6-2e3e&#8221;]\n        <div class=\"rs-heading style2   \">\n        \t<div class=\"title-inner\">\n\t            \n\t            <h2 >OBJECTIFS ET PROGRAMME<\/h2>\n\t        <\/div><div class=\"description\"><p ><strong>OBJECTIFS :<\/strong><\/p>\n<p>&nbsp;<\/p>\n<p>&#8211; Consolider les bases de l\u2019orthographe et de la grammaire pour r\u00e9diger des \u00e9crits professionnels sans fautes<br \/>\n&#8211; Ma\u00eetriser les principales r\u00e8gles pour structurer son propos<br \/>\n&#8211; Acqu\u00e9rir des automatismes d\u2019autocorrection<br \/>\n&#8211; \u00catre concis dans ses \u00e9changes, gagner en confiance et en cr\u00e9dibilit\u00e9.<br \/>\n&#8211; Atteindre le niveau professionnel (ou sup\u00e9rieur) du Certificat Voltaire,<br \/>\nen orthographe : score vis\u00e9 : 500 pts (sur 900) : Orthographe professionnel en r\u00e9daction : niveau vis\u00e9 : Niveau 5 (sur 900) : R\u00e9dactionnel professionnel<br \/>\n&#8211; Respecter les r\u00e8gles orthographiques des mots du lexique professionnel<br \/>\n&#8211; Conjuguer et accorder les verbes<br \/>\n&#8211; Accorder de fa\u00e7on coh\u00e9rente les \u00e9l\u00e9ments compris dans un groupe nominal<br \/>\n&#8211; Diff\u00e9rencier les paronymes du lexique professionnel et choisir le bon mot selon le contexte<br \/>\n&#8211; \u00c9crire correctement les homophones grammaticaux et lexicaux<br \/>\n&#8211; Savoir corriger et retranscrire des \u00e9crits selon le contexte<\/p>\n<p>&nbsp;<\/p>\n<p><strong>PROGRAMME :<\/strong><\/p>\n<ul>\n<li>Module 1 : R\u00e9vision des fondamentaux et ma\u00eetrise des r\u00e8gles essentielles de l\u2019orthographe et de la grammaire (6h)<\/li>\n<li>Module 2 : Ma\u00eetriser les r\u00e8gles de la conjugaison (7h)<\/li>\n<li>Module 3 : Ma\u00eetriser les techniques de la relecture et de la correction (7h)<\/li>\n<li>Module 4 : Perfectionner et am\u00e9liorer la qualit\u00e9 r\u00e9dactionnelle de ses \u00e9crits professionnels (4h)<\/li>\n<li>Module 5 : Adapter son \u00e9criture au format (3h)<\/li>\n<li>Passage du Certificat Voltaire (3h)<\/li>\n<\/ul>\n<p><\/p><\/div><\/div>[\/vc_tta_section][vc_tta_section title=&#8221;Dates de session&#8221; tab_id=&#8221;1613985756609-679eba8b-b957baa6-2e3e&#8221;][vc_empty_space]\n        <div class=\"rs-heading style2   \">\n        \t<div class=\"title-inner\">\n\t            \n\t            <h2 >Dates de session<\/h2>\n\t        <\/div><div class=\"description\"><p ><span style=\"color: #c41718; font-weight: bold;\">Session 2025-2026<\/span>\u00a0: les 16 et 17 f\u00e9vrier 2026 ; les 13 et 14 avril 2026 et le\u00a021 avril 2026<\/p><\/div><\/div>[\/vc_tta_section][vc_tta_section title=&#8221;Financement&#8221; tab_id=&#8221;1758549417199-a39e59ce-e0f4&#8243;][vc_empty_space]\n        <div class=\"rs-heading    \">\n        \t<div class=\"title-inner\">\n\t            \n\t            \n\t        <\/div><div class=\"description\"><p ><strong><u>FINANCEMENT<\/u><\/strong><\/p>\n<p>&nbsp;<\/p>\n<p>La formation \u00ab Certificat Voltaire \u2013 niveau professionnel \u00bb est \u00e9ligible au financement par CPF (compte personnel de formation).<\/p>\n<p>Participation forfaitaire obligatoire, \u00e0 la charge du stagiaire : <strong>103,20 \u20ac<\/strong> (montant revaloris\u00e9 par l\u2019arr\u00eat\u00e9 du 30\/12\/25 pour la participation 2026).<\/p><\/div><\/div>[vc_row_inner][vc_column_inner width=&#8221;1\/3&#8243;][vc_btn title=&#8221;Notre offre r\u00e9serv\u00e9e aux \u00e9tudiants&#8221; style=&#8221;custom&#8221; custom_background=&#8221;#c41718&#8243; custom_text=&#8221;#ffffff&#8221; align=&#8221;center&#8221; button_block=&#8221;true&#8221; link=&#8221;url:https%3A%2F%2Fwww.moncompteformation.gouv.fr%2Fespace-prive%2Fhtml%2F%23%2Fformation%2Frecherche%2F78376528200026_VOL7113-NDPO%2F78376528200026_VOL7113-NDPO%3FcontexteFormation%3DACTIVITE_PROFESSIONNELLE%20||target:%20_blank|&#8221;][\/vc_column_inner][vc_column_inner width=&#8221;1\/3&#8243;][vc_btn title=&#8221;Notre offre grand public&#8221; style=&#8221;custom&#8221; custom_background=&#8221;#c41718&#8243; custom_text=&#8221;#ffffff&#8221; align=&#8221;center&#8221; button_block=&#8221;true&#8221; link=&#8221;||target:%20_blank|&#8221;][\/vc_column_inner][vc_column_inner width=&#8221;1\/3&#8243;][vc_btn title=&#8221;Comprendre le reste \u00e0 charge&#8221; style=&#8221;custom&#8221; custom_background=&#8221;#c41718&#8243; custom_text=&#8221;#ffffff&#8221; align=&#8221;center&#8221; button_block=&#8221;true&#8221; link=&#8221;url:https%3A%2F%2Fwww.moncompteformation.gouv.fr%2Fespace-public%2Fje-ne-comprends-pas-pourquoi-jai-un-reste-payer%20||target:%20_blank|&#8221;][\/vc_column_inner][\/vc_row_inner][\/vc_tta_section][\/vc_tta_tabs][\/vc_column][\/vc_row][vc_row][vc_column width=&#8221;1\/2&#8243;][vc_btn title=&#8221;Acc\u00e9der \u00e0 la fiche France Comp\u00e9tences&#8221; style=&#8221;custom&#8221; custom_background=&#8221;#c41718&#8243; custom_text=&#8221;#ffffff&#8221; size=&#8221;lg&#8221; align=&#8221;center&#8221; button_block=&#8221;true&#8221; link=&#8221;url:https%3A%2F%2Fwww.francecompetences.fr%2Frecherche%2Frs%2F7113%2F|title:Acc%C3%A9der%20%C3%A0%20la%20fiche%20France%20Comp%C3%A9tences|target:%20_blank|&#8221;][\/vc_column][vc_column width=&#8221;1\/2&#8243;][vc_btn title=&#8221;Acc\u00e9der au r\u00e9f\u00e9rentiel de formation&#8221; style=&#8221;custom&#8221; custom_background=&#8221;#c41718&#8243; custom_text=&#8221;#ffffff&#8221; size=&#8221;lg&#8221; align=&#8221;center&#8221; button_block=&#8221;true&#8221; link=&#8221;url:file%3A%2F%2F%2FC%3A%2FUsers%2Frlips%2FDownloads%2FR%25C3%25A9f%25C3%25A9rentiel%2520Comp%25C3%25A9tences%2520et%2520%25C3%2589valuation_Certificat%2520Voltaire_2024-5.pdf|title:Acc%C3%A9der%20au%20r%C3%A9f%C3%A9rentiel%20de%20formation|target:%20_blank|&#8221;][\/vc_column][\/vc_row]<\/p>\n","protected":false},"excerpt":{"rendered":"<p>[vc_row][vc_column][\/vc_column][\/vc_row][vc_row][vc_column width=&#8221;2\/3&#8243;][vc_single_image image=&#8221;578&#8243; img_size=&#8221;full&#8221;][vc_row_inner][vc_column_inner width=&#8221;1\/2&#8243;][vc_btn title=&#8221;T\u00e9l\u00e9chargez la fiche formation&#8221; style=&#8221;custom&#8221; custom_background=&#8221;#c41718&#8243; custom_text=&#8221;#ffffff&#8221; size=&#8221;lg&#8221; align=&#8221;center&#8221; button_block=&#8221;true&#8221; link=&#8221;url:https%3A%2F%2Fwww.ndpo.fr%2Fapp%2Fuploads%2Fsites%2F11%2F2025%2F09%2FFiches-Certification-Voltaire.pdf||target:%20_blank|&#8221;][\/vc_column_inner][vc_column_inner width=&#8221;1\/2&#8243;][vc_btn title=&#8221;Contactez-nous !&#8221; style=&#8221;custom&#8221; custom_background=&#8221;#c41718&#8243; custom_text=&#8221;#ffffff&#8221; size=&#8221;lg&#8221; align=&#8221;center&#8221; button_block=&#8221;true&#8221; link=&#8221;url:https%3A%2F%2Fwww.ndpo.fr%2Fcfc%2Fcontact%2F||target:%20_blank|&#8221;][\/vc_column_inner][\/vc_row_inner][vc_row_inner][vc_column_inner width=&#8221;1\/2&#8243;][vc_single_image image=&#8221;817&#8243;&#8230;<\/p>\n","protected":false},"author":4,"featured_media":0,"parent":0,"menu_order":0,"comment_status":"closed","ping_status":"closed","template":"","meta":{"footnotes":""},"class_list":["post-802","page","type-page","status-publish","hentry"],"_links":{"self":[{"href":"https:\/\/www.ndpo.fr\/cfc\/wp-json\/wp\/v2\/pages\/802","targetHints":{"allow":["GET"]}}],"collection":[{"href":"https:\/\/www.ndpo.fr\/cfc\/wp-json\/wp\/v2\/pages"}],"about":[{"href":"https:\/\/www.ndpo.fr\/cfc\/wp-json\/wp\/v2\/types\/page"}],"author":[{"embeddable":true,"href":"https:\/\/www.ndpo.fr\/cfc\/wp-json\/wp\/v2\/users\/4"}],"replies":[{"embeddable":true,"href":"https:\/\/www.ndpo.fr\/cfc\/wp-json\/wp\/v2\/comments?post=802"}],"version-history":[{"count":22,"href":"https:\/\/www.ndpo.fr\/cfc\/wp-json\/wp\/v2\/pages\/802\/revisions"}],"predecessor-version":[{"id":1137,"href":"https:\/\/www.ndpo.fr\/cfc\/wp-json\/wp\/v2\/pages\/802\/revisions\/1137"}],"wp:attachment":[{"href":"https:\/\/www.ndpo.fr\/cfc\/wp-json\/wp\/v2\/media?parent=802"}],"curies":[{"name":"wp","href":"https:\/\/api.w.org\/{rel}","templated":true}]}}

<p>[vc_row][vc_column]
        <div class="rs-heading style2   center">
        	<div class="title-inner">
	            
	            <h2 >CERTIFICAT VOLTAIRE - NIVEAU PROFESSIONNEL</h2>
	        </div></div>[/vc_column][/vc_row][vc_row][vc_column width=&#8221;2/3&#8243;][vc_single_image image=&#8221;578&#8243; img_size=&#8221;full&#8221;][vc_row_inner][vc_column_inner width=&#8221;1/2&#8243;][vc_btn title=&#8221;Téléchargez la fiche formation&#8221; style=&#8221;custom&#8221; custom_background=&#8221;#c41718&#8243; custom_text=&#8221;#ffffff&#8221; size=&#8221;lg&#8221; align=&#8221;center&#8221; button_block=&#8221;true&#8221; link=&#8221;url:https%3A%2F%2Fwww.ndpo.fr%2Fapp%2Fuploads%2Fsites%2F11%2F2025%2F09%2FFiches-Certification-Voltaire.pdf||target:%20_blank|&#8221;][/vc_column_inner][vc_column_inner width=&#8221;1/2&#8243;][vc_btn title=&#8221;Contactez-nous !&#8221; style=&#8221;custom&#8221; custom_background=&#8221;#c41718&#8243; custom_text=&#8221;#ffffff&#8221; size=&#8221;lg&#8221; align=&#8221;center&#8221; button_block=&#8221;true&#8221; link=&#8221;url:https%3A%2F%2Fwww.ndpo.fr%2Fcfc%2Fcontact%2F||target:%20_blank|&#8221;][/vc_column_inner][/vc_row_inner][vc_row_inner][vc_column_inner width=&#8221;1/2&#8243;][vc_single_image image=&#8221;817&#8243; img_size=&#8221;medium&#8221; alignment=&#8221;center&#8221; css_animation=&#8221;fadeInDown&#8221;][/vc_column_inner][vc_column_inner width=&#8221;1/2&#8243;][vc_single_image image=&#8221;818&#8243; img_size=&#8221;medium&#8221; alignment=&#8221;center&#8221; css_animation=&#8221;fadeInDown&#8221;][/vc_column_inner][/vc_row_inner][/vc_column][vc_column width=&#8221;1/3&#8243;]
        <div class="rs-heading style1   ">
        	<div class="title-inner">
	            
	            <h2 >Public concerné</h2>
	        </div><div class="description"><p >Salariés et demandeurs d’emploi souhaitant perfectionner la maitrîse du français<br />
et de l’orthographe.</p></div></div>
        <div class="rs-heading style1   ">
        	<div class="title-inner">
	            
	            <h2 >Prérequis</h2>
	        </div><div class="description"><p >&#8211; Ne pas être en situation d’illettrisme ou d’analphabétisme<br />
&#8211; Le niveau B2 est requis pour tous les stagiaires FLE (suivant les niveaux du CECRL)<br />
&#8211; Nécessité d’obtenir un minimum de 30% au test d’entrée.</p></div></div>
        <div class="rs-heading style1   ">
        	<div class="title-inner">
	            
	            <h2 >MOYENS D’ENCADREMENT</h2>
	        </div><div class="description"><p >&#8211; Formateur/trice en lettres<br />
&#8211; Expert/e en techniques de communication interne et de recrutement</p>
<p>Les formateurs encadrent et animent la formation en présentiel</p></div></div>[/vc_column][/vc_row][vc_row][vc_column][vc_tta_tabs][vc_tta_section title=&#8221;Description de la formation&#8221; tab_id=&#8221;1613985700420-b272efd7-2ae7baa6-2e3e&#8221;][vc_empty_space]
        <div class="rs-heading style2   ">
        	<div class="title-inner">
	            
	            <h2 >DESCRIPTION DE LA FORMATION</h2>
	        </div><div class="description"><p ><strong>Améliorer son orthographe et son expression écrite en langue française pour renforcer son efficacité en milieu professionnel.</strong><br />
<strong>Préparation au Certificat Voltaire.</strong></p>
<p>&nbsp;</p>
<p>La maîtrise du français est un élément fondamental pour l’embauche et la réussite professionnelle.<br />
De nombreux candidats se retrouvent écartés si leur CV contient des fautes ou s’ils peinent à s’exprimer lors d’un entretien. De même, les promotions sont plus difficiles à obtenir lorsque l’on éprouve des difficultés à parler ou à écrire le français correctement.<br />
Les formations de remise à niveau en orthographe sont donc essentielles et prisées à la fois par les salariés et les entreprises.</p></div></div>[/vc_tta_section][vc_tta_section title=&#8221;Objectifs et programme&#8221; tab_id=&#8221;1613985761837-fea28251-e85fbaa6-2e3e&#8221;]
        <div class="rs-heading style2   ">
        	<div class="title-inner">
	            
	            <h2 >OBJECTIFS ET PROGRAMME</h2>
	        </div><div class="description"><p ><strong>OBJECTIFS :</strong></p>
<p>&nbsp;</p>
<p>&#8211; Consolider les bases de l’orthographe et de la grammaire pour rédiger des écrits professionnels sans fautes<br />
&#8211; Maîtriser les principales règles pour structurer son propos<br />
&#8211; Acquérir des automatismes d’autocorrection<br />
&#8211; Être concis dans ses échanges, gagner en confiance et en crédibilité.<br />
&#8211; Atteindre le niveau professionnel (ou supérieur) du Certificat Voltaire,<br />
en orthographe : score visé : 500 pts (sur 900) : Orthographe professionnel en rédaction : niveau visé : Niveau 5 (sur 900) : Rédactionnel professionnel<br />
&#8211; Respecter les règles orthographiques des mots du lexique professionnel<br />
&#8211; Conjuguer et accorder les verbes<br />
&#8211; Accorder de façon cohérente les éléments compris dans un groupe nominal<br />
&#8211; Différencier les paronymes du lexique professionnel et choisir le bon mot selon le contexte<br />
&#8211; Écrire correctement les homophones grammaticaux et lexicaux<br />
&#8211; Savoir corriger et retranscrire des écrits selon le contexte</p>
<p>&nbsp;</p>
<p><strong>PROGRAMME :</strong></p>
<ul>
<li>Module 1 : Révision des fondamentaux et maîtrise des règles essentielles de l’orthographe et de la grammaire (6h)</li>
<li>Module 2 : Maîtriser les règles de la conjugaison (7h)</li>
<li>Module 3 : Maîtriser les techniques de la relecture et de la correction (7h)</li>
<li>Module 4 : Perfectionner et améliorer la qualité rédactionnelle de ses écrits professionnels (4h)</li>
<li>Module 5 : Adapter son écriture au format (3h)</li>
<li>Passage du Certificat Voltaire (3h)</li>
</ul>
<p></p></div></div>[/vc_tta_section][vc_tta_section title=&#8221;Dates de session&#8221; tab_id=&#8221;1613985756609-679eba8b-b957baa6-2e3e&#8221;][vc_empty_space]
        <div class="rs-heading style2   ">
        	<div class="title-inner">
	            
	            <h2 >Dates de session</h2>
	        </div><div class="description"><p ><span style="color: #c41718; font-weight: bold;">Session 2025-2026</span> : les 16 et 17 février 2026 ; les 13 et 14 avril 2026 et le 21 avril 2026</p></div></div>[/vc_tta_section][vc_tta_section title=&#8221;Financement&#8221; tab_id=&#8221;1758549417199-a39e59ce-e0f4&#8243;][vc_empty_space]
        <div class="rs-heading    ">
        	<div class="title-inner">
	            
	            
	        </div><div class="description"><p ><strong><u>FINANCEMENT</u></strong></p>
<p>&nbsp;</p>
<p>La formation « Certificat Voltaire – niveau professionnel » est éligible au financement par CPF (compte personnel de formation).</p>
<p>Participation forfaitaire obligatoire, à la charge du stagiaire : <strong>103,20 €</strong> (montant revalorisé par l’arrêté du 30/12/25 pour la participation 2026).</p></div></div>[vc_row_inner][vc_column_inner width=&#8221;1/3&#8243;][vc_btn title=&#8221;Notre offre réservée aux étudiants&#8221; style=&#8221;custom&#8221; custom_background=&#8221;#c41718&#8243; custom_text=&#8221;#ffffff&#8221; align=&#8221;center&#8221; button_block=&#8221;true&#8221; link=&#8221;url:https%3A%2F%2Fwww.moncompteformation.gouv.fr%2Fespace-prive%2Fhtml%2F%23%2Fformation%2Frecherche%2F78376528200026_VOL7113-NDPO%2F78376528200026_VOL7113-NDPO%3FcontexteFormation%3DACTIVITE_PROFESSIONNELLE%20||target:%20_blank|&#8221;][/vc_column_inner][vc_column_inner width=&#8221;1/3&#8243;][vc_btn title=&#8221;Notre offre grand public&#8221; style=&#8221;custom&#8221; custom_background=&#8221;#c41718&#8243; custom_text=&#8221;#ffffff&#8221; align=&#8221;center&#8221; button_block=&#8221;true&#8221; link=&#8221;||target:%20_blank|&#8221;][/vc_column_inner][vc_column_inner width=&#8221;1/3&#8243;][vc_btn title=&#8221;Comprendre le reste à charge&#8221; style=&#8221;custom&#8221; custom_background=&#8221;#c41718&#8243; custom_text=&#8221;#ffffff&#8221; align=&#8221;center&#8221; button_block=&#8221;true&#8221; link=&#8221;url:https%3A%2F%2Fwww.moncompteformation.gouv.fr%2Fespace-public%2Fje-ne-comprends-pas-pourquoi-jai-un-reste-payer%20||target:%20_blank|&#8221;][/vc_column_inner][/vc_row_inner][/vc_tta_section][/vc_tta_tabs][/vc_column][/vc_row][vc_row][vc_column width=&#8221;1/2&#8243;][vc_btn title=&#8221;Accéder à la fiche France Compétences&#8221; style=&#8221;custom&#8221; custom_background=&#8221;#c41718&#8243; custom_text=&#8221;#ffffff&#8221; size=&#8221;lg&#8221; align=&#8221;center&#8221; button_block=&#8221;true&#8221; link=&#8221;url:https%3A%2F%2Fwww.francecompetences.fr%2Frecherche%2Frs%2F7113%2F|title:Acc%C3%A9der%20%C3%A0%20la%20fiche%20France%20Comp%C3%A9tences|target:%20_blank|&#8221;][/vc_column][vc_column width=&#8221;1/2&#8243;][vc_btn title=&#8221;Accéder au référentiel de formation&#8221; style=&#8221;custom&#8221; custom_background=&#8221;#c41718&#8243; custom_text=&#8221;#ffffff&#8221; size=&#8221;lg&#8221; align=&#8221;center&#8221; button_block=&#8221;true&#8221; link=&#8221;url:file%3A%2F%2F%2FC%3A%2FUsers%2Frlips%2FDownloads%2FR%25C3%25A9f%25C3%25A9rentiel%2520Comp%25C3%25A9tences%2520et%2520%25C3%2589valuation_Certificat%2520Voltaire_2024-5.pdf|title:Acc%C3%A9der%20au%20r%C3%A9f%C3%A9rentiel%20de%20formation|target:%20_blank|&#8221;][/vc_column][/vc_row]</p>

<p>[vc_row][vc_column][/vc_column][/vc_row][vc_row][vc_column width=&#8221;2/3&#8243;][vc_single_image image=&#8221;578&#8243; img_size=&#8221;full&#8221;][vc_row_inner][vc_column_inner width=&#8221;1/2&#8243;][vc_btn title=&#8221;Téléchargez la fiche formation&#8221; style=&#8221;custom&#8221; custom_background=&#8221;#c41718&#8243; custom_text=&#8221;#ffffff&#8221; size=&#8221;lg&#8221; align=&#8221;center&#8221; button_block=&#8221;true&#8221; link=&#8221;url:https%3A%2F%2Fwww.ndpo.fr%2Fapp%2Fuploads%2Fsites%2F11%2F2025%2F09%2FFiches-Certification-Voltaire.pdf||target:%20_blank|&#8221;][/vc_column_inner][vc_column_inner width=&#8221;1/2&#8243;][vc_btn title=&#8221;Contactez-nous !&#8221; style=&#8221;custom&#8221; custom_background=&#8221;#c41718&#8243; custom_text=&#8221;#ffffff&#8221; size=&#8221;lg&#8221; align=&#8221;center&#8221; button_block=&#8221;true&#8221; link=&#8221;url:https%3A%2F%2Fwww.ndpo.fr%2Fcfc%2Fcontact%2F||target:%20_blank|&#8221;][/vc_column_inner][/vc_row_inner][vc_row_inner][vc_column_inner width=&#8221;1/2&#8243;][vc_single_image image=&#8221;817&#8243;&#8230;</p>
