{"id":842,"date":"2025-09-30T14:53:17","date_gmt":"2025-09-30T12:53:17","guid":{"rendered":"https:\/\/www.ndpo.fr\/cfc\/?page_id=842"},"modified":"2026-02-02T11:08:42","modified_gmt":"2026-02-02T10:08:42","slug":"formation-mac-sst-2","status":"publish","type":"page","link":"https:\/\/www.ndpo.fr\/cfc\/formation-mac-sst-2\/","title":{"rendered":"FORMATION MAC SST"},"content":{"rendered":"<p>[vc_row][vc_column]\n        <div class=\"rs-heading style2   center\">\n        \t<div class=\"title-inner\">\n\t            \n\t            <h2 >Formation M.A.C. S.S.T.<\/h2>\n\t        <\/div><\/div>[\/vc_column][\/vc_row][vc_row][vc_column width=&#8221;2\/3&#8243;][vc_single_image image=&#8221;587&#8243; img_size=&#8221;full&#8221;][vc_row_inner][vc_column_inner width=&#8221;1\/2&#8243;][vc_btn title=&#8221;T\u00e9l\u00e9chargez la fiche formation&#8221; style=&#8221;custom&#8221; custom_background=&#8221;#c41718&#8243; custom_text=&#8221;#ffffff&#8221; size=&#8221;lg&#8221; align=&#8221;center&#8221; button_block=&#8221;true&#8221; link=&#8221;url:https%3A%2F%2Fwww.ndpo.fr%2Fapp%2Fuploads%2Fsites%2F11%2F2026%2F01%2FFiches-MAC-SST.pdf|title:FORMATION%20M.A.C.%20S.S.T.|target:%20_blank|&#8221;][\/vc_column_inner][vc_column_inner width=&#8221;1\/2&#8243;][vc_btn title=&#8221;Contactez-nous !&#8221; style=&#8221;custom&#8221; custom_background=&#8221;#c41718&#8243; custom_text=&#8221;#ffffff&#8221; size=&#8221;lg&#8221; align=&#8221;center&#8221; button_block=&#8221;true&#8221; link=&#8221;url:https%3A%2F%2Fwww.ndpo.fr%2Fcfc%2Fcontact%2F||target:%20_blank|&#8221;][\/vc_column_inner][\/vc_row_inner][\/vc_column][vc_column width=&#8221;1\/3&#8243;]\n        <div class=\"rs-heading style1   \">\n        \t<div class=\"title-inner\">\n\t            \n\t            <h2 >Public concern\u00e9<\/h2>\n\t        <\/div><div class=\"description\"><p >Tout S.S.T. (Sauveteur Secouriste du Travail) CERTIFI\u00c9 souhaitant prolonger la validit\u00e9 de son certificat.<\/p><\/div><\/div>\n        <div class=\"rs-heading style1   \">\n        \t<div class=\"title-inner\">\n\t            \n\t            <h2 >Pr\u00e9requis<\/h2>\n\t        <\/div><div class=\"description\"><p >\u00catre titulaire du certificat S.S.T. \u00e0 jour (d\u00e9lai de validit\u00e9 de 2 ans)<\/p><\/div><\/div>\n        <div class=\"rs-heading style1   \">\n        \t<div class=\"title-inner\">\n\t            \n\t            <h2 >MOYENS D\u2019ENCADREMENT<\/h2>\n\t        <\/div><div class=\"description\"><p >Formateur SST certifi\u00e9 et agr\u00e9\u00e9<\/p><\/div><\/div>[\/vc_column][\/vc_row][vc_row][vc_column][vc_tta_tabs][vc_tta_section title=&#8221;Description de la formation&#8221; tab_id=&#8221;1613985700420-b272efd7-2ae7baa6-2e3e&#8221;][vc_empty_space]\n        <div class=\"rs-heading style2   \">\n        \t<div class=\"title-inner\">\n\t            \n\t            <h2 >DESCRIPTION DE LA FORMATION<\/h2>\n\t        <\/div><div class=\"description\"><p >Cette formation permet de maintenir les comp\u00e9tences n\u00e9cessaires \u00e0 la pr\u00e9vention des risques professionnels et \u00e0 la gestion des urgences sur les lieux de travail.<\/p><\/div><\/div>[\/vc_tta_section][vc_tta_section title=&#8221;Objectifs et programme&#8221; tab_id=&#8221;1613985761837-fea28251-e85fbaa6-2e3e&#8221;]\n        <div class=\"rs-heading style2   \">\n        \t<div class=\"title-inner\">\n\t            \n\t            <h2 >OBJECTIFS ET PROGRAMME<\/h2>\n\t        <\/div><div class=\"description\"><p ><strong>OBJECTIFS :<\/strong><\/p>\n<p>&nbsp;<\/p>\n<p>&#8211; Maintenir les comp\u00e9tences du SST \u00e0 un niveau au moins \u00e9gal voir sup\u00e9rieur \u00e0 la formation initiale.<br \/>\n&#8211; Mettre \u00e0 jour ses gestes de secours.<\/p>\n<p>&nbsp;<\/p>\n<p><strong>PROGRAMME :<\/strong><\/p>\n<p>&nbsp;<\/p>\n<p><span style=\"color: #c41718; font-weight: bold;\">SST RECYCLAGE<\/span><br \/>\n<em>Le programme de formation <strong>MAC SST<\/strong> reprend les m\u00eames modules que celui de la formation SST initiale. Seules les dur\u00e9es pr\u00e9vues changent puisqu\u2019il s\u2019agit d\u2019une formation de recyclage et donc de rappels des notions valid\u00e9es en formation initiale.<\/em><\/p>\n<p>&nbsp;<\/p>\n<p>Module 1 : Situer le sauvetage secourisme du travail dans la sant\u00e9 et s\u00e9curit\u00e9 au travail<\/p>\n<p>Module 2 : Rechercher les risques persistants pour prot\u00e9ger<\/p>\n<p>Module 3 : De \u00ab prot\u00e9ger \u00bb \u00e0 \u00ab pr\u00e9venir \u00bb<\/p>\n<p>Module 4 : Examiner la victime et faire alerter<\/p>\n<p>Module 5 : De \u00ab faire alerter \u00bb \u00e0 \u00ab informer \u00bb<\/p>\n<p>Module 6 : Secourir face \u00e0 une situation d\u2019accident<\/p><\/div><\/div>[\/vc_tta_section][vc_tta_section title=&#8221;Dates de session&#8221; tab_id=&#8221;1613985756609-679eba8b-b957baa6-2e3e&#8221;][vc_empty_space]\n        <div class=\"rs-heading style2   \">\n        \t<div class=\"title-inner\">\n\t            \n\t            <h2 >Dates de session<\/h2>\n\t        <\/div><div class=\"description\"><p ><span style=\"color: #c41718; font-weight: bold;\">Session 1<\/span> : 06 mars 2026<\/p>\n<p><span style=\"color: #c41718; font-weight: bold;\">Session 2<\/span> : 30 avril 2026<\/p>\n<p><span style=\"color: #c41718; font-weight: bold;\">Session 3<\/span> : 03 juillet 2026<\/p>\n<p>&nbsp;<\/p>\n<p><strong>Entreprise, employeur : vous souhaitez former vos \u00e9quipes ? Nos formations sont disponibles en intra-entreprise, sur demande et aux dates de votre choix. Devis sur demande.<\/strong><\/p><\/div><\/div>[\/vc_tta_section][\/vc_tta_tabs][\/vc_column][\/vc_row][vc_row][vc_column][\/vc_column][\/vc_row]<\/p>\n","protected":false},"excerpt":{"rendered":"<p>[vc_row][vc_column][\/vc_column][\/vc_row][vc_row][vc_column width=&#8221;2\/3&#8243;][vc_single_image image=&#8221;587&#8243; img_size=&#8221;full&#8221;][vc_row_inner][vc_column_inner width=&#8221;1\/2&#8243;][vc_btn title=&#8221;T\u00e9l\u00e9chargez la fiche formation&#8221; style=&#8221;custom&#8221; custom_background=&#8221;#c41718&#8243; custom_text=&#8221;#ffffff&#8221; size=&#8221;lg&#8221; align=&#8221;center&#8221; button_block=&#8221;true&#8221; link=&#8221;url:https%3A%2F%2Fwww.ndpo.fr%2Fapp%2Fuploads%2Fsites%2F11%2F2026%2F01%2FFiches-MAC-SST.pdf|title:FORMATION%20M.A.C.%20S.S.T.|target:%20_blank|&#8221;][\/vc_column_inner][vc_column_inner width=&#8221;1\/2&#8243;][vc_btn title=&#8221;Contactez-nous !&#8221; style=&#8221;custom&#8221; custom_background=&#8221;#c41718&#8243; custom_text=&#8221;#ffffff&#8221; size=&#8221;lg&#8221; align=&#8221;center&#8221; button_block=&#8221;true&#8221; link=&#8221;url:https%3A%2F%2Fwww.ndpo.fr%2Fcfc%2Fcontact%2F||target:%20_blank|&#8221;][\/vc_column_inner][\/vc_row_inner][\/vc_column][vc_column width=&#8221;1\/3&#8243;][\/vc_column][\/vc_row][vc_row][vc_column][vc_tta_tabs][vc_tta_section title=&#8221;Description&#8230;<\/p>\n","protected":false},"author":4,"featured_media":0,"parent":0,"menu_order":0,"comment_status":"closed","ping_status":"closed","template":"","meta":{"footnotes":""},"class_list":["post-842","page","type-page","status-publish","hentry"],"_links":{"self":[{"href":"https:\/\/www.ndpo.fr\/cfc\/wp-json\/wp\/v2\/pages\/842","targetHints":{"allow":["GET"]}}],"collection":[{"href":"https:\/\/www.ndpo.fr\/cfc\/wp-json\/wp\/v2\/pages"}],"about":[{"href":"https:\/\/www.ndpo.fr\/cfc\/wp-json\/wp\/v2\/types\/page"}],"author":[{"embeddable":true,"href":"https:\/\/www.ndpo.fr\/cfc\/wp-json\/wp\/v2\/users\/4"}],"replies":[{"embeddable":true,"href":"https:\/\/www.ndpo.fr\/cfc\/wp-json\/wp\/v2\/comments?post=842"}],"version-history":[{"count":9,"href":"https:\/\/www.ndpo.fr\/cfc\/wp-json\/wp\/v2\/pages\/842\/revisions"}],"predecessor-version":[{"id":880,"href":"https:\/\/www.ndpo.fr\/cfc\/wp-json\/wp\/v2\/pages\/842\/revisions\/880"}],"wp:attachment":[{"href":"https:\/\/www.ndpo.fr\/cfc\/wp-json\/wp\/v2\/media?parent=842"}],"curies":[{"name":"wp","href":"https:\/\/api.w.org\/{rel}","templated":true}]}}

<p>[vc_row][vc_column]
        <div class="rs-heading style2   center">
        	<div class="title-inner">
	            
	            <h2 >Formation M.A.C. S.S.T.</h2>
	        </div></div>[/vc_column][/vc_row][vc_row][vc_column width=&#8221;2/3&#8243;][vc_single_image image=&#8221;587&#8243; img_size=&#8221;full&#8221;][vc_row_inner][vc_column_inner width=&#8221;1/2&#8243;][vc_btn title=&#8221;Téléchargez la fiche formation&#8221; style=&#8221;custom&#8221; custom_background=&#8221;#c41718&#8243; custom_text=&#8221;#ffffff&#8221; size=&#8221;lg&#8221; align=&#8221;center&#8221; button_block=&#8221;true&#8221; link=&#8221;url:https%3A%2F%2Fwww.ndpo.fr%2Fapp%2Fuploads%2Fsites%2F11%2F2026%2F01%2FFiches-MAC-SST.pdf|title:FORMATION%20M.A.C.%20S.S.T.|target:%20_blank|&#8221;][/vc_column_inner][vc_column_inner width=&#8221;1/2&#8243;][vc_btn title=&#8221;Contactez-nous !&#8221; style=&#8221;custom&#8221; custom_background=&#8221;#c41718&#8243; custom_text=&#8221;#ffffff&#8221; size=&#8221;lg&#8221; align=&#8221;center&#8221; button_block=&#8221;true&#8221; link=&#8221;url:https%3A%2F%2Fwww.ndpo.fr%2Fcfc%2Fcontact%2F||target:%20_blank|&#8221;][/vc_column_inner][/vc_row_inner][/vc_column][vc_column width=&#8221;1/3&#8243;]
        <div class="rs-heading style1   ">
        	<div class="title-inner">
	            
	            <h2 >Public concerné</h2>
	        </div><div class="description"><p >Tout S.S.T. (Sauveteur Secouriste du Travail) CERTIFIÉ souhaitant prolonger la validité de son certificat.</p></div></div>
        <div class="rs-heading style1   ">
        	<div class="title-inner">
	            
	            <h2 >Prérequis</h2>
	        </div><div class="description"><p >Être titulaire du certificat S.S.T. à jour (délai de validité de 2 ans)</p></div></div>
        <div class="rs-heading style1   ">
        	<div class="title-inner">
	            
	            <h2 >MOYENS D’ENCADREMENT</h2>
	        </div><div class="description"><p >Formateur SST certifié et agréé</p></div></div>[/vc_column][/vc_row][vc_row][vc_column][vc_tta_tabs][vc_tta_section title=&#8221;Description de la formation&#8221; tab_id=&#8221;1613985700420-b272efd7-2ae7baa6-2e3e&#8221;][vc_empty_space]
        <div class="rs-heading style2   ">
        	<div class="title-inner">
	            
	            <h2 >DESCRIPTION DE LA FORMATION</h2>
	        </div><div class="description"><p >Cette formation permet de maintenir les compétences nécessaires à la prévention des risques professionnels et à la gestion des urgences sur les lieux de travail.</p></div></div>[/vc_tta_section][vc_tta_section title=&#8221;Objectifs et programme&#8221; tab_id=&#8221;1613985761837-fea28251-e85fbaa6-2e3e&#8221;]
        <div class="rs-heading style2   ">
        	<div class="title-inner">
	            
	            <h2 >OBJECTIFS ET PROGRAMME</h2>
	        </div><div class="description"><p ><strong>OBJECTIFS :</strong></p>
<p>&nbsp;</p>
<p>&#8211; Maintenir les compétences du SST à un niveau au moins égal voir supérieur à la formation initiale.<br />
&#8211; Mettre à jour ses gestes de secours.</p>
<p>&nbsp;</p>
<p><strong>PROGRAMME :</strong></p>
<p>&nbsp;</p>
<p><span style="color: #c41718; font-weight: bold;">SST RECYCLAGE</span><br />
<em>Le programme de formation <strong>MAC SST</strong> reprend les mêmes modules que celui de la formation SST initiale. Seules les durées prévues changent puisqu’il s’agit d’une formation de recyclage et donc de rappels des notions validées en formation initiale.</em></p>
<p>&nbsp;</p>
<p>Module 1 : Situer le sauvetage secourisme du travail dans la santé et sécurité au travail</p>
<p>Module 2 : Rechercher les risques persistants pour protéger</p>
<p>Module 3 : De « protéger » à « prévenir »</p>
<p>Module 4 : Examiner la victime et faire alerter</p>
<p>Module 5 : De « faire alerter » à « informer »</p>
<p>Module 6 : Secourir face à une situation d’accident</p></div></div>[/vc_tta_section][vc_tta_section title=&#8221;Dates de session&#8221; tab_id=&#8221;1613985756609-679eba8b-b957baa6-2e3e&#8221;][vc_empty_space]
        <div class="rs-heading style2   ">
        	<div class="title-inner">
	            
	            <h2 >Dates de session</h2>
	        </div><div class="description"><p ><span style="color: #c41718; font-weight: bold;">Session 1</span> : 06 mars 2026</p>
<p><span style="color: #c41718; font-weight: bold;">Session 2</span> : 30 avril 2026</p>
<p><span style="color: #c41718; font-weight: bold;">Session 3</span> : 03 juillet 2026</p>
<p>&nbsp;</p>
<p><strong>Entreprise, employeur : vous souhaitez former vos équipes ? Nos formations sont disponibles en intra-entreprise, sur demande et aux dates de votre choix. Devis sur demande.</strong></p></div></div>[/vc_tta_section][/vc_tta_tabs][/vc_column][/vc_row][vc_row][vc_column][/vc_column][/vc_row]</p>

<p>[vc_row][vc_column][/vc_column][/vc_row][vc_row][vc_column width=&#8221;2/3&#8243;][vc_single_image image=&#8221;587&#8243; img_size=&#8221;full&#8221;][vc_row_inner][vc_column_inner width=&#8221;1/2&#8243;][vc_btn title=&#8221;Téléchargez la fiche formation&#8221; style=&#8221;custom&#8221; custom_background=&#8221;#c41718&#8243; custom_text=&#8221;#ffffff&#8221; size=&#8221;lg&#8221; align=&#8221;center&#8221; button_block=&#8221;true&#8221; link=&#8221;url:https%3A%2F%2Fwww.ndpo.fr%2Fapp%2Fuploads%2Fsites%2F11%2F2026%2F01%2FFiches-MAC-SST.pdf|title:FORMATION%20M.A.C.%20S.S.T.|target:%20_blank|&#8221;][/vc_column_inner][vc_column_inner width=&#8221;1/2&#8243;][vc_btn title=&#8221;Contactez-nous !&#8221; style=&#8221;custom&#8221; custom_background=&#8221;#c41718&#8243; custom_text=&#8221;#ffffff&#8221; size=&#8221;lg&#8221; align=&#8221;center&#8221; button_block=&#8221;true&#8221; link=&#8221;url:https%3A%2F%2Fwww.ndpo.fr%2Fcfc%2Fcontact%2F||target:%20_blank|&#8221;][/vc_column_inner][/vc_row_inner][/vc_column][vc_column width=&#8221;1/3&#8243;][/vc_column][/vc_row][vc_row][vc_column][vc_tta_tabs][vc_tta_section title=&#8221;Description&#8230;</p>
