{"id":868,"date":"2025-10-13T11:53:40","date_gmt":"2025-10-13T09:53:40","guid":{"rendered":"https:\/\/www.ndpo.fr\/cfc\/?page_id=868"},"modified":"2026-02-02T11:10:42","modified_gmt":"2026-02-02T10:10:42","slug":"formation-specifique-en-matiere-dhygiene-alimentaire","status":"publish","type":"page","link":"https:\/\/www.ndpo.fr\/cfc\/formation-specifique-en-matiere-dhygiene-alimentaire\/","title":{"rendered":"FORMATION SPECIFIQUE EN MATIERE D&#8217;HYGIENE ALIMENTAIRE"},"content":{"rendered":"<p>[vc_row][vc_column]\n        <div class=\"rs-heading style2   center\">\n        \t<div class=\"title-inner\">\n\t            \n\t            <h2 >Formation sp\u00e9cifique en mati\u00e8re d\u2019hygi\u00e8ne alimentaire<\/h2>\n\t        <\/div><\/div>[\/vc_column][\/vc_row][vc_row][vc_column width=&#8221;2\/3&#8243;][vc_single_image image=&#8221;604&#8243; img_size=&#8221;full&#8221;][vc_row_inner][vc_column_inner width=&#8221;1\/2&#8243;][vc_btn title=&#8221;T\u00e9l\u00e9chargez la fiche formation&#8221; style=&#8221;custom&#8221; custom_background=&#8221;#c41718&#8243; custom_text=&#8221;#ffffff&#8221; size=&#8221;lg&#8221; align=&#8221;center&#8221; button_block=&#8221;true&#8221; link=&#8221;url:https%3A%2F%2Fwww.ndpo.fr%2Fapp%2Fuploads%2Fsites%2F11%2F2025%2F10%2FFiches-formation-hygiene.pdf||target:%20_blank|&#8221;][\/vc_column_inner][vc_column_inner width=&#8221;1\/2&#8243;][vc_btn title=&#8221;Contactez-nous !&#8221; style=&#8221;custom&#8221; custom_background=&#8221;#c41718&#8243; custom_text=&#8221;#ffffff&#8221; size=&#8221;lg&#8221; align=&#8221;center&#8221; button_block=&#8221;true&#8221; link=&#8221;url:https%3A%2F%2Fwww.ndpo.fr%2Fcfc%2Fcontact%2F||target:%20_blank|&#8221;][\/vc_column_inner][\/vc_row_inner][\/vc_column][vc_column width=&#8221;1\/3&#8243;]\n        <div class=\"rs-heading style1   \">\n        \t<div class=\"title-inner\">\n\t            \n\t            <h2 >Public concern\u00e9<\/h2>\n\t        <\/div><div class=\"description\"><p >Toute personne travaillant dans un \u00e9tablissement de restauration commerciale ;<br \/>\nexploitants ou personnes en charge de la gestion des denr\u00e9es alimentaires.<\/p>\n<p><em>A compter du 01\/10\/2012, tout \u00e9tablissement de <\/em><em>restauration commerciale doit avoir au sein de son <\/em><em>\u00e9tablissement une personne form\u00e9es \u00e0 l\u2019hygi\u00e8ne<\/em><br \/>\n<em>alimentaire.<\/em><\/p><\/div><\/div>\n        <div class=\"rs-heading style1   \">\n        \t<div class=\"title-inner\">\n\t            \n\t            <h2 >Pr\u00e9requis<\/h2>\n\t        <\/div><div class=\"description\"><p >Cette formation ne n\u00e9cessite aucun pr\u00e9requis.<\/p><\/div><\/div>\n        <div class=\"rs-heading style1   \">\n        \t<div class=\"title-inner\">\n\t            \n\t            <h2 >MOYENS D\u2019ENCADREMENT<\/h2>\n\t        <\/div><div class=\"description\"><p >Formateur sp\u00e9cialis\u00e9 en hygi\u00e8ne et pr\u00e9vention des risques alimentaires<\/p><\/div><\/div>[\/vc_column][\/vc_row][vc_row][vc_column][vc_tta_tabs][vc_tta_section title=&#8221;Description de la formation&#8221; tab_id=&#8221;1613985700420-b272efd7-2ae7baa6-2e3e&#8221;][vc_empty_space]\n        <div class=\"rs-heading style2   \">\n        \t<div class=\"title-inner\">\n\t            \n\t            <h2 >DESCRIPTION DE LA FORMATION<\/h2>\n\t        <\/div><div class=\"description\"><p >Prot\u00e9gez vos clients, valorisez votre \u00e9tablissement !<\/p>\n<p>Dans le secteur de la restauration, l\u2019hygi\u00e8ne alimentaire n\u2019est pas une option : c\u2019est une obligation l\u00e9gale, un gage de qualit\u00e9, et une question de responsabilit\u00e9.<br \/>\nChaque ann\u00e9e, des milliers de cas d\u2019intoxications alimentaires sont recens\u00e9s, souvent li\u00e9s \u00e0 des erreurs \u00e9vitables. Ne laissez pas un manquement compromettre la sant\u00e9 de vos clients, la r\u00e9putation de votre \u00e9tablissement ou votre activit\u00e9 professionnelle.<\/p><\/div><\/div>[\/vc_tta_section][vc_tta_section title=&#8221;Objectifs et programme&#8221; tab_id=&#8221;1613985761837-fea28251-e85fbaa6-2e3e&#8221;]\n        <div class=\"rs-heading style2   \">\n        \t<div class=\"title-inner\">\n\t            \n\t            <h2 >OBJECTIFS ET PROGRAMME<\/h2>\n\t        <\/div><div class=\"description\"><p ><strong>OBJECTIFS :<\/strong><\/p>\n<p>&nbsp;<\/p>\n<p>&#8211; G\u00e9rer une activit\u00e9 de restauration commerciale dans des conditions d\u2019hygi\u00e8ne<br \/>\nconformes aux attendus de la r\u00e9glementation et permettant la satisfaction du client<br \/>\n&#8211; Identifier les grands principes de la r\u00e9glementation en relation avec la restauration commerciale<br \/>\n&#8211; Savoir analyser les risques li\u00e9s \u00e0 une insuffisance d\u2019hygi\u00e8ne en restauration<br \/>\ncommerciale<br \/>\n&#8211; Savoir mettre en \u0153uvre les principes de l\u2019hygi\u00e8ne en restauration commerciale<\/p>\n<p>&nbsp;<\/p>\n<p><strong>PROGRAMME :<\/strong><\/p>\n<p><strong>Les fondamentaux de la r\u00e9glementation\u00a0:<br \/>\n<\/strong><\/p>\n<p>&#8211; Les notions de d\u00e9claration, agr\u00e9ment, d\u00e9rogation<br \/>\n&#8211; Les diff\u00e9rents contr\u00f4le officiels<br \/>\n&#8211; Les risques encourus<\/p>\n<p><strong>L\u2019hygi\u00e8ne (BPH) :<\/strong><\/p>\n<p>&#8211; L\u2019hygi\u00e8ne du personnel et des manipulations<br \/>\n&#8211; L\u2019hygi\u00e8ne des locaux, produits et mat\u00e9riaux<br \/>\n&#8211; La r\u00e9ception, le stockage et la conservation des produits alimentaires<br \/>\n&#8211; L\u2019hygi\u00e8ne des denr\u00e9es alimentaires<\/p>\n<p><strong>Aliments et risques pour les consommateurs :<\/strong><\/p>\n<p>&#8211; Microbiologie des aliments<br \/>\n&#8211; La physiologie des micro-organismes<br \/>\n&#8211; Les micro-organismes et l\u2019homme<br \/>\n&#8211; Les diff\u00e9rents dangers<br \/>\n&#8211; Les dangers microbiologiques dans l\u2019alimentation<br \/>\n&#8211; Le PMS (plan de ma\u00eetrise sanitaire)<\/p>\n<p><strong>Equipements, locaux et mat\u00e9riels :<\/strong><\/p>\n<p>&#8211; Le froid et les appareils productions de froid<br \/>\n&#8211; La chaleur et les appareils producteurs de chaleur<br \/>\n&#8211; L\u2019alimentation en eau potable<br \/>\n&#8211; L\u2019alimentation en \u00e9lectricit\u00e9<br \/>\n&#8211; Les locaux et l\u2019agencement<br \/>\n&#8211; Les mat\u00e9riels et rev\u00eatements<\/p><\/div><\/div>[\/vc_tta_section][vc_tta_section title=&#8221;Dates de session&#8221; tab_id=&#8221;1613985756609-679eba8b-b957baa6-2e3e&#8221;][vc_empty_space]\n        <div class=\"rs-heading style2   \">\n        \t<div class=\"title-inner\">\n\t            \n\t            <h2 >Dates de session<\/h2>\n\t        <\/div><div class=\"description\"><p ><span style=\"color: #c41718; font-weight: bold;\">Session 1<\/span> : 29 et 30 janvier 2026<\/p>\n<p><span style=\"color: #c41718; font-weight: bold;\">Session 2<\/span> : 20 et 21 avril 2026<\/p>\n<p><span style=\"color: #c41718; font-weight: bold;\">Session 3<\/span> : 28 et 29 mai 2026<\/p>\n<p>&nbsp;<\/p>\n<p><strong>Entreprise, employeur : vous souhaitez former vos \u00e9quipes ? Nos formations sont disponibles en intra-entreprise, sur demande et aux dates de votre choix. Devis sur demande.<\/strong><\/p><\/div><\/div>[\/vc_tta_section][vc_tta_section title=&#8221;Financement&#8221; tab_id=&#8221;1760424418542-39af9d0e-3933&#8243;][vc_row_inner][vc_column_inner][vc_empty_space][\/vc_column_inner][\/vc_row_inner]\n        <div class=\"rs-heading style2   \">\n        \t<div class=\"title-inner\">\n\t            \n\t            <h2 >Financement<\/h2>\n\t        <\/div><div class=\"description\"><p >La formation \u00ab FORMATION SP\u00c9CIFIQUE EN MATI\u00c8RE D&#8217;HYGI\u00c8NE ALIMENTAIRE \u00bb <strong data-start=\"71\" data-end=\"93\">n\u2019est pas \u00e9ligible<\/strong> au financement par le CPF (compte personnel de formation).<\/p><\/div><\/div>[\/vc_tta_section][\/vc_tta_tabs][\/vc_column][\/vc_row][vc_row][vc_column][\/vc_column][\/vc_row]<\/p>\n","protected":false},"excerpt":{"rendered":"<p>[vc_row][vc_column][\/vc_column][\/vc_row][vc_row][vc_column width=&#8221;2\/3&#8243;][vc_single_image image=&#8221;604&#8243; img_size=&#8221;full&#8221;][vc_row_inner][vc_column_inner width=&#8221;1\/2&#8243;][vc_btn title=&#8221;T\u00e9l\u00e9chargez la fiche formation&#8221; style=&#8221;custom&#8221; custom_background=&#8221;#c41718&#8243; custom_text=&#8221;#ffffff&#8221; size=&#8221;lg&#8221; align=&#8221;center&#8221; button_block=&#8221;true&#8221; link=&#8221;url:https%3A%2F%2Fwww.ndpo.fr%2Fapp%2Fuploads%2Fsites%2F11%2F2025%2F10%2FFiches-formation-hygiene.pdf||target:%20_blank|&#8221;][\/vc_column_inner][vc_column_inner width=&#8221;1\/2&#8243;][vc_btn title=&#8221;Contactez-nous !&#8221; style=&#8221;custom&#8221; custom_background=&#8221;#c41718&#8243; custom_text=&#8221;#ffffff&#8221; size=&#8221;lg&#8221; align=&#8221;center&#8221; button_block=&#8221;true&#8221; link=&#8221;url:https%3A%2F%2Fwww.ndpo.fr%2Fcfc%2Fcontact%2F||target:%20_blank|&#8221;][\/vc_column_inner][\/vc_row_inner][\/vc_column][vc_column width=&#8221;1\/3&#8243;][\/vc_column][\/vc_row][vc_row][vc_column][vc_tta_tabs][vc_tta_section title=&#8221;Description&#8230;<\/p>\n","protected":false},"author":4,"featured_media":0,"parent":0,"menu_order":0,"comment_status":"closed","ping_status":"closed","template":"","meta":{"footnotes":""},"class_list":["post-868","page","type-page","status-publish","hentry"],"_links":{"self":[{"href":"https:\/\/www.ndpo.fr\/cfc\/wp-json\/wp\/v2\/pages\/868","targetHints":{"allow":["GET"]}}],"collection":[{"href":"https:\/\/www.ndpo.fr\/cfc\/wp-json\/wp\/v2\/pages"}],"about":[{"href":"https:\/\/www.ndpo.fr\/cfc\/wp-json\/wp\/v2\/types\/page"}],"author":[{"embeddable":true,"href":"https:\/\/www.ndpo.fr\/cfc\/wp-json\/wp\/v2\/users\/4"}],"replies":[{"embeddable":true,"href":"https:\/\/www.ndpo.fr\/cfc\/wp-json\/wp\/v2\/comments?post=868"}],"version-history":[{"count":11,"href":"https:\/\/www.ndpo.fr\/cfc\/wp-json\/wp\/v2\/pages\/868\/revisions"}],"predecessor-version":[{"id":1104,"href":"https:\/\/www.ndpo.fr\/cfc\/wp-json\/wp\/v2\/pages\/868\/revisions\/1104"}],"wp:attachment":[{"href":"https:\/\/www.ndpo.fr\/cfc\/wp-json\/wp\/v2\/media?parent=868"}],"curies":[{"name":"wp","href":"https:\/\/api.w.org\/{rel}","templated":true}]}}

<p>[vc_row][vc_column]
        <div class="rs-heading style2   center">
        	<div class="title-inner">
	            
	            <h2 >Formation spécifique en matière d’hygiène alimentaire</h2>
	        </div></div>[/vc_column][/vc_row][vc_row][vc_column width=&#8221;2/3&#8243;][vc_single_image image=&#8221;604&#8243; img_size=&#8221;full&#8221;][vc_row_inner][vc_column_inner width=&#8221;1/2&#8243;][vc_btn title=&#8221;Téléchargez la fiche formation&#8221; style=&#8221;custom&#8221; custom_background=&#8221;#c41718&#8243; custom_text=&#8221;#ffffff&#8221; size=&#8221;lg&#8221; align=&#8221;center&#8221; button_block=&#8221;true&#8221; link=&#8221;url:https%3A%2F%2Fwww.ndpo.fr%2Fapp%2Fuploads%2Fsites%2F11%2F2025%2F10%2FFiches-formation-hygiene.pdf||target:%20_blank|&#8221;][/vc_column_inner][vc_column_inner width=&#8221;1/2&#8243;][vc_btn title=&#8221;Contactez-nous !&#8221; style=&#8221;custom&#8221; custom_background=&#8221;#c41718&#8243; custom_text=&#8221;#ffffff&#8221; size=&#8221;lg&#8221; align=&#8221;center&#8221; button_block=&#8221;true&#8221; link=&#8221;url:https%3A%2F%2Fwww.ndpo.fr%2Fcfc%2Fcontact%2F||target:%20_blank|&#8221;][/vc_column_inner][/vc_row_inner][/vc_column][vc_column width=&#8221;1/3&#8243;]
        <div class="rs-heading style1   ">
        	<div class="title-inner">
	            
	            <h2 >Public concerné</h2>
	        </div><div class="description"><p >Toute personne travaillant dans un établissement de restauration commerciale ;<br />
exploitants ou personnes en charge de la gestion des denrées alimentaires.</p>
<p><em>A compter du 01/10/2012, tout établissement de </em><em>restauration commerciale doit avoir au sein de son </em><em>établissement une personne formées à l’hygiène</em><br />
<em>alimentaire.</em></p></div></div>
        <div class="rs-heading style1   ">
        	<div class="title-inner">
	            
	            <h2 >Prérequis</h2>
	        </div><div class="description"><p >Cette formation ne nécessite aucun prérequis.</p></div></div>
        <div class="rs-heading style1   ">
        	<div class="title-inner">
	            
	            <h2 >MOYENS D’ENCADREMENT</h2>
	        </div><div class="description"><p >Formateur spécialisé en hygiène et prévention des risques alimentaires</p></div></div>[/vc_column][/vc_row][vc_row][vc_column][vc_tta_tabs][vc_tta_section title=&#8221;Description de la formation&#8221; tab_id=&#8221;1613985700420-b272efd7-2ae7baa6-2e3e&#8221;][vc_empty_space]
        <div class="rs-heading style2   ">
        	<div class="title-inner">
	            
	            <h2 >DESCRIPTION DE LA FORMATION</h2>
	        </div><div class="description"><p >Protégez vos clients, valorisez votre établissement !</p>
<p>Dans le secteur de la restauration, l’hygiène alimentaire n’est pas une option : c’est une obligation légale, un gage de qualité, et une question de responsabilité.<br />
Chaque année, des milliers de cas d’intoxications alimentaires sont recensés, souvent liés à des erreurs évitables. Ne laissez pas un manquement compromettre la santé de vos clients, la réputation de votre établissement ou votre activité professionnelle.</p></div></div>[/vc_tta_section][vc_tta_section title=&#8221;Objectifs et programme&#8221; tab_id=&#8221;1613985761837-fea28251-e85fbaa6-2e3e&#8221;]
        <div class="rs-heading style2   ">
        	<div class="title-inner">
	            
	            <h2 >OBJECTIFS ET PROGRAMME</h2>
	        </div><div class="description"><p ><strong>OBJECTIFS :</strong></p>
<p>&nbsp;</p>
<p>&#8211; Gérer une activité de restauration commerciale dans des conditions d’hygiène<br />
conformes aux attendus de la réglementation et permettant la satisfaction du client<br />
&#8211; Identifier les grands principes de la réglementation en relation avec la restauration commerciale<br />
&#8211; Savoir analyser les risques liés à une insuffisance d’hygiène en restauration<br />
commerciale<br />
&#8211; Savoir mettre en œuvre les principes de l’hygiène en restauration commerciale</p>
<p>&nbsp;</p>
<p><strong>PROGRAMME :</strong></p>
<p><strong>Les fondamentaux de la réglementation :<br />
</strong></p>
<p>&#8211; Les notions de déclaration, agrément, dérogation<br />
&#8211; Les différents contrôle officiels<br />
&#8211; Les risques encourus</p>
<p><strong>L’hygiène (BPH) :</strong></p>
<p>&#8211; L’hygiène du personnel et des manipulations<br />
&#8211; L’hygiène des locaux, produits et matériaux<br />
&#8211; La réception, le stockage et la conservation des produits alimentaires<br />
&#8211; L’hygiène des denrées alimentaires</p>
<p><strong>Aliments et risques pour les consommateurs :</strong></p>
<p>&#8211; Microbiologie des aliments<br />
&#8211; La physiologie des micro-organismes<br />
&#8211; Les micro-organismes et l’homme<br />
&#8211; Les différents dangers<br />
&#8211; Les dangers microbiologiques dans l’alimentation<br />
&#8211; Le PMS (plan de maîtrise sanitaire)</p>
<p><strong>Equipements, locaux et matériels :</strong></p>
<p>&#8211; Le froid et les appareils productions de froid<br />
&#8211; La chaleur et les appareils producteurs de chaleur<br />
&#8211; L’alimentation en eau potable<br />
&#8211; L’alimentation en électricité<br />
&#8211; Les locaux et l’agencement<br />
&#8211; Les matériels et revêtements</p></div></div>[/vc_tta_section][vc_tta_section title=&#8221;Dates de session&#8221; tab_id=&#8221;1613985756609-679eba8b-b957baa6-2e3e&#8221;][vc_empty_space]
        <div class="rs-heading style2   ">
        	<div class="title-inner">
	            
	            <h2 >Dates de session</h2>
	        </div><div class="description"><p ><span style="color: #c41718; font-weight: bold;">Session 1</span> : 29 et 30 janvier 2026</p>
<p><span style="color: #c41718; font-weight: bold;">Session 2</span> : 20 et 21 avril 2026</p>
<p><span style="color: #c41718; font-weight: bold;">Session 3</span> : 28 et 29 mai 2026</p>
<p>&nbsp;</p>
<p><strong>Entreprise, employeur : vous souhaitez former vos équipes ? Nos formations sont disponibles en intra-entreprise, sur demande et aux dates de votre choix. Devis sur demande.</strong></p></div></div>[/vc_tta_section][vc_tta_section title=&#8221;Financement&#8221; tab_id=&#8221;1760424418542-39af9d0e-3933&#8243;][vc_row_inner][vc_column_inner][vc_empty_space][/vc_column_inner][/vc_row_inner]
        <div class="rs-heading style2   ">
        	<div class="title-inner">
	            
	            <h2 >Financement</h2>
	        </div><div class="description"><p >La formation « FORMATION SPÉCIFIQUE EN MATIÈRE D&#8217;HYGIÈNE ALIMENTAIRE » <strong data-start="71" data-end="93">n’est pas éligible</strong> au financement par le CPF (compte personnel de formation).</p></div></div>[/vc_tta_section][/vc_tta_tabs][/vc_column][/vc_row][vc_row][vc_column][/vc_column][/vc_row]</p>

<p>[vc_row][vc_column][/vc_column][/vc_row][vc_row][vc_column width=&#8221;2/3&#8243;][vc_single_image image=&#8221;604&#8243; img_size=&#8221;full&#8221;][vc_row_inner][vc_column_inner width=&#8221;1/2&#8243;][vc_btn title=&#8221;Téléchargez la fiche formation&#8221; style=&#8221;custom&#8221; custom_background=&#8221;#c41718&#8243; custom_text=&#8221;#ffffff&#8221; size=&#8221;lg&#8221; align=&#8221;center&#8221; button_block=&#8221;true&#8221; link=&#8221;url:https%3A%2F%2Fwww.ndpo.fr%2Fapp%2Fuploads%2Fsites%2F11%2F2025%2F10%2FFiches-formation-hygiene.pdf||target:%20_blank|&#8221;][/vc_column_inner][vc_column_inner width=&#8221;1/2&#8243;][vc_btn title=&#8221;Contactez-nous !&#8221; style=&#8221;custom&#8221; custom_background=&#8221;#c41718&#8243; custom_text=&#8221;#ffffff&#8221; size=&#8221;lg&#8221; align=&#8221;center&#8221; button_block=&#8221;true&#8221; link=&#8221;url:https%3A%2F%2Fwww.ndpo.fr%2Fcfc%2Fcontact%2F||target:%20_blank|&#8221;][/vc_column_inner][/vc_row_inner][/vc_column][vc_column width=&#8221;1/3&#8243;][/vc_column][/vc_row][vc_row][vc_column][vc_tta_tabs][vc_tta_section title=&#8221;Description&#8230;</p>
