{"id":884,"date":"2025-10-22T16:30:42","date_gmt":"2025-10-22T14:30:42","guid":{"rendered":"https:\/\/www.ndpo.fr\/cfc\/?page_id=884"},"modified":"2026-02-02T10:43:42","modified_gmt":"2026-02-02T09:43:42","slug":"formation-formation-sensibilisation-incendie","status":"publish","type":"page","link":"https:\/\/www.ndpo.fr\/cfc\/formation-formation-sensibilisation-incendie\/","title":{"rendered":"FORMATION SENSIBILISATION INCENDIE"},"content":{"rendered":"<p>[vc_row][vc_column]\n        <div class=\"rs-heading style2   center\">\n        \t<div class=\"title-inner\">\n\t            \n\t            <h2 >Formation SENSIBILISATION INCENDIE : Manipulation extincteurs<\/h2>\n\t        <\/div><\/div>[\/vc_column][\/vc_row][vc_row][vc_column width=&#8221;2\/3&#8243;][vc_single_image image=&#8221;885&#8243; img_size=&#8221;full&#8221;][vc_row_inner][vc_column_inner width=&#8221;1\/2&#8243;][vc_btn title=&#8221;T\u00e9l\u00e9chargez la fiche formation&#8221; style=&#8221;custom&#8221; custom_background=&#8221;#c41718&#8243; custom_text=&#8221;#ffffff&#8221; size=&#8221;lg&#8221; align=&#8221;center&#8221; button_block=&#8221;true&#8221; link=&#8221;url:https%3A%2F%2Fwww.ndpo.fr%2Fapp%2Fuploads%2Fsites%2F11%2F2026%2F01%2FFiches-Sensibilisation-incendie.pdf|title:FORMATION%20Sensibilisation%20incendie|target:%20_blank|&#8221;][\/vc_column_inner][vc_column_inner width=&#8221;1\/2&#8243;][vc_btn title=&#8221;Contactez-nous !&#8221; style=&#8221;custom&#8221; custom_background=&#8221;#c41718&#8243; custom_text=&#8221;#ffffff&#8221; size=&#8221;lg&#8221; align=&#8221;center&#8221; button_block=&#8221;true&#8221; link=&#8221;url:https%3A%2F%2Fwww.ndpo.fr%2Fcfc%2Fcontact%2F||target:%20_blank|&#8221;][\/vc_column_inner][\/vc_row_inner][\/vc_column][vc_column width=&#8221;1\/3&#8243;]\n        <div class=\"rs-heading style1   \">\n        \t<div class=\"title-inner\">\n\t            \n\t            <h2 >Public concern\u00e9<\/h2>\n\t        <\/div><div class=\"description\"><p >Tout le personnel de l\u2019entreprise<\/p><\/div><\/div>\n        <div class=\"rs-heading style1   \">\n        \t<div class=\"title-inner\">\n\t            \n\t            <h2 >Pr\u00e9requis<\/h2>\n\t        <\/div><div class=\"description\"><p >Aucun pr\u00e9requis.<br \/>\nFormation accessible \u00e0 tout public apte \u00e0<br \/>\nmanipuler un extincteur.<\/p><\/div><\/div>\n        <div class=\"rs-heading style1   \">\n        \t<div class=\"title-inner\">\n\t            \n\t            <h2 >MOYENS D\u2019ENCADREMENT<\/h2>\n\t        <\/div><div class=\"description\"><p >Formateur exp\u00e9riment\u00e9 en s\u00e9curit\u00e9 incendie<\/p><\/div><\/div>[\/vc_column][\/vc_row][vc_row][vc_column][vc_tta_tabs][vc_tta_section title=&#8221;Description de la formation&#8221; tab_id=&#8221;1613985700420-b272efd7-2ae7baa6-2e3e&#8221;][vc_empty_space]\n        <div class=\"rs-heading style2   \">\n        \t<div class=\"title-inner\">\n\t            \n\t            <h2 >DESCRIPTION DE LA FORMATION<\/h2>\n\t        <\/div><div class=\"description\"><p >La formation Sensibilisation Incendie permet d\u2019acqu\u00e9rir les bons r\u00e9flexes face \u00e0 un d\u00e9part de feu.<br \/>\nLes participants apprennent \u00e0 identifier les risques, utiliser les extincteurs et appliquer les consignes de s\u00e9curit\u00e9.<\/p><\/div><\/div>[\/vc_tta_section][vc_tta_section title=&#8221;Objectifs et programme&#8221; tab_id=&#8221;1613985761837-fea28251-e85fbaa6-2e3e&#8221;]\n        <div class=\"rs-heading style2   \">\n        \t<div class=\"title-inner\">\n\t            \n\t            <h2 >OBJECTIFS ET PROGRAMME<\/h2>\n\t        <\/div><div class=\"description\"><p ><strong>OBJECTIFS :<\/strong><\/p>\n<p>&nbsp;<\/p>\n<p>&#8211; Comprendre les causes et les risques d\u2019un d\u00e9part de feu.<br \/>\n&#8211; Identifier les bons r\u00e9flexes \u00e0 adopter en cas d\u2019incendie.<br \/>\n&#8211; Savoir donner l\u2019alerte efficacement.<br \/>\n&#8211; Conna\u00eetre les moyens de lutte contre le feu (extincteurs, alarme, etc.).<br \/>\n&#8211; Participer \u00e0 une \u00e9vacuation dans le calme et la s\u00e9curit\u00e9.<\/p>\n<p>&nbsp;<\/p>\n<p><strong>PROGRAMME :<\/strong><\/p>\n<p>&nbsp;<\/p>\n<p><span style=\"color: #c41718; font-weight: bold;\">Partie th\u00e9orique :<\/span><\/p>\n<p>&#8211; Le feu : d\u00e9finition, triangle du feu, causes fr\u00e9quentes d\u2019incendie.<br \/>\n&#8211; Les classes de feu et les diff\u00e9rents types d\u2019extincteurs.<br \/>\n&#8211; Les consignes de s\u00e9curit\u00e9 et le r\u00f4le de chacun.<br \/>\n&#8211; L\u2019alerte : qui pr\u00e9venir et comment r\u00e9agir rapidement.<br \/>\n&#8211; L\u2019\u00e9vacuation : principes, points de rassemblement,s\u00e9curit\u00e9 collective.<\/p>\n<p><span style=\"color: #c41718; font-weight: bold;\">Partie pratique :<\/span><\/p>\n<p>&#8211; Pr\u00e9sentation des diff\u00e9rents moyens d\u2019extinction.<br \/>\n&#8211; D\u00e9monstration de manipulation d\u2019extincteurs (sur bac \u00e0 feu r\u00e9el ou simulateur).<br \/>\n&#8211; Exercices d\u2019\u00e9vacuation (selon le lieu de formation).<\/p>\n<p><\/p><\/div><\/div>[\/vc_tta_section][vc_tta_section title=&#8221;Dates de session&#8221; tab_id=&#8221;1613985756609-679eba8b-b957baa6-2e3e&#8221;][vc_empty_space]\n        <div class=\"rs-heading style2   \">\n        \t<div class=\"title-inner\">\n\t            \n\t            <h2 >Dates de session<\/h2>\n\t        <\/div><div class=\"description\"><p ><strong>Entreprise, employeur : vous souhaitez former vos \u00e9quipes ? Nos formations sont disponibles en intra-entreprise, sur demande et aux dates de votre choix.<\/strong><\/p><\/div><\/div>[\/vc_tta_section][\/vc_tta_tabs][\/vc_column][\/vc_row][vc_row][vc_column][\/vc_column][\/vc_row]<\/p>\n","protected":false},"excerpt":{"rendered":"<p>[vc_row][vc_column][\/vc_column][\/vc_row][vc_row][vc_column width=&#8221;2\/3&#8243;][vc_single_image image=&#8221;885&#8243; img_size=&#8221;full&#8221;][vc_row_inner][vc_column_inner width=&#8221;1\/2&#8243;][vc_btn title=&#8221;T\u00e9l\u00e9chargez la fiche formation&#8221; style=&#8221;custom&#8221; custom_background=&#8221;#c41718&#8243; custom_text=&#8221;#ffffff&#8221; size=&#8221;lg&#8221; align=&#8221;center&#8221; button_block=&#8221;true&#8221; link=&#8221;url:https%3A%2F%2Fwww.ndpo.fr%2Fapp%2Fuploads%2Fsites%2F11%2F2026%2F01%2FFiches-Sensibilisation-incendie.pdf|title:FORMATION%20Sensibilisation%20incendie|target:%20_blank|&#8221;][\/vc_column_inner][vc_column_inner width=&#8221;1\/2&#8243;][vc_btn title=&#8221;Contactez-nous !&#8221; style=&#8221;custom&#8221; custom_background=&#8221;#c41718&#8243; custom_text=&#8221;#ffffff&#8221; size=&#8221;lg&#8221; align=&#8221;center&#8221; button_block=&#8221;true&#8221; link=&#8221;url:https%3A%2F%2Fwww.ndpo.fr%2Fcfc%2Fcontact%2F||target:%20_blank|&#8221;][\/vc_column_inner][\/vc_row_inner][\/vc_column][vc_column width=&#8221;1\/3&#8243;][\/vc_column][\/vc_row][vc_row][vc_column][vc_tta_tabs][vc_tta_section title=&#8221;Description&#8230;<\/p>\n","protected":false},"author":4,"featured_media":0,"parent":0,"menu_order":0,"comment_status":"closed","ping_status":"closed","template":"","meta":{"footnotes":""},"class_list":["post-884","page","type-page","status-publish","hentry"],"_links":{"self":[{"href":"https:\/\/www.ndpo.fr\/cfc\/wp-json\/wp\/v2\/pages\/884","targetHints":{"allow":["GET"]}}],"collection":[{"href":"https:\/\/www.ndpo.fr\/cfc\/wp-json\/wp\/v2\/pages"}],"about":[{"href":"https:\/\/www.ndpo.fr\/cfc\/wp-json\/wp\/v2\/types\/page"}],"author":[{"embeddable":true,"href":"https:\/\/www.ndpo.fr\/cfc\/wp-json\/wp\/v2\/users\/4"}],"replies":[{"embeddable":true,"href":"https:\/\/www.ndpo.fr\/cfc\/wp-json\/wp\/v2\/comments?post=884"}],"version-history":[{"count":5,"href":"https:\/\/www.ndpo.fr\/cfc\/wp-json\/wp\/v2\/pages\/884\/revisions"}],"predecessor-version":[{"id":1092,"href":"https:\/\/www.ndpo.fr\/cfc\/wp-json\/wp\/v2\/pages\/884\/revisions\/1092"}],"wp:attachment":[{"href":"https:\/\/www.ndpo.fr\/cfc\/wp-json\/wp\/v2\/media?parent=884"}],"curies":[{"name":"wp","href":"https:\/\/api.w.org\/{rel}","templated":true}]}}

<p>[vc_row][vc_column]
        <div class="rs-heading style2   center">
        	<div class="title-inner">
	            
	            <h2 >Formation SENSIBILISATION INCENDIE : Manipulation extincteurs</h2>
	        </div></div>[/vc_column][/vc_row][vc_row][vc_column width=&#8221;2/3&#8243;][vc_single_image image=&#8221;885&#8243; img_size=&#8221;full&#8221;][vc_row_inner][vc_column_inner width=&#8221;1/2&#8243;][vc_btn title=&#8221;Téléchargez la fiche formation&#8221; style=&#8221;custom&#8221; custom_background=&#8221;#c41718&#8243; custom_text=&#8221;#ffffff&#8221; size=&#8221;lg&#8221; align=&#8221;center&#8221; button_block=&#8221;true&#8221; link=&#8221;url:https%3A%2F%2Fwww.ndpo.fr%2Fapp%2Fuploads%2Fsites%2F11%2F2026%2F01%2FFiches-Sensibilisation-incendie.pdf|title:FORMATION%20Sensibilisation%20incendie|target:%20_blank|&#8221;][/vc_column_inner][vc_column_inner width=&#8221;1/2&#8243;][vc_btn title=&#8221;Contactez-nous !&#8221; style=&#8221;custom&#8221; custom_background=&#8221;#c41718&#8243; custom_text=&#8221;#ffffff&#8221; size=&#8221;lg&#8221; align=&#8221;center&#8221; button_block=&#8221;true&#8221; link=&#8221;url:https%3A%2F%2Fwww.ndpo.fr%2Fcfc%2Fcontact%2F||target:%20_blank|&#8221;][/vc_column_inner][/vc_row_inner][/vc_column][vc_column width=&#8221;1/3&#8243;]
        <div class="rs-heading style1   ">
        	<div class="title-inner">
	            
	            <h2 >Public concerné</h2>
	        </div><div class="description"><p >Tout le personnel de l’entreprise</p></div></div>
        <div class="rs-heading style1   ">
        	<div class="title-inner">
	            
	            <h2 >Prérequis</h2>
	        </div><div class="description"><p >Aucun prérequis.<br />
Formation accessible à tout public apte à<br />
manipuler un extincteur.</p></div></div>
        <div class="rs-heading style1   ">
        	<div class="title-inner">
	            
	            <h2 >MOYENS D’ENCADREMENT</h2>
	        </div><div class="description"><p >Formateur expérimenté en sécurité incendie</p></div></div>[/vc_column][/vc_row][vc_row][vc_column][vc_tta_tabs][vc_tta_section title=&#8221;Description de la formation&#8221; tab_id=&#8221;1613985700420-b272efd7-2ae7baa6-2e3e&#8221;][vc_empty_space]
        <div class="rs-heading style2   ">
        	<div class="title-inner">
	            
	            <h2 >DESCRIPTION DE LA FORMATION</h2>
	        </div><div class="description"><p >La formation Sensibilisation Incendie permet d’acquérir les bons réflexes face à un départ de feu.<br />
Les participants apprennent à identifier les risques, utiliser les extincteurs et appliquer les consignes de sécurité.</p></div></div>[/vc_tta_section][vc_tta_section title=&#8221;Objectifs et programme&#8221; tab_id=&#8221;1613985761837-fea28251-e85fbaa6-2e3e&#8221;]
        <div class="rs-heading style2   ">
        	<div class="title-inner">
	            
	            <h2 >OBJECTIFS ET PROGRAMME</h2>
	        </div><div class="description"><p ><strong>OBJECTIFS :</strong></p>
<p>&nbsp;</p>
<p>&#8211; Comprendre les causes et les risques d’un départ de feu.<br />
&#8211; Identifier les bons réflexes à adopter en cas d’incendie.<br />
&#8211; Savoir donner l’alerte efficacement.<br />
&#8211; Connaître les moyens de lutte contre le feu (extincteurs, alarme, etc.).<br />
&#8211; Participer à une évacuation dans le calme et la sécurité.</p>
<p>&nbsp;</p>
<p><strong>PROGRAMME :</strong></p>
<p>&nbsp;</p>
<p><span style="color: #c41718; font-weight: bold;">Partie théorique :</span></p>
<p>&#8211; Le feu : définition, triangle du feu, causes fréquentes d’incendie.<br />
&#8211; Les classes de feu et les différents types d’extincteurs.<br />
&#8211; Les consignes de sécurité et le rôle de chacun.<br />
&#8211; L’alerte : qui prévenir et comment réagir rapidement.<br />
&#8211; L’évacuation : principes, points de rassemblement,sécurité collective.</p>
<p><span style="color: #c41718; font-weight: bold;">Partie pratique :</span></p>
<p>&#8211; Présentation des différents moyens d’extinction.<br />
&#8211; Démonstration de manipulation d’extincteurs (sur bac à feu réel ou simulateur).<br />
&#8211; Exercices d’évacuation (selon le lieu de formation).</p>
<p></p></div></div>[/vc_tta_section][vc_tta_section title=&#8221;Dates de session&#8221; tab_id=&#8221;1613985756609-679eba8b-b957baa6-2e3e&#8221;][vc_empty_space]
        <div class="rs-heading style2   ">
        	<div class="title-inner">
	            
	            <h2 >Dates de session</h2>
	        </div><div class="description"><p ><strong>Entreprise, employeur : vous souhaitez former vos équipes ? Nos formations sont disponibles en intra-entreprise, sur demande et aux dates de votre choix.</strong></p></div></div>[/vc_tta_section][/vc_tta_tabs][/vc_column][/vc_row][vc_row][vc_column][/vc_column][/vc_row]</p>

<p>[vc_row][vc_column][/vc_column][/vc_row][vc_row][vc_column width=&#8221;2/3&#8243;][vc_single_image image=&#8221;885&#8243; img_size=&#8221;full&#8221;][vc_row_inner][vc_column_inner width=&#8221;1/2&#8243;][vc_btn title=&#8221;Téléchargez la fiche formation&#8221; style=&#8221;custom&#8221; custom_background=&#8221;#c41718&#8243; custom_text=&#8221;#ffffff&#8221; size=&#8221;lg&#8221; align=&#8221;center&#8221; button_block=&#8221;true&#8221; link=&#8221;url:https%3A%2F%2Fwww.ndpo.fr%2Fapp%2Fuploads%2Fsites%2F11%2F2026%2F01%2FFiches-Sensibilisation-incendie.pdf|title:FORMATION%20Sensibilisation%20incendie|target:%20_blank|&#8221;][/vc_column_inner][vc_column_inner width=&#8221;1/2&#8243;][vc_btn title=&#8221;Contactez-nous !&#8221; style=&#8221;custom&#8221; custom_background=&#8221;#c41718&#8243; custom_text=&#8221;#ffffff&#8221; size=&#8221;lg&#8221; align=&#8221;center&#8221; button_block=&#8221;true&#8221; link=&#8221;url:https%3A%2F%2Fwww.ndpo.fr%2Fcfc%2Fcontact%2F||target:%20_blank|&#8221;][/vc_column_inner][/vc_row_inner][/vc_column][vc_column width=&#8221;1/3&#8243;][/vc_column][/vc_row][vc_row][vc_column][vc_tta_tabs][vc_tta_section title=&#8221;Description&#8230;</p>
