{"id":893,"date":"2025-10-22T16:48:48","date_gmt":"2025-10-22T14:48:48","guid":{"rendered":"https:\/\/www.ndpo.fr\/cfc\/?page_id=893"},"modified":"2026-02-02T10:42:00","modified_gmt":"2026-02-02T09:42:00","slug":"formation-epi","status":"publish","type":"page","link":"https:\/\/www.ndpo.fr\/cfc\/formation-epi\/","title":{"rendered":"Formation (EPI) \u00c9quipier de Premi\u00e8re Intervention"},"content":{"rendered":"<p>[vc_row][vc_column]\n        <div class=\"rs-heading style2   center\">\n        \t<div class=\"title-inner\">\n\t            \n\t            <h2 >Formation (EPI) \u00c9quipier de Premi\u00e8re Intervention<\/h2>\n\t        <\/div><\/div>[\/vc_column][\/vc_row][vc_row][vc_column width=&#8221;2\/3&#8243;][vc_single_image image=&#8221;886&#8243; img_size=&#8221;full&#8221;][vc_row_inner][vc_column_inner width=&#8221;1\/2&#8243;][vc_btn title=&#8221;T\u00e9l\u00e9chargez la fiche formation&#8221; style=&#8221;custom&#8221; custom_background=&#8221;#c41718&#8243; custom_text=&#8221;#ffffff&#8221; size=&#8221;lg&#8221; align=&#8221;center&#8221; button_block=&#8221;true&#8221; link=&#8221;url:https%3A%2F%2Fwww.ndpo.fr%2Fapp%2Fuploads%2Fsites%2F11%2F2025%2F10%2FFiches-Equipier-de-Premiere-Intervention.pdf|title:Formation%20Equipier%20de%20Premi%C3%A8re%20Intervention|target:%20_blank|&#8221;][\/vc_column_inner][vc_column_inner width=&#8221;1\/2&#8243;][vc_btn title=&#8221;Contactez-nous !&#8221; style=&#8221;custom&#8221; custom_background=&#8221;#c41718&#8243; custom_text=&#8221;#ffffff&#8221; size=&#8221;lg&#8221; align=&#8221;center&#8221; button_block=&#8221;true&#8221; link=&#8221;url:https%3A%2F%2Fwww.ndpo.fr%2Fcfc%2Fcontact%2F||target:%20_blank|&#8221;][\/vc_column_inner][\/vc_row_inner][\/vc_column][vc_column width=&#8221;1\/3&#8243;]\n        <div class=\"rs-heading style1   \">\n        \t<div class=\"title-inner\">\n\t            \n\t            <h2 >Public concern\u00e9<\/h2>\n\t        <\/div><div class=\"description\"><p >Tout le personnel de l\u2019entreprise<\/p><\/div><\/div>\n        <div class=\"rs-heading style1   \">\n        \t<div class=\"title-inner\">\n\t            \n\t            <h2 >Pr\u00e9requis<\/h2>\n\t        <\/div><div class=\"description\"><p >Aucun pr\u00e9requis.<\/p><\/div><\/div>\n        <div class=\"rs-heading style1   \">\n        \t<div class=\"title-inner\">\n\t            \n\t            <h2 >MOYENS D\u2019ENCADREMENT<\/h2>\n\t        <\/div><div class=\"description\"><p >Formation encadr\u00e9e par un formateur sp\u00e9cialis\u00e9 en s\u00e9curit\u00e9 incendie, titulaire<br \/>\ndes qualifications n\u00e9cessaires<\/p><\/div><\/div>[\/vc_column][\/vc_row][vc_row][vc_column][vc_tta_tabs][vc_tta_section title=&#8221;Description de la formation&#8221; tab_id=&#8221;1613985700420-b272efd7-2ae7baa6-2e3e&#8221;][vc_empty_space]\n        <div class=\"rs-heading style2   \">\n        \t<div class=\"title-inner\">\n\t            \n\t            <h2 >DESCRIPTION DE LA FORMATION<\/h2>\n\t        <\/div><div class=\"description\"><p >La formation EPI permet aux participants d\u2019acqu\u00e9rir les comp\u00e9tences n\u00e9cessaires pour intervenir efficacement d\u00e8s les premiers instants d\u2019un incendie, assurer la mise en s\u00e9curit\u00e9 des personnes et contribuer \u00e0 la protection des biens et des installations<\/p><\/div><\/div>[\/vc_tta_section][vc_tta_section title=&#8221;Objectifs et programme&#8221; tab_id=&#8221;1613985761837-fea28251-e85fbaa6-2e3e&#8221;]\n        <div class=\"rs-heading style2   \">\n        \t<div class=\"title-inner\">\n\t            \n\t            <h2 >OBJECTIFS ET PROGRAMME<\/h2>\n\t        <\/div><div class=\"description\"><p ><strong>OBJECTIFS :<\/strong><\/p>\n<p>&nbsp;<\/p>\n<p>&#8211; Identifier les risques d\u2019incendie et adopter les comportements pr\u00e9ventifs ad\u00e9quats<br \/>\n&#8211; Reconna\u00eetre les diff\u00e9rents types de feux et choisir le moyen d\u2019extinction<br \/>\n&#8211; Donner l\u2019alerte rapidement et efficacement<br \/>\n&#8211; Participer \u00e0 la mise en s\u00e9curit\u00e9 et \u00e0 l\u2019\u00e9vacuation des occupants<br \/>\n&#8211; Assurer un premier contr\u00f4le de la situation avant l\u2019arriv\u00e9e des secours<\/p>\n<p>&nbsp;<\/p>\n<p><strong>PROGRAMME :<\/strong><\/p>\n<p>&nbsp;<\/p>\n<p><span style=\"color: #c41718; font-weight: bold;\">Module 1<\/span><\/p>\n<p><strong>Connaissances th\u00e9oriques sur le feu<\/strong><br \/>\n&#8211; Triangle du feu et classes de feux<br \/>\n&#8211; Causes et cons\u00e9quences des incendies<br \/>\n&#8211; Moyens de pr\u00e9vention et r\u00e8gles de s\u00e9curit\u00e9<\/p>\n<p><span style=\"color: #c41718; font-weight: bold;\">Module 2<\/span><\/p>\n<p><strong>R\u00f4le et missions de l\u2019EPI<\/strong><br \/>\n&#8211; Missions principales de l\u2019\u00e9quipier<br \/>\n&#8211; Cha\u00eene d\u2019alerte et communication interne<br \/>\n&#8211; Proc\u00e9dures internes de s\u00e9curit\u00e9<\/p>\n<p><span style=\"color: #c41718; font-weight: bold;\">Module 3<\/span><\/p>\n<p><strong>Connaissance des moyens d\u2019extinction<\/strong><br \/>\n&#8211; Types d\u2019extincteurs et leur utilisation<br \/>\n&#8211; Autres moyens de lutte contre le feu<br \/>\n&#8211; S\u00e9curit\u00e9 lors de l\u2019intervention<\/p>\n<p><span style=\"color: #c41718; font-weight: bold;\">Module 4<\/span><\/p>\n<p><strong>Exercices pratiques \u2013 Extinction<\/strong><br \/>\n&#8211; Manipulation d\u2019extincteurs sur feux simul\u00e9s ou r\u00e9els<br \/>\n&#8211; Utilisation des mat\u00e9riels de premi\u00e8re intervention<br \/>\n&#8211; Mise en situation d\u2019intervention en \u00e9quipe<\/p>\n<p><span style=\"color: #c41718; font-weight: bold;\">Module 5 <\/span><\/p>\n<p><strong>Exercices pratiques \u2013 \u00c9vacuation<\/strong><br \/>\n&#8211; Application du plan d\u2019\u00e9vacuation<br \/>\n&#8211; Encadrement des personnes et assistance aux personnes \u00e0 mobilit\u00e9 r\u00e9duite<br \/>\n&#8211; Simulation compl\u00e8te avec alerte, intervention et \u00e9vacuation<\/p>\n<p><span style=\"color: #c41718; font-weight: bold;\">Module 6<\/span><\/p>\n<p><strong>\u00c9valuation<\/strong><br \/>\n&#8211; \u00c9valuation des acquis th\u00e9oriques<br \/>\n&#8211; \u00c9valuation des comp\u00e9tences pratiques<br \/>\n<\/p><\/div><\/div>[\/vc_tta_section][vc_tta_section title=&#8221;Dates de session&#8221; tab_id=&#8221;1613985756609-679eba8b-b957baa6-2e3e&#8221;][vc_empty_space]\n        <div class=\"rs-heading style2   \">\n        \t<div class=\"title-inner\">\n\t            \n\t            <h2 >Dates de session<\/h2>\n\t        <\/div><div class=\"description\"><p ><strong>Entreprise, employeur : vous souhaitez former vos \u00e9quipes ? Nos formations sont disponibles en intra-entreprise, sur demande et aux dates de votre choix.<\/strong><\/p><\/div><\/div>[\/vc_tta_section][\/vc_tta_tabs][\/vc_column][\/vc_row][vc_row][vc_column][\/vc_column][\/vc_row]<\/p>\n","protected":false},"excerpt":{"rendered":"<p>[vc_row][vc_column][\/vc_column][\/vc_row][vc_row][vc_column width=&#8221;2\/3&#8243;][vc_single_image image=&#8221;886&#8243; img_size=&#8221;full&#8221;][vc_row_inner][vc_column_inner width=&#8221;1\/2&#8243;][vc_btn title=&#8221;T\u00e9l\u00e9chargez la fiche formation&#8221; style=&#8221;custom&#8221; custom_background=&#8221;#c41718&#8243; custom_text=&#8221;#ffffff&#8221; size=&#8221;lg&#8221; align=&#8221;center&#8221; button_block=&#8221;true&#8221; link=&#8221;url:https%3A%2F%2Fwww.ndpo.fr%2Fapp%2Fuploads%2Fsites%2F11%2F2025%2F10%2FFiches-Equipier-de-Premiere-Intervention.pdf|title:Formation%20Equipier%20de%20Premi%C3%A8re%20Intervention|target:%20_blank|&#8221;][\/vc_column_inner][vc_column_inner width=&#8221;1\/2&#8243;][vc_btn title=&#8221;Contactez-nous !&#8221; style=&#8221;custom&#8221; custom_background=&#8221;#c41718&#8243; custom_text=&#8221;#ffffff&#8221; size=&#8221;lg&#8221; align=&#8221;center&#8221; button_block=&#8221;true&#8221; link=&#8221;url:https%3A%2F%2Fwww.ndpo.fr%2Fcfc%2Fcontact%2F||target:%20_blank|&#8221;][\/vc_column_inner][\/vc_row_inner][\/vc_column][vc_column width=&#8221;1\/3&#8243;][\/vc_column][\/vc_row][vc_row][vc_column][vc_tta_tabs][vc_tta_section title=&#8221;Description&#8230;<\/p>\n","protected":false},"author":4,"featured_media":0,"parent":0,"menu_order":0,"comment_status":"closed","ping_status":"closed","template":"","meta":{"footnotes":""},"class_list":["post-893","page","type-page","status-publish","hentry"],"_links":{"self":[{"href":"https:\/\/www.ndpo.fr\/cfc\/wp-json\/wp\/v2\/pages\/893","targetHints":{"allow":["GET"]}}],"collection":[{"href":"https:\/\/www.ndpo.fr\/cfc\/wp-json\/wp\/v2\/pages"}],"about":[{"href":"https:\/\/www.ndpo.fr\/cfc\/wp-json\/wp\/v2\/types\/page"}],"author":[{"embeddable":true,"href":"https:\/\/www.ndpo.fr\/cfc\/wp-json\/wp\/v2\/users\/4"}],"replies":[{"embeddable":true,"href":"https:\/\/www.ndpo.fr\/cfc\/wp-json\/wp\/v2\/comments?post=893"}],"version-history":[{"count":3,"href":"https:\/\/www.ndpo.fr\/cfc\/wp-json\/wp\/v2\/pages\/893\/revisions"}],"predecessor-version":[{"id":1089,"href":"https:\/\/www.ndpo.fr\/cfc\/wp-json\/wp\/v2\/pages\/893\/revisions\/1089"}],"wp:attachment":[{"href":"https:\/\/www.ndpo.fr\/cfc\/wp-json\/wp\/v2\/media?parent=893"}],"curies":[{"name":"wp","href":"https:\/\/api.w.org\/{rel}","templated":true}]}}

Formation (EPI) Équipier de Première Intervention

<p>[vc_row][vc_column]
        <div class="rs-heading style2   center">
        	<div class="title-inner">
	            
	            <h2 >Formation (EPI) Équipier de Première Intervention</h2>
	        </div></div>[/vc_column][/vc_row][vc_row][vc_column width=&#8221;2/3&#8243;][vc_single_image image=&#8221;886&#8243; img_size=&#8221;full&#8221;][vc_row_inner][vc_column_inner width=&#8221;1/2&#8243;][vc_btn title=&#8221;Téléchargez la fiche formation&#8221; style=&#8221;custom&#8221; custom_background=&#8221;#c41718&#8243; custom_text=&#8221;#ffffff&#8221; size=&#8221;lg&#8221; align=&#8221;center&#8221; button_block=&#8221;true&#8221; link=&#8221;url:https%3A%2F%2Fwww.ndpo.fr%2Fapp%2Fuploads%2Fsites%2F11%2F2025%2F10%2FFiches-Equipier-de-Premiere-Intervention.pdf|title:Formation%20Equipier%20de%20Premi%C3%A8re%20Intervention|target:%20_blank|&#8221;][/vc_column_inner][vc_column_inner width=&#8221;1/2&#8243;][vc_btn title=&#8221;Contactez-nous !&#8221; style=&#8221;custom&#8221; custom_background=&#8221;#c41718&#8243; custom_text=&#8221;#ffffff&#8221; size=&#8221;lg&#8221; align=&#8221;center&#8221; button_block=&#8221;true&#8221; link=&#8221;url:https%3A%2F%2Fwww.ndpo.fr%2Fcfc%2Fcontact%2F||target:%20_blank|&#8221;][/vc_column_inner][/vc_row_inner][/vc_column][vc_column width=&#8221;1/3&#8243;]
        <div class="rs-heading style1   ">
        	<div class="title-inner">
	            
	            <h2 >Public concerné</h2>
	        </div><div class="description"><p >Tout le personnel de l’entreprise</p></div></div>
        <div class="rs-heading style1   ">
        	<div class="title-inner">
	            
	            <h2 >Prérequis</h2>
	        </div><div class="description"><p >Aucun prérequis.</p></div></div>
        <div class="rs-heading style1   ">
        	<div class="title-inner">
	            
	            <h2 >MOYENS D’ENCADREMENT</h2>
	        </div><div class="description"><p >Formation encadrée par un formateur spécialisé en sécurité incendie, titulaire<br />
des qualifications nécessaires</p></div></div>[/vc_column][/vc_row][vc_row][vc_column][vc_tta_tabs][vc_tta_section title=&#8221;Description de la formation&#8221; tab_id=&#8221;1613985700420-b272efd7-2ae7baa6-2e3e&#8221;][vc_empty_space]
        <div class="rs-heading style2   ">
        	<div class="title-inner">
	            
	            <h2 >DESCRIPTION DE LA FORMATION</h2>
	        </div><div class="description"><p >La formation EPI permet aux participants d’acquérir les compétences nécessaires pour intervenir efficacement dès les premiers instants d’un incendie, assurer la mise en sécurité des personnes et contribuer à la protection des biens et des installations</p></div></div>[/vc_tta_section][vc_tta_section title=&#8221;Objectifs et programme&#8221; tab_id=&#8221;1613985761837-fea28251-e85fbaa6-2e3e&#8221;]
        <div class="rs-heading style2   ">
        	<div class="title-inner">
	            
	            <h2 >OBJECTIFS ET PROGRAMME</h2>
	        </div><div class="description"><p ><strong>OBJECTIFS :</strong></p>
<p>&nbsp;</p>
<p>&#8211; Identifier les risques d’incendie et adopter les comportements préventifs adéquats<br />
&#8211; Reconnaître les différents types de feux et choisir le moyen d’extinction<br />
&#8211; Donner l’alerte rapidement et efficacement<br />
&#8211; Participer à la mise en sécurité et à l’évacuation des occupants<br />
&#8211; Assurer un premier contrôle de la situation avant l’arrivée des secours</p>
<p>&nbsp;</p>
<p><strong>PROGRAMME :</strong></p>
<p>&nbsp;</p>
<p><span style="color: #c41718; font-weight: bold;">Module 1</span></p>
<p><strong>Connaissances théoriques sur le feu</strong><br />
&#8211; Triangle du feu et classes de feux<br />
&#8211; Causes et conséquences des incendies<br />
&#8211; Moyens de prévention et règles de sécurité</p>
<p><span style="color: #c41718; font-weight: bold;">Module 2</span></p>
<p><strong>Rôle et missions de l’EPI</strong><br />
&#8211; Missions principales de l’équipier<br />
&#8211; Chaîne d’alerte et communication interne<br />
&#8211; Procédures internes de sécurité</p>
<p><span style="color: #c41718; font-weight: bold;">Module 3</span></p>
<p><strong>Connaissance des moyens d’extinction</strong><br />
&#8211; Types d’extincteurs et leur utilisation<br />
&#8211; Autres moyens de lutte contre le feu<br />
&#8211; Sécurité lors de l’intervention</p>
<p><span style="color: #c41718; font-weight: bold;">Module 4</span></p>
<p><strong>Exercices pratiques – Extinction</strong><br />
&#8211; Manipulation d’extincteurs sur feux simulés ou réels<br />
&#8211; Utilisation des matériels de première intervention<br />
&#8211; Mise en situation d’intervention en équipe</p>
<p><span style="color: #c41718; font-weight: bold;">Module 5 </span></p>
<p><strong>Exercices pratiques – Évacuation</strong><br />
&#8211; Application du plan d’évacuation<br />
&#8211; Encadrement des personnes et assistance aux personnes à mobilité réduite<br />
&#8211; Simulation complète avec alerte, intervention et évacuation</p>
<p><span style="color: #c41718; font-weight: bold;">Module 6</span></p>
<p><strong>Évaluation</strong><br />
&#8211; Évaluation des acquis théoriques<br />
&#8211; Évaluation des compétences pratiques<br />
</p></div></div>[/vc_tta_section][vc_tta_section title=&#8221;Dates de session&#8221; tab_id=&#8221;1613985756609-679eba8b-b957baa6-2e3e&#8221;][vc_empty_space]
        <div class="rs-heading style2   ">
        	<div class="title-inner">
	            
	            <h2 >Dates de session</h2>
	        </div><div class="description"><p ><strong>Entreprise, employeur : vous souhaitez former vos équipes ? Nos formations sont disponibles en intra-entreprise, sur demande et aux dates de votre choix.</strong></p></div></div>[/vc_tta_section][/vc_tta_tabs][/vc_column][/vc_row][vc_row][vc_column][/vc_column][/vc_row]</p>

<p>[vc_row][vc_column][/vc_column][/vc_row][vc_row][vc_column width=&#8221;2/3&#8243;][vc_single_image image=&#8221;886&#8243; img_size=&#8221;full&#8221;][vc_row_inner][vc_column_inner width=&#8221;1/2&#8243;][vc_btn title=&#8221;Téléchargez la fiche formation&#8221; style=&#8221;custom&#8221; custom_background=&#8221;#c41718&#8243; custom_text=&#8221;#ffffff&#8221; size=&#8221;lg&#8221; align=&#8221;center&#8221; button_block=&#8221;true&#8221; link=&#8221;url:https%3A%2F%2Fwww.ndpo.fr%2Fapp%2Fuploads%2Fsites%2F11%2F2025%2F10%2FFiches-Equipier-de-Premiere-Intervention.pdf|title:Formation%20Equipier%20de%20Premi%C3%A8re%20Intervention|target:%20_blank|&#8221;][/vc_column_inner][vc_column_inner width=&#8221;1/2&#8243;][vc_btn title=&#8221;Contactez-nous !&#8221; style=&#8221;custom&#8221; custom_background=&#8221;#c41718&#8243; custom_text=&#8221;#ffffff&#8221; size=&#8221;lg&#8221; align=&#8221;center&#8221; button_block=&#8221;true&#8221; link=&#8221;url:https%3A%2F%2Fwww.ndpo.fr%2Fcfc%2Fcontact%2F||target:%20_blank|&#8221;][/vc_column_inner][/vc_row_inner][/vc_column][vc_column width=&#8221;1/3&#8243;][/vc_column][/vc_row][vc_row][vc_column][vc_tta_tabs][vc_tta_section title=&#8221;Description&#8230;</p>
