{"id":951,"date":"2025-12-08T16:13:59","date_gmt":"2025-12-08T15:13:59","guid":{"rendered":"https:\/\/www.ndpo.fr\/cfc\/?page_id=951"},"modified":"2026-02-03T09:50:49","modified_gmt":"2026-02-03T08:50:49","slug":"cs-sommellerie","status":"publish","type":"page","link":"https:\/\/www.ndpo.fr\/cfc\/cs-sommellerie\/","title":{"rendered":"CS SOMMELLERIE"},"content":{"rendered":"<p>[vc_row][vc_column]\n        <div class=\"rs-heading style2   center\">\n        \t<div class=\"title-inner\">\n\t            \n\t            <h2 >CS SOMMELLERIE<\/h2>\n\t        <\/div><\/div>[\/vc_column][\/vc_row][vc_row][vc_column width=&#8221;2\/3&#8243;][vc_single_image image=&#8221;952&#8243; img_size=&#8221;full&#8221;][vc_row_inner][vc_column_inner width=&#8221;1\/2&#8243;][vc_btn title=&#8221;T\u00e9l\u00e9chargez la fiche formation&#8221; style=&#8221;custom&#8221; custom_background=&#8221;#c41718&#8243; custom_text=&#8221;#ffffff&#8221; size=&#8221;lg&#8221; align=&#8221;center&#8221; button_block=&#8221;true&#8221; link=&#8221;url:https%3A%2F%2Fwww.ndpo.fr%2Fapp%2Fuploads%2Fsites%2F11%2F2026%2F02%2FCS-sommellerie-CFC.pdf|title:CS%20Sommellerie|target:%20_blank|&#8221;][\/vc_column_inner][vc_column_inner width=&#8221;1\/2&#8243;][vc_btn title=&#8221;Contactez-nous !&#8221; style=&#8221;custom&#8221; custom_background=&#8221;#c41718&#8243; custom_text=&#8221;#ffffff&#8221; size=&#8221;lg&#8221; align=&#8221;center&#8221; button_block=&#8221;true&#8221; link=&#8221;url:https%3A%2F%2Fwww.ndpo.fr%2Fcfc%2Fcontact%2F||target:%20_blank|&#8221;][\/vc_column_inner][\/vc_row_inner][\/vc_column][vc_column width=&#8221;1\/3&#8243;]\n        <div class=\"rs-heading style1   \">\n        \t<div class=\"title-inner\">\n\t            \n\t            <h2 >Public concern\u00e9<\/h2>\n\t        <\/div><div class=\"description\"><p >Les adultes ayant quitt\u00e9 le syst\u00e8me scolaire, mais qui souhaitent parfaire leurs connaissances et comp\u00e9tences et\/ou en acqu\u00e9rir de nouvelles.<\/p><\/div><\/div>\n        <div class=\"rs-heading style1   \">\n        \t<div class=\"title-inner\">\n\t            \n\t            <h2 >Pr\u00e9requis<\/h2>\n\t        <\/div><div class=\"description\"><p >\u00catre titulaire d\u2019un baccalaur\u00e9at g\u00e9n\u00e9ral, technologique ou professionnel minimum<br \/>\nMaitriser la langue fran\u00e7aise orale et \u00e9crite<\/p><\/div><\/div>\n        <div class=\"rs-heading style1   \">\n        \t<div class=\"title-inner\">\n\t            \n\t            <h2 >MOYENS D\u2019ENCADREMENT<\/h2>\n\t        <\/div><div class=\"description\"><p >L\u2019animation de la formation est assur\u00e9e par des intervenants sp\u00e9cialis\u00e9s en oenologie, techniques de d\u00e9gustation, accord mets-vins, commercialisation et relation client\u00e8le.<\/p><\/div><\/div>[\/vc_column][\/vc_row][vc_row][vc_column][vc_tta_tabs][vc_tta_section title=&#8221;Description de la formation&#8221; tab_id=&#8221;1613985700420-b272efd7-2ae7baa6-2e3e&#8221;][vc_empty_space]\n        <div class=\"rs-heading style2   \">\n        \t<div class=\"title-inner\">\n\t            \n\t            <h2 >DESCRIPTION DE LA FORMATION<\/h2>\n\t        <\/div><div class=\"description\"><p >Notre formation de Certificat de Sp\u00e9cialisation Sommellerie s\u2019appuie sur une expertise reconnue dans l&#8217;h\u00f4tellerie-restauration et la formation professionnelle, au sein d\u2019un \u00e9tablissement \u00e0 taille humaine favorisant un accompagnement individualis\u00e9.<\/p>\n<p>&nbsp;<\/p>\n<p>Elle d\u00e9veloppe \u00e0 la fois les comp\u00e9tences techniques et commerciales li\u00e9es au vin : d\u00e9gustation, conseil client\u00e8le, accords mets-vins, gestion de cave, mais aussi valorisation et vente des produits en restaurant comme en cave. Les enseignements sont enrichis par des mises en situation professionnelles, en lien avec les r\u00e9alit\u00e9s du terrain.<\/p>\n<p>&nbsp;<\/p>\n<p>Les formateurs, issus du monde professionnel, transmettent un savoir-faire directement op\u00e9rationnel. Un r\u00e9seau d\u2019entreprises partenaires facilite l\u2019acc\u00e8s aux stages et soutient l\u2019insertion professionnelle.<\/p>\n<p>&nbsp;<\/p>\n<p><strong>Articulation de la formation<\/strong>\u00a0:<\/p>\n<p>\u2013 de 400 \u00e0 420 heures de formation au CFC<br \/>\n\u2013 12 semaines de stage en entreprise<\/p><\/div><\/div>[\/vc_tta_section][vc_tta_section title=&#8221;Objectifs et programme&#8221; tab_id=&#8221;1613985761837-fea28251-e85fbaa6-2e3e&#8221;]\n        <div class=\"rs-heading style2   \">\n        \t<div class=\"title-inner\">\n\t            \n\t            <h2 >OBJECTIFS ET PROGRAMME<\/h2>\n\t        <\/div><div class=\"description\"><p ><strong>OBJECTIFS :<\/strong><\/p>\n<p>&nbsp;<\/p>\n<p><strong>Appr\u00e9ciation des vins et autres boissons et organisation des achats<\/strong><\/p>\n<p>&#8211; Analyse sensorielle<br \/>\n&#8211; Approvisionnement et stockage<\/p>\n<p>&nbsp;<\/p>\n<p><strong>Organisation et mise en \u0153uvre de l\u2019activit\u00e9 commerciale<\/strong><\/p>\n<p>&#8211; Pr\u00e9paration du service<br \/>\n&#8211; Commercialisation et service des vins et autres boissons<br \/>\n&#8211; Cr\u00e9ation et mise \u00e0 jour de la carte des vins et autres boissons<\/p>\n<p>&nbsp;<\/p>\n<p><strong>PROGRAMME :<\/strong><\/p>\n<p>&nbsp;<\/p>\n<p><strong>Techniques professionnelles du sommelier<\/strong><\/p>\n<p>&#8211; Service du vin \u00e0 table et au comptoir.<\/p>\n<p>&#8211; D\u00e9cantation, a\u00e9ration, versement et pr\u00e9sentation des vins.<\/p>\n<p>&#8211; Techniques de stockage et de conservation des bouteilles.<\/p>\n<p>&nbsp;<\/p>\n<p><strong>Connaissance des boissons<\/strong><\/p>\n<p>&#8211; Vins fran\u00e7ais et internationaux : c\u00e9pages, terroirs, appellations.<\/p>\n<p>&#8211; Bi\u00e8res, spiritueux, liqueurs et autres boissons alcoolis\u00e9es.<\/p>\n<p>&#8211; Accords mets-vins et recommandations commerciales adapt\u00e9es \u00e0 la client\u00e8le.<\/p>\n<p>&nbsp;<\/p>\n<p><strong>D\u00e9gustation<\/strong><\/p>\n<p>&#8211; Initiation \u00e0 la d\u00e9gustation professionnelle : vue, nez, bouche.<\/p>\n<p>&#8211; Analyse sensorielle : identification des ar\u00f4mes, structure, \u00e9quilibre et longueur.<\/p>\n<p>&#8211; \u00c9valuation de la qualit\u00e9 et de l\u2019\u00e2ge des vins.<\/p>\n<p>&nbsp;<\/p>\n<p><strong>Technologie et gestion du bar \/ cave<\/strong><\/p>\n<p>&#8211; Organisation et gestion d\u2019une cave ou d\u2019un bar \u00e0 vins.<\/p>\n<p>&#8211; Gestion des stocks, inventaire et approvisionnement.<\/p>\n<p>&#8211; \u00c9tiquetage, tra\u00e7abilit\u00e9 et conservation des produits.<\/p>\n<p>&#8211; Initiation \u00e0 la gestion d\u2019un budget et suivi des ventes.<\/p>\n<p>&nbsp;<\/p>\n<p><strong>Anglais professionnel<\/strong><\/p>\n<p>&#8211; Vocabulaire du vin et du service pour client\u00e8le internationale.<\/p>\n<p>&#8211; Pr\u00e9sentation des vins et conseils d\u2019accords mets-vins en anglais.<\/p>\n<p>&#8211; Gestion de la relation client : prise de commande et r\u00e9clamation.<\/p>\n<p>&nbsp;<\/p>\n<p><strong>Relation client et communication<\/strong><\/p>\n<p>&#8211; Accueil et conseil personnalis\u00e9 aupr\u00e8s des clients.<\/p>\n<p>&#8211; Techniques de vente et valorisation des produits.<\/p>\n<p>&#8211; Communication professionnelle et posture adapt\u00e9e.<\/p>\n<p>&nbsp;<\/p>\n<p><strong>Sciences appliqu\u00e9es \u00e0 l\u2019hygi\u00e8ne<\/strong><\/p>\n<p>&#8211; Normes d\u2019hygi\u00e8ne et de s\u00e9curit\u00e9 (HACCP appliqu\u00e9 aux boissons et service).<\/p>\n<p>&#8211; Pr\u00e9vention des risques.<\/p>\n<p>&#8211; Nettoyage et entretien des mat\u00e9riels et des locaux.<\/p>\n<p>&#8211; Gestion des d\u00e9chets et bonnes pratiques environnementales.<\/p><\/div><\/div>[\/vc_tta_section][vc_tta_section title=&#8221;Dates de session&#8221; tab_id=&#8221;1613985756609-679eba8b-b957baa6-2e3e&#8221;][vc_empty_space]\n        <div class=\"rs-heading style2   \">\n        \t<div class=\"title-inner\">\n\t            \n\t            <h2 >Dates de session<\/h2>\n\t        <\/div><div class=\"description\"><p >1 session par an : septembre\u00a0 2026<\/p><\/div><\/div>[\/vc_tta_section][\/vc_tta_tabs][\/vc_column][\/vc_row][vc_row][vc_column width=&#8221;1\/2&#8243;][vc_btn title=&#8221;Acc\u00e9der \u00e0 la fiche France Comp\u00e9tences&#8221; style=&#8221;custom&#8221; custom_background=&#8221;#c41718&#8243; custom_text=&#8221;#ffffff&#8221; size=&#8221;lg&#8221; align=&#8221;center&#8221; button_block=&#8221;true&#8221; link=&#8221;url:https%3A%2F%2Fwww.francecompetences.fr%2Frecherche%2Frncp%2F37382%2F%20|title:Acc%C3%A9der%20%C3%A0%20la%20fiche%20France%20Comp%C3%A9tences|target:%20_blank|&#8221;][\/vc_column][vc_column width=&#8221;1\/2&#8243;][vc_btn title=&#8221;Acc\u00e9der au r\u00e9f\u00e9rentiel de formation&#8221; style=&#8221;custom&#8221; custom_background=&#8221;#c41718&#8243; custom_text=&#8221;#ffffff&#8221; size=&#8221;lg&#8221; align=&#8221;center&#8221; button_block=&#8221;true&#8221; link=&#8221;url:https%3A%2F%2Fwww.hotellerie-restauration.ac-versailles.fr%2FIMG%2Fpdf%2Fre_fe_rentiel_mc4_sommellerie.pdf%20|title:Acc%C3%A9der%20au%20r%C3%A9f%C3%A9rentiel%20de%20formation|target:%20_blank|&#8221;][\/vc_column][\/vc_row]<\/p>\n","protected":false},"excerpt":{"rendered":"<p>[vc_row][vc_column][\/vc_column][\/vc_row][vc_row][vc_column width=&#8221;2\/3&#8243;][vc_single_image image=&#8221;952&#8243; img_size=&#8221;full&#8221;][vc_row_inner][vc_column_inner width=&#8221;1\/2&#8243;][vc_btn title=&#8221;T\u00e9l\u00e9chargez la fiche formation&#8221; style=&#8221;custom&#8221; custom_background=&#8221;#c41718&#8243; custom_text=&#8221;#ffffff&#8221; size=&#8221;lg&#8221; align=&#8221;center&#8221; button_block=&#8221;true&#8221; link=&#8221;url:https%3A%2F%2Fwww.ndpo.fr%2Fapp%2Fuploads%2Fsites%2F11%2F2026%2F02%2FCS-sommellerie-CFC.pdf|title:CS%20Sommellerie|target:%20_blank|&#8221;][\/vc_column_inner][vc_column_inner width=&#8221;1\/2&#8243;][vc_btn title=&#8221;Contactez-nous !&#8221; style=&#8221;custom&#8221; custom_background=&#8221;#c41718&#8243; custom_text=&#8221;#ffffff&#8221; size=&#8221;lg&#8221; align=&#8221;center&#8221; button_block=&#8221;true&#8221; link=&#8221;url:https%3A%2F%2Fwww.ndpo.fr%2Fcfc%2Fcontact%2F||target:%20_blank|&#8221;][\/vc_column_inner][\/vc_row_inner][\/vc_column][vc_column width=&#8221;1\/3&#8243;][\/vc_column][\/vc_row][vc_row][vc_column][vc_tta_tabs][vc_tta_section title=&#8221;Description&#8230;<\/p>\n","protected":false},"author":4,"featured_media":0,"parent":0,"menu_order":0,"comment_status":"closed","ping_status":"closed","template":"","meta":{"footnotes":""},"class_list":["post-951","page","type-page","status-publish","hentry"],"_links":{"self":[{"href":"https:\/\/www.ndpo.fr\/cfc\/wp-json\/wp\/v2\/pages\/951","targetHints":{"allow":["GET"]}}],"collection":[{"href":"https:\/\/www.ndpo.fr\/cfc\/wp-json\/wp\/v2\/pages"}],"about":[{"href":"https:\/\/www.ndpo.fr\/cfc\/wp-json\/wp\/v2\/types\/page"}],"author":[{"embeddable":true,"href":"https:\/\/www.ndpo.fr\/cfc\/wp-json\/wp\/v2\/users\/4"}],"replies":[{"embeddable":true,"href":"https:\/\/www.ndpo.fr\/cfc\/wp-json\/wp\/v2\/comments?post=951"}],"version-history":[{"count":13,"href":"https:\/\/www.ndpo.fr\/cfc\/wp-json\/wp\/v2\/pages\/951\/revisions"}],"predecessor-version":[{"id":1138,"href":"https:\/\/www.ndpo.fr\/cfc\/wp-json\/wp\/v2\/pages\/951\/revisions\/1138"}],"wp:attachment":[{"href":"https:\/\/www.ndpo.fr\/cfc\/wp-json\/wp\/v2\/media?parent=951"}],"curies":[{"name":"wp","href":"https:\/\/api.w.org\/{rel}","templated":true}]}}

<p>[vc_row][vc_column]
        <div class="rs-heading style2   center">
        	<div class="title-inner">
	            
	            <h2 >CS SOMMELLERIE</h2>
	        </div></div>[/vc_column][/vc_row][vc_row][vc_column width=&#8221;2/3&#8243;][vc_single_image image=&#8221;952&#8243; img_size=&#8221;full&#8221;][vc_row_inner][vc_column_inner width=&#8221;1/2&#8243;][vc_btn title=&#8221;Téléchargez la fiche formation&#8221; style=&#8221;custom&#8221; custom_background=&#8221;#c41718&#8243; custom_text=&#8221;#ffffff&#8221; size=&#8221;lg&#8221; align=&#8221;center&#8221; button_block=&#8221;true&#8221; link=&#8221;url:https%3A%2F%2Fwww.ndpo.fr%2Fapp%2Fuploads%2Fsites%2F11%2F2026%2F02%2FCS-sommellerie-CFC.pdf|title:CS%20Sommellerie|target:%20_blank|&#8221;][/vc_column_inner][vc_column_inner width=&#8221;1/2&#8243;][vc_btn title=&#8221;Contactez-nous !&#8221; style=&#8221;custom&#8221; custom_background=&#8221;#c41718&#8243; custom_text=&#8221;#ffffff&#8221; size=&#8221;lg&#8221; align=&#8221;center&#8221; button_block=&#8221;true&#8221; link=&#8221;url:https%3A%2F%2Fwww.ndpo.fr%2Fcfc%2Fcontact%2F||target:%20_blank|&#8221;][/vc_column_inner][/vc_row_inner][/vc_column][vc_column width=&#8221;1/3&#8243;]
        <div class="rs-heading style1   ">
        	<div class="title-inner">
	            
	            <h2 >Public concerné</h2>
	        </div><div class="description"><p >Les adultes ayant quitté le système scolaire, mais qui souhaitent parfaire leurs connaissances et compétences et/ou en acquérir de nouvelles.</p></div></div>
        <div class="rs-heading style1   ">
        	<div class="title-inner">
	            
	            <h2 >Prérequis</h2>
	        </div><div class="description"><p >Être titulaire d’un baccalauréat général, technologique ou professionnel minimum<br />
Maitriser la langue française orale et écrite</p></div></div>
        <div class="rs-heading style1   ">
        	<div class="title-inner">
	            
	            <h2 >MOYENS D’ENCADREMENT</h2>
	        </div><div class="description"><p >L’animation de la formation est assurée par des intervenants spécialisés en oenologie, techniques de dégustation, accord mets-vins, commercialisation et relation clientèle.</p></div></div>[/vc_column][/vc_row][vc_row][vc_column][vc_tta_tabs][vc_tta_section title=&#8221;Description de la formation&#8221; tab_id=&#8221;1613985700420-b272efd7-2ae7baa6-2e3e&#8221;][vc_empty_space]
        <div class="rs-heading style2   ">
        	<div class="title-inner">
	            
	            <h2 >DESCRIPTION DE LA FORMATION</h2>
	        </div><div class="description"><p >Notre formation de Certificat de Spécialisation Sommellerie s’appuie sur une expertise reconnue dans l&#8217;hôtellerie-restauration et la formation professionnelle, au sein d’un établissement à taille humaine favorisant un accompagnement individualisé.</p>
<p>&nbsp;</p>
<p>Elle développe à la fois les compétences techniques et commerciales liées au vin : dégustation, conseil clientèle, accords mets-vins, gestion de cave, mais aussi valorisation et vente des produits en restaurant comme en cave. Les enseignements sont enrichis par des mises en situation professionnelles, en lien avec les réalités du terrain.</p>
<p>&nbsp;</p>
<p>Les formateurs, issus du monde professionnel, transmettent un savoir-faire directement opérationnel. Un réseau d’entreprises partenaires facilite l’accès aux stages et soutient l’insertion professionnelle.</p>
<p>&nbsp;</p>
<p><strong>Articulation de la formation</strong> :</p>
<p>– de 400 à 420 heures de formation au CFC<br />
– 12 semaines de stage en entreprise</p></div></div>[/vc_tta_section][vc_tta_section title=&#8221;Objectifs et programme&#8221; tab_id=&#8221;1613985761837-fea28251-e85fbaa6-2e3e&#8221;]
        <div class="rs-heading style2   ">
        	<div class="title-inner">
	            
	            <h2 >OBJECTIFS ET PROGRAMME</h2>
	        </div><div class="description"><p ><strong>OBJECTIFS :</strong></p>
<p>&nbsp;</p>
<p><strong>Appréciation des vins et autres boissons et organisation des achats</strong></p>
<p>&#8211; Analyse sensorielle<br />
&#8211; Approvisionnement et stockage</p>
<p>&nbsp;</p>
<p><strong>Organisation et mise en œuvre de l’activité commerciale</strong></p>
<p>&#8211; Préparation du service<br />
&#8211; Commercialisation et service des vins et autres boissons<br />
&#8211; Création et mise à jour de la carte des vins et autres boissons</p>
<p>&nbsp;</p>
<p><strong>PROGRAMME :</strong></p>
<p>&nbsp;</p>
<p><strong>Techniques professionnelles du sommelier</strong></p>
<p>&#8211; Service du vin à table et au comptoir.</p>
<p>&#8211; Décantation, aération, versement et présentation des vins.</p>
<p>&#8211; Techniques de stockage et de conservation des bouteilles.</p>
<p>&nbsp;</p>
<p><strong>Connaissance des boissons</strong></p>
<p>&#8211; Vins français et internationaux : cépages, terroirs, appellations.</p>
<p>&#8211; Bières, spiritueux, liqueurs et autres boissons alcoolisées.</p>
<p>&#8211; Accords mets-vins et recommandations commerciales adaptées à la clientèle.</p>
<p>&nbsp;</p>
<p><strong>Dégustation</strong></p>
<p>&#8211; Initiation à la dégustation professionnelle : vue, nez, bouche.</p>
<p>&#8211; Analyse sensorielle : identification des arômes, structure, équilibre et longueur.</p>
<p>&#8211; Évaluation de la qualité et de l’âge des vins.</p>
<p>&nbsp;</p>
<p><strong>Technologie et gestion du bar / cave</strong></p>
<p>&#8211; Organisation et gestion d’une cave ou d’un bar à vins.</p>
<p>&#8211; Gestion des stocks, inventaire et approvisionnement.</p>
<p>&#8211; Étiquetage, traçabilité et conservation des produits.</p>
<p>&#8211; Initiation à la gestion d’un budget et suivi des ventes.</p>
<p>&nbsp;</p>
<p><strong>Anglais professionnel</strong></p>
<p>&#8211; Vocabulaire du vin et du service pour clientèle internationale.</p>
<p>&#8211; Présentation des vins et conseils d’accords mets-vins en anglais.</p>
<p>&#8211; Gestion de la relation client : prise de commande et réclamation.</p>
<p>&nbsp;</p>
<p><strong>Relation client et communication</strong></p>
<p>&#8211; Accueil et conseil personnalisé auprès des clients.</p>
<p>&#8211; Techniques de vente et valorisation des produits.</p>
<p>&#8211; Communication professionnelle et posture adaptée.</p>
<p>&nbsp;</p>
<p><strong>Sciences appliquées à l’hygiène</strong></p>
<p>&#8211; Normes d’hygiène et de sécurité (HACCP appliqué aux boissons et service).</p>
<p>&#8211; Prévention des risques.</p>
<p>&#8211; Nettoyage et entretien des matériels et des locaux.</p>
<p>&#8211; Gestion des déchets et bonnes pratiques environnementales.</p></div></div>[/vc_tta_section][vc_tta_section title=&#8221;Dates de session&#8221; tab_id=&#8221;1613985756609-679eba8b-b957baa6-2e3e&#8221;][vc_empty_space]
        <div class="rs-heading style2   ">
        	<div class="title-inner">
	            
	            <h2 >Dates de session</h2>
	        </div><div class="description"><p >1 session par an : septembre  2026</p></div></div>[/vc_tta_section][/vc_tta_tabs][/vc_column][/vc_row][vc_row][vc_column width=&#8221;1/2&#8243;][vc_btn title=&#8221;Accéder à la fiche France Compétences&#8221; style=&#8221;custom&#8221; custom_background=&#8221;#c41718&#8243; custom_text=&#8221;#ffffff&#8221; size=&#8221;lg&#8221; align=&#8221;center&#8221; button_block=&#8221;true&#8221; link=&#8221;url:https%3A%2F%2Fwww.francecompetences.fr%2Frecherche%2Frncp%2F37382%2F%20|title:Acc%C3%A9der%20%C3%A0%20la%20fiche%20France%20Comp%C3%A9tences|target:%20_blank|&#8221;][/vc_column][vc_column width=&#8221;1/2&#8243;][vc_btn title=&#8221;Accéder au référentiel de formation&#8221; style=&#8221;custom&#8221; custom_background=&#8221;#c41718&#8243; custom_text=&#8221;#ffffff&#8221; size=&#8221;lg&#8221; align=&#8221;center&#8221; button_block=&#8221;true&#8221; link=&#8221;url:https%3A%2F%2Fwww.hotellerie-restauration.ac-versailles.fr%2FIMG%2Fpdf%2Fre_fe_rentiel_mc4_sommellerie.pdf%20|title:Acc%C3%A9der%20au%20r%C3%A9f%C3%A9rentiel%20de%20formation|target:%20_blank|&#8221;][/vc_column][/vc_row]</p>

<p>[vc_row][vc_column][/vc_column][/vc_row][vc_row][vc_column width=&#8221;2/3&#8243;][vc_single_image image=&#8221;952&#8243; img_size=&#8221;full&#8221;][vc_row_inner][vc_column_inner width=&#8221;1/2&#8243;][vc_btn title=&#8221;Téléchargez la fiche formation&#8221; style=&#8221;custom&#8221; custom_background=&#8221;#c41718&#8243; custom_text=&#8221;#ffffff&#8221; size=&#8221;lg&#8221; align=&#8221;center&#8221; button_block=&#8221;true&#8221; link=&#8221;url:https%3A%2F%2Fwww.ndpo.fr%2Fapp%2Fuploads%2Fsites%2F11%2F2026%2F02%2FCS-sommellerie-CFC.pdf|title:CS%20Sommellerie|target:%20_blank|&#8221;][/vc_column_inner][vc_column_inner width=&#8221;1/2&#8243;][vc_btn title=&#8221;Contactez-nous !&#8221; style=&#8221;custom&#8221; custom_background=&#8221;#c41718&#8243; custom_text=&#8221;#ffffff&#8221; size=&#8221;lg&#8221; align=&#8221;center&#8221; button_block=&#8221;true&#8221; link=&#8221;url:https%3A%2F%2Fwww.ndpo.fr%2Fcfc%2Fcontact%2F||target:%20_blank|&#8221;][/vc_column_inner][/vc_row_inner][/vc_column][vc_column width=&#8221;1/3&#8243;][/vc_column][/vc_row][vc_row][vc_column][vc_tta_tabs][vc_tta_section title=&#8221;Description&#8230;</p>
