{"id":954,"date":"2025-12-09T11:22:38","date_gmt":"2025-12-09T10:22:38","guid":{"rendered":"https:\/\/www.ndpo.fr\/cfc\/?page_id=954"},"modified":"2026-02-03T09:44:43","modified_gmt":"2026-02-03T08:44:43","slug":"cap-boulanger","status":"publish","type":"page","link":"https:\/\/www.ndpo.fr\/cfc\/cap-boulanger\/","title":{"rendered":"CAP BOULANGER"},"content":{"rendered":"<p>[vc_row][vc_column]\n        <div class=\"rs-heading style2   center\">\n        \t<div class=\"title-inner\">\n\t            \n\t            <h2 >CAP BOULANGER<\/h2>\n\t        <\/div><\/div>[\/vc_column][\/vc_row][vc_row][vc_column width=&#8221;2\/3&#8243;][vc_single_image image=&#8221;737&#8243; img_size=&#8221;full&#8221;][vc_row_inner][vc_column_inner width=&#8221;1\/2&#8243;][vc_btn title=&#8221;T\u00e9l\u00e9chargez la fiche formation&#8221; style=&#8221;custom&#8221; custom_background=&#8221;#c41718&#8243; custom_text=&#8221;#ffffff&#8221; size=&#8221;lg&#8221; align=&#8221;center&#8221; button_block=&#8221;true&#8221; link=&#8221;url:https%3A%2F%2Fwww.ndpo.fr%2Fapp%2Fuploads%2Fsites%2F11%2F2026%2F02%2FCAP-Boulanger-CFC.pdf|title:CAP%20BOULANGER|target:%20_blank|&#8221;][\/vc_column_inner][vc_column_inner width=&#8221;1\/2&#8243;][vc_btn title=&#8221;Contactez-nous !&#8221; style=&#8221;custom&#8221; custom_background=&#8221;#c41718&#8243; custom_text=&#8221;#ffffff&#8221; size=&#8221;lg&#8221; align=&#8221;center&#8221; button_block=&#8221;true&#8221; link=&#8221;url:https%3A%2F%2Fwww.ndpo.fr%2Fcfc%2Fcontact%2F||target:%20_blank|&#8221;][\/vc_column_inner][\/vc_row_inner][\/vc_column][vc_column width=&#8221;1\/3&#8243;]\n        <div class=\"rs-heading style1   \">\n        \t<div class=\"title-inner\">\n\t            \n\t            <h2 >Public concern\u00e9<\/h2>\n\t        <\/div><div class=\"description\"><p >Les adultes ayant quitt\u00e9 le syst\u00e8me scolaire,<br \/>\nmais qui souhaitent parfaire leurs connaissances<br \/>\net comp\u00e9tences et\/ou en acqu\u00e9rir de nouvelles.<\/p><\/div><\/div>\n        <div class=\"rs-heading style1   \">\n        \t<div class=\"title-inner\">\n\t            \n\t            <h2 >Pr\u00e9requis<\/h2>\n\t        <\/div><div class=\"description\"><p >\u00catre titulaire d\u2019un CAP minimum et plus<br \/>\nMaitriser la langue fran\u00e7aise orale et \u00e9crite<\/p><\/div><\/div>\n        <div class=\"rs-heading style1   \">\n        \t<div class=\"title-inner\">\n\t            \n\t            <h2 >MOYENS D\u2019ENCADREMENT<\/h2>\n\t        <\/div><div class=\"description\"><p >L\u2019animation de la formation est assur\u00e9e par des<br \/>\nintervenants sp\u00e9cialis\u00e9s en boulangerie et issus du monde professionnel.<\/p><\/div><\/div>[\/vc_column][\/vc_row][vc_row][vc_column][vc_tta_tabs][vc_tta_section title=&#8221;Description de la formation&#8221; tab_id=&#8221;1613985700420-b272efd7-2ae7baa6-2e3e&#8221;][vc_empty_space]\n        <div class=\"rs-heading style2   \">\n        \t<div class=\"title-inner\">\n\t            \n\t            <h2 >DESCRIPTION DE LA FORMATION<\/h2>\n\t        <\/div><div class=\"description\"><p >Notre \u00e9tablissement propose une formation CAP Boulanger, s\u2019appuyant sur une solide exp\u00e9rience dans les m\u00e9tiers de la boulangerie et la formation professionnelle. Nous mettons \u00e0 disposition un cadre d\u2019apprentissage \u00e0 taille humaine, favorisant un suivi personnalis\u00e9 des stagiaires.<\/p>\n<p>&nbsp;<\/p>\n<p>Les apprenants \u00e9voluent dans des ateliers \u00e9quip\u00e9s de mat\u00e9riels modernes, leur permettant de ma\u00eetriser l\u2019ensemble des techniques d\u00e9finies par le r\u00e9f\u00e9rentiel. L\u2019\u00e9quipe p\u00e9dagogique, compos\u00e9e de boulangers professionnels, transmet un savoir-faire concret, directement applicable dans le quotidien du m\u00e9tier.<\/p>\n<p>&nbsp;<\/p>\n<p>Gr\u00e2ce \u00e0 un r\u00e9seau \u00e9tendu de boulangeries partenaires, nous facilitons l\u2019acc\u00e8s aux stages et \u00e0 l\u2019insertion professionnelle. Un partenariat avec un fournisseur sp\u00e9cialis\u00e9 permet \u00e9galement de simplifier l\u2019acquisition du mat\u00e9riel et des tenues, pour int\u00e9grer la formation dans des conditions optimales.<\/p>\n<p>&nbsp;<\/p>\n<p>&nbsp;<\/p>\n<p><strong>Articulation de la formation :<\/strong><\/p>\n<p>&#8211; 400 \u00e0 420 heures de formation au CFC<\/p>\n<p>&#8211; 16 semaines\u00a0de stage en entreprise<\/p><\/div><\/div>[\/vc_tta_section][vc_tta_section title=&#8221;Objectifs et programme&#8221; tab_id=&#8221;1613985761837-fea28251-e85fbaa6-2e3e&#8221;]\n        <div class=\"rs-heading style2   \">\n        \t<div class=\"title-inner\">\n\t            \n\t            <h2 >OBJECTIFS ET PROGRAMME<\/h2>\n\t        <\/div><div class=\"description\"><p ><strong>OBJECTIFS :<\/strong><\/p>\n<p>&nbsp;<\/p>\n<p><strong>Approvisionnement <\/strong><\/p>\n<p>&#8211; R\u00e9ceptionner et stocker les marchandises<br \/>\n&#8211; D\u00e9tecter et signaler les non-conformit\u00e9s<\/p>\n<p>&nbsp;<\/p>\n<p><strong>Production <\/strong><\/p>\n<p>&#8211; Mise en place du poste de travail<br \/>\n&#8211; Pr\u00e9parer les mati\u00e8res premi\u00e8res pour la production<br \/>\n&#8211; R\u00e9aliser la production<br \/>\n&#8211; Stocker les produits fabriqu\u00e9s ou en cours de fabrication<\/p>\n<p>&nbsp;<\/p>\n<p><strong>Qualit\u00e9, hygi\u00e8ne et s\u00e9curit\u00e9\u00a0<\/strong><\/p>\n<p>&#8211; Respecter le Document Unique<br \/>\n&#8211; Respecter le guide des bonnes pratiques d\u2019hygi\u00e8ne et le plan de ma\u00eetrise sanitaire<br \/>\n&#8211; Appliquer la d\u00e9marche environnementale de l\u2019entreprise<br \/>\n&#8211; V\u00e9rifier la conformit\u00e9 des produits finis<\/p>\n<p>&nbsp;<\/p>\n<p><strong>Commercialisation et communication <\/strong><\/p>\n<p>&#8211; Pr\u00e9senter les produits<br \/>\n&#8211; Communiquer avec le personnel de vente<br \/>\n&#8211; Communiquer avec la hi\u00e9rarchie et les membres de l\u2019\u00e9quipe<\/p>\n<p>&nbsp;<\/p>\n<p><strong>PROGRAMME :<\/strong><\/p>\n<p>&nbsp;<\/p>\n<p><strong>Pratique professionnelle \u2013 Boulangerie<\/strong><\/p>\n<p>&#8211; Fabrication des pains, viennoiseries et produits de base.<br \/>\n&#8211; P\u00e9trissage, fermentation, fa\u00e7onnage, cuisson et contr\u00f4le qualit\u00e9.<br \/>\n&#8211; Organisation du poste et entretien du mat\u00e9riel.<\/p>\n<p>&nbsp;<\/p>\n<p><strong>Technologie professionnelle \u2013 Boulangerie<\/strong><\/p>\n<p>&#8211; Connaissance des mati\u00e8res premi\u00e8res et proc\u00e9d\u00e9s de fabrication.<br \/>\n&#8211; Utilisation et maintenance des \u00e9quipements professionnels.<br \/>\n&#8211; Chimie et physique appliqu\u00e9es \u00e0 la boulangerie.<\/p>\n<p>&nbsp;<\/p>\n<p><strong>Pr\u00e9vention, Sant\u00e9, Environnement (PSE)<\/strong><\/p>\n<p>&#8211; S\u00e9curit\u00e9 au poste de travail et gestes professionnels adapt\u00e9s.<br \/>\n&#8211; Pr\u00e9vention des risques et premiers secours.<br \/>\n&#8211; Gestion des d\u00e9chets et bonnes pratiques environnementales.<\/p>\n<p>&nbsp;<\/p>\n<p><strong>Sciences appliqu\u00e9es \u00e0 la nutrition et \u00e0 l\u2019hygi\u00e8ne<\/strong><\/p>\n<p>&#8211; Hygi\u00e8ne alimentaire et microbiologie<br \/>\n&#8211; Techniques de stockage et conservation des produits.<br \/>\n&#8211; Pr\u00e9vention des locaux et des \u00e9quipements<\/p>\n<p>&nbsp;<\/p>\n<p><strong>Gestion appliqu\u00e9e<\/strong><\/p>\n<p>&#8211; Organisation de la production et suivi des stocks.<br \/>\n&#8211; Calcul des co\u00fbts, prix de vente et tra\u00e7abilit\u00e9 des produits.<br \/>\n&#8211; Connaissance de l\u2019entreprise de boulangerie et de ses sp\u00e9cificit\u00e9s.<br \/>\n&#8211; Gestion simple d\u2019une activit\u00e9 artisanale ou commerciale.<\/p><\/div><\/div>[\/vc_tta_section][vc_tta_section title=&#8221;Dates de session&#8221; tab_id=&#8221;1613985756609-679eba8b-b957baa6-2e3e&#8221;][vc_empty_space]\n        <div class=\"rs-heading style2   \">\n        \t<div class=\"title-inner\">\n\t            \n\t            <h2 >Dates de session<\/h2>\n\t        <\/div><div class=\"description\"><p >1 session par an : septembre 2026<\/p><\/div><\/div>[\/vc_tta_section][\/vc_tta_tabs][\/vc_column][\/vc_row][vc_row][vc_column width=&#8221;1\/2&#8243;][vc_btn title=&#8221;Acc\u00e9der \u00e0 la fiche France Comp\u00e9tences&#8221; style=&#8221;custom&#8221; custom_background=&#8221;#c41718&#8243; custom_text=&#8221;#ffffff&#8221; size=&#8221;lg&#8221; align=&#8221;center&#8221; button_block=&#8221;true&#8221; link=&#8221;url:https%3A%2F%2Fwww.francecompetences.fr%2Frecherche%2Frncp%2F37537%2F%20|title:Fiche%20France%20comp%C3%A9tences|target:%20_blank|&#8221;][\/vc_column][vc_column width=&#8221;1\/2&#8243;][vc_btn title=&#8221;Acc\u00e9der au r\u00e9f\u00e9rentiel de formation&#8221; style=&#8221;custom&#8221; custom_background=&#8221;#c41718&#8243; custom_text=&#8221;#ffffff&#8221; size=&#8221;lg&#8221; align=&#8221;center&#8221; button_block=&#8221;true&#8221; link=&#8221;url:https%3A%2F%2Fwww.metiers-alimentation.ac-versailles.fr%2FIMG%2Fpdf%2Freferentiel_cap_boulanger_2014.pdf|title:R%C3%A9f%C3%A9rentiel%20formation|target:%20_blank|&#8221;][\/vc_column][\/vc_row]<\/p>\n","protected":false},"excerpt":{"rendered":"<p>[vc_row][vc_column][\/vc_column][\/vc_row][vc_row][vc_column width=&#8221;2\/3&#8243;][vc_single_image image=&#8221;737&#8243; img_size=&#8221;full&#8221;][vc_row_inner][vc_column_inner width=&#8221;1\/2&#8243;][vc_btn title=&#8221;T\u00e9l\u00e9chargez la fiche formation&#8221; style=&#8221;custom&#8221; custom_background=&#8221;#c41718&#8243; custom_text=&#8221;#ffffff&#8221; size=&#8221;lg&#8221; align=&#8221;center&#8221; button_block=&#8221;true&#8221; link=&#8221;url:https%3A%2F%2Fwww.ndpo.fr%2Fapp%2Fuploads%2Fsites%2F11%2F2026%2F02%2FCAP-Boulanger-CFC.pdf|title:CAP%20BOULANGER|target:%20_blank|&#8221;][\/vc_column_inner][vc_column_inner width=&#8221;1\/2&#8243;][vc_btn title=&#8221;Contactez-nous !&#8221; style=&#8221;custom&#8221; custom_background=&#8221;#c41718&#8243; custom_text=&#8221;#ffffff&#8221; size=&#8221;lg&#8221; align=&#8221;center&#8221; button_block=&#8221;true&#8221; link=&#8221;url:https%3A%2F%2Fwww.ndpo.fr%2Fcfc%2Fcontact%2F||target:%20_blank|&#8221;][\/vc_column_inner][\/vc_row_inner][\/vc_column][vc_column width=&#8221;1\/3&#8243;][\/vc_column][\/vc_row][vc_row][vc_column][vc_tta_tabs][vc_tta_section title=&#8221;Description&#8230;<\/p>\n","protected":false},"author":4,"featured_media":0,"parent":0,"menu_order":0,"comment_status":"closed","ping_status":"closed","template":"","meta":{"footnotes":""},"class_list":["post-954","page","type-page","status-publish","hentry"],"_links":{"self":[{"href":"https:\/\/www.ndpo.fr\/cfc\/wp-json\/wp\/v2\/pages\/954","targetHints":{"allow":["GET"]}}],"collection":[{"href":"https:\/\/www.ndpo.fr\/cfc\/wp-json\/wp\/v2\/pages"}],"about":[{"href":"https:\/\/www.ndpo.fr\/cfc\/wp-json\/wp\/v2\/types\/page"}],"author":[{"embeddable":true,"href":"https:\/\/www.ndpo.fr\/cfc\/wp-json\/wp\/v2\/users\/4"}],"replies":[{"embeddable":true,"href":"https:\/\/www.ndpo.fr\/cfc\/wp-json\/wp\/v2\/comments?post=954"}],"version-history":[{"count":12,"href":"https:\/\/www.ndpo.fr\/cfc\/wp-json\/wp\/v2\/pages\/954\/revisions"}],"predecessor-version":[{"id":1133,"href":"https:\/\/www.ndpo.fr\/cfc\/wp-json\/wp\/v2\/pages\/954\/revisions\/1133"}],"wp:attachment":[{"href":"https:\/\/www.ndpo.fr\/cfc\/wp-json\/wp\/v2\/media?parent=954"}],"curies":[{"name":"wp","href":"https:\/\/api.w.org\/{rel}","templated":true}]}}

<p>[vc_row][vc_column]
        <div class="rs-heading style2   center">
        	<div class="title-inner">
	            
	            <h2 >CAP BOULANGER</h2>
	        </div></div>[/vc_column][/vc_row][vc_row][vc_column width=&#8221;2/3&#8243;][vc_single_image image=&#8221;737&#8243; img_size=&#8221;full&#8221;][vc_row_inner][vc_column_inner width=&#8221;1/2&#8243;][vc_btn title=&#8221;Téléchargez la fiche formation&#8221; style=&#8221;custom&#8221; custom_background=&#8221;#c41718&#8243; custom_text=&#8221;#ffffff&#8221; size=&#8221;lg&#8221; align=&#8221;center&#8221; button_block=&#8221;true&#8221; link=&#8221;url:https%3A%2F%2Fwww.ndpo.fr%2Fapp%2Fuploads%2Fsites%2F11%2F2026%2F02%2FCAP-Boulanger-CFC.pdf|title:CAP%20BOULANGER|target:%20_blank|&#8221;][/vc_column_inner][vc_column_inner width=&#8221;1/2&#8243;][vc_btn title=&#8221;Contactez-nous !&#8221; style=&#8221;custom&#8221; custom_background=&#8221;#c41718&#8243; custom_text=&#8221;#ffffff&#8221; size=&#8221;lg&#8221; align=&#8221;center&#8221; button_block=&#8221;true&#8221; link=&#8221;url:https%3A%2F%2Fwww.ndpo.fr%2Fcfc%2Fcontact%2F||target:%20_blank|&#8221;][/vc_column_inner][/vc_row_inner][/vc_column][vc_column width=&#8221;1/3&#8243;]
        <div class="rs-heading style1   ">
        	<div class="title-inner">
	            
	            <h2 >Public concerné</h2>
	        </div><div class="description"><p >Les adultes ayant quitté le système scolaire,<br />
mais qui souhaitent parfaire leurs connaissances<br />
et compétences et/ou en acquérir de nouvelles.</p></div></div>
        <div class="rs-heading style1   ">
        	<div class="title-inner">
	            
	            <h2 >Prérequis</h2>
	        </div><div class="description"><p >Être titulaire d’un CAP minimum et plus<br />
Maitriser la langue française orale et écrite</p></div></div>
        <div class="rs-heading style1   ">
        	<div class="title-inner">
	            
	            <h2 >MOYENS D’ENCADREMENT</h2>
	        </div><div class="description"><p >L’animation de la formation est assurée par des<br />
intervenants spécialisés en boulangerie et issus du monde professionnel.</p></div></div>[/vc_column][/vc_row][vc_row][vc_column][vc_tta_tabs][vc_tta_section title=&#8221;Description de la formation&#8221; tab_id=&#8221;1613985700420-b272efd7-2ae7baa6-2e3e&#8221;][vc_empty_space]
        <div class="rs-heading style2   ">
        	<div class="title-inner">
	            
	            <h2 >DESCRIPTION DE LA FORMATION</h2>
	        </div><div class="description"><p >Notre établissement propose une formation CAP Boulanger, s’appuyant sur une solide expérience dans les métiers de la boulangerie et la formation professionnelle. Nous mettons à disposition un cadre d’apprentissage à taille humaine, favorisant un suivi personnalisé des stagiaires.</p>
<p>&nbsp;</p>
<p>Les apprenants évoluent dans des ateliers équipés de matériels modernes, leur permettant de maîtriser l’ensemble des techniques définies par le référentiel. L’équipe pédagogique, composée de boulangers professionnels, transmet un savoir-faire concret, directement applicable dans le quotidien du métier.</p>
<p>&nbsp;</p>
<p>Grâce à un réseau étendu de boulangeries partenaires, nous facilitons l’accès aux stages et à l’insertion professionnelle. Un partenariat avec un fournisseur spécialisé permet également de simplifier l’acquisition du matériel et des tenues, pour intégrer la formation dans des conditions optimales.</p>
<p>&nbsp;</p>
<p>&nbsp;</p>
<p><strong>Articulation de la formation :</strong></p>
<p>&#8211; 400 à 420 heures de formation au CFC</p>
<p>&#8211; 16 semaines de stage en entreprise</p></div></div>[/vc_tta_section][vc_tta_section title=&#8221;Objectifs et programme&#8221; tab_id=&#8221;1613985761837-fea28251-e85fbaa6-2e3e&#8221;]
        <div class="rs-heading style2   ">
        	<div class="title-inner">
	            
	            <h2 >OBJECTIFS ET PROGRAMME</h2>
	        </div><div class="description"><p ><strong>OBJECTIFS :</strong></p>
<p>&nbsp;</p>
<p><strong>Approvisionnement </strong></p>
<p>&#8211; Réceptionner et stocker les marchandises<br />
&#8211; Détecter et signaler les non-conformités</p>
<p>&nbsp;</p>
<p><strong>Production </strong></p>
<p>&#8211; Mise en place du poste de travail<br />
&#8211; Préparer les matières premières pour la production<br />
&#8211; Réaliser la production<br />
&#8211; Stocker les produits fabriqués ou en cours de fabrication</p>
<p>&nbsp;</p>
<p><strong>Qualité, hygiène et sécurité </strong></p>
<p>&#8211; Respecter le Document Unique<br />
&#8211; Respecter le guide des bonnes pratiques d’hygiène et le plan de maîtrise sanitaire<br />
&#8211; Appliquer la démarche environnementale de l’entreprise<br />
&#8211; Vérifier la conformité des produits finis</p>
<p>&nbsp;</p>
<p><strong>Commercialisation et communication </strong></p>
<p>&#8211; Présenter les produits<br />
&#8211; Communiquer avec le personnel de vente<br />
&#8211; Communiquer avec la hiérarchie et les membres de l’équipe</p>
<p>&nbsp;</p>
<p><strong>PROGRAMME :</strong></p>
<p>&nbsp;</p>
<p><strong>Pratique professionnelle – Boulangerie</strong></p>
<p>&#8211; Fabrication des pains, viennoiseries et produits de base.<br />
&#8211; Pétrissage, fermentation, façonnage, cuisson et contrôle qualité.<br />
&#8211; Organisation du poste et entretien du matériel.</p>
<p>&nbsp;</p>
<p><strong>Technologie professionnelle – Boulangerie</strong></p>
<p>&#8211; Connaissance des matières premières et procédés de fabrication.<br />
&#8211; Utilisation et maintenance des équipements professionnels.<br />
&#8211; Chimie et physique appliquées à la boulangerie.</p>
<p>&nbsp;</p>
<p><strong>Prévention, Santé, Environnement (PSE)</strong></p>
<p>&#8211; Sécurité au poste de travail et gestes professionnels adaptés.<br />
&#8211; Prévention des risques et premiers secours.<br />
&#8211; Gestion des déchets et bonnes pratiques environnementales.</p>
<p>&nbsp;</p>
<p><strong>Sciences appliquées à la nutrition et à l’hygiène</strong></p>
<p>&#8211; Hygiène alimentaire et microbiologie<br />
&#8211; Techniques de stockage et conservation des produits.<br />
&#8211; Prévention des locaux et des équipements</p>
<p>&nbsp;</p>
<p><strong>Gestion appliquée</strong></p>
<p>&#8211; Organisation de la production et suivi des stocks.<br />
&#8211; Calcul des coûts, prix de vente et traçabilité des produits.<br />
&#8211; Connaissance de l’entreprise de boulangerie et de ses spécificités.<br />
&#8211; Gestion simple d’une activité artisanale ou commerciale.</p></div></div>[/vc_tta_section][vc_tta_section title=&#8221;Dates de session&#8221; tab_id=&#8221;1613985756609-679eba8b-b957baa6-2e3e&#8221;][vc_empty_space]
        <div class="rs-heading style2   ">
        	<div class="title-inner">
	            
	            <h2 >Dates de session</h2>
	        </div><div class="description"><p >1 session par an : septembre 2026</p></div></div>[/vc_tta_section][/vc_tta_tabs][/vc_column][/vc_row][vc_row][vc_column width=&#8221;1/2&#8243;][vc_btn title=&#8221;Accéder à la fiche France Compétences&#8221; style=&#8221;custom&#8221; custom_background=&#8221;#c41718&#8243; custom_text=&#8221;#ffffff&#8221; size=&#8221;lg&#8221; align=&#8221;center&#8221; button_block=&#8221;true&#8221; link=&#8221;url:https%3A%2F%2Fwww.francecompetences.fr%2Frecherche%2Frncp%2F37537%2F%20|title:Fiche%20France%20comp%C3%A9tences|target:%20_blank|&#8221;][/vc_column][vc_column width=&#8221;1/2&#8243;][vc_btn title=&#8221;Accéder au référentiel de formation&#8221; style=&#8221;custom&#8221; custom_background=&#8221;#c41718&#8243; custom_text=&#8221;#ffffff&#8221; size=&#8221;lg&#8221; align=&#8221;center&#8221; button_block=&#8221;true&#8221; link=&#8221;url:https%3A%2F%2Fwww.metiers-alimentation.ac-versailles.fr%2FIMG%2Fpdf%2Freferentiel_cap_boulanger_2014.pdf|title:R%C3%A9f%C3%A9rentiel%20formation|target:%20_blank|&#8221;][/vc_column][/vc_row]</p>

<p>[vc_row][vc_column][/vc_column][/vc_row][vc_row][vc_column width=&#8221;2/3&#8243;][vc_single_image image=&#8221;737&#8243; img_size=&#8221;full&#8221;][vc_row_inner][vc_column_inner width=&#8221;1/2&#8243;][vc_btn title=&#8221;Téléchargez la fiche formation&#8221; style=&#8221;custom&#8221; custom_background=&#8221;#c41718&#8243; custom_text=&#8221;#ffffff&#8221; size=&#8221;lg&#8221; align=&#8221;center&#8221; button_block=&#8221;true&#8221; link=&#8221;url:https%3A%2F%2Fwww.ndpo.fr%2Fapp%2Fuploads%2Fsites%2F11%2F2026%2F02%2FCAP-Boulanger-CFC.pdf|title:CAP%20BOULANGER|target:%20_blank|&#8221;][/vc_column_inner][vc_column_inner width=&#8221;1/2&#8243;][vc_btn title=&#8221;Contactez-nous !&#8221; style=&#8221;custom&#8221; custom_background=&#8221;#c41718&#8243; custom_text=&#8221;#ffffff&#8221; size=&#8221;lg&#8221; align=&#8221;center&#8221; button_block=&#8221;true&#8221; link=&#8221;url:https%3A%2F%2Fwww.ndpo.fr%2Fcfc%2Fcontact%2F||target:%20_blank|&#8221;][/vc_column_inner][/vc_row_inner][/vc_column][vc_column width=&#8221;1/3&#8243;][/vc_column][/vc_row][vc_row][vc_column][vc_tta_tabs][vc_tta_section title=&#8221;Description&#8230;</p>
