{"id":515,"date":"2021-06-18T11:23:36","date_gmt":"2021-06-18T09:23:36","guid":{"rendered":"https:\/\/www.ndpo.fr\/college\/?page_id=515"},"modified":"2024-04-10T08:56:00","modified_gmt":"2024-04-10T06:56:00","slug":"cdi","status":"publish","type":"page","link":"https:\/\/www.ndpo.fr\/college\/cdi\/","title":{"rendered":"CDI"},"content":{"rendered":"<p>[vc_row][vc_column]\n        <div class=\"rs-heading style2  vc_custom_1624014439547  center\">\n        \t<div class=\"title-inner\">\n\t            \n\t            <h2 >Bienvenue au CDI<\/h2>\n\t        <\/div><\/div>[\/vc_column][\/vc_row][vc_row][vc_column][vc_column_text]<\/p>\n<p style=\"text-align: center\">Le CDI est un lieu ressource pour tous au coll\u00e8ge.<br \/>\nMme Lecocq (professeure-documentaliste) et Mme Lemoine (aide-documentaliste)<br \/>\nvous accueillent au CDI tous les jours de 8h30 \u00e0 16h50 et le mercredi de 8h30 \u00e0 12h30.[\/vc_column_text][\/vc_column][\/vc_row][vc_row][vc_column]\n        <div class=\"rs-heading style2  vc_custom_1624014431213  center\">\n        \t<div class=\"title-inner\">\n\t            \n\t            <h2 >Les activit\u00e9s au CDI :<\/h2>\n\t        <\/div><\/div>[\/vc_column][\/vc_row][vc_row][vc_column width=&#8221;1\/3&#8243;][vc_single_image image=&#8221;530&#8243; img_size=&#8221;full&#8221;][\/vc_column][vc_column width=&#8221;1\/3&#8243;][vc_single_image image=&#8221;529&#8243; img_size=&#8221;full&#8221;][\/vc_column][vc_column width=&#8221;1\/3&#8243;][vc_single_image image=&#8221;531&#8243; img_size=&#8221;full&#8221;][\/vc_column][\/vc_row][vc_row][vc_column][vc_column_text]<\/p>\n<p style=\"text-align: center\">Travail de groupe, recherches documentaires, utilisation des documents disponibles au CDI dans les espaces \u00ab documentaires \u00bb, \u00ab usuels \u00bb, \u00ab p\u00e9riodiques \u00bb.<\/p>\n<p>[\/vc_column_text][\/vc_column][\/vc_row][vc_row][vc_column][vc_empty_space height=&#8221;50&#8243;][\/vc_column][\/vc_row][vc_row][vc_column width=&#8221;1\/4&#8243;][vc_single_image image=&#8221;532&#8243; img_size=&#8221;&#8221; add_caption=&#8221;yes&#8221; alignment=&#8221;center&#8221;][vc_column_text]<\/p>\n<p style=\"text-align: center\"><span class=\"Apple-converted-space\">\u00a0<\/span>Lecture et emprunt de livres de l\u2019espace biblioth\u00e8que<br \/>\npendant 2 semaines renouvelables.<span class=\"Apple-converted-space\">\u00a0<\/span><\/p>\n<p>[\/vc_column_text][\/vc_column][vc_column width=&#8221;1\/4&#8243;][vc_single_image image=&#8221;533&#8243; img_size=&#8221;&#8221; alignment=&#8221;center&#8221;][vc_column_text]<\/p>\n<p style=\"text-align: center\"><span class=\"Apple-converted-space\">\u00a0<\/span>Recherches sur les \u00e9tudes et les m\u00e9tiers dans les documents du kiosque Onisep.<span class=\"Apple-converted-space\">\u00a0<\/span><\/p>\n<p>[\/vc_column_text][\/vc_column][vc_column width=&#8221;1\/4&#8243;][vc_single_image image=&#8221;534&#8243; img_size=&#8221;&#8221; alignment=&#8221;center&#8221;][vc_column_text]<\/p>\n<p style=\"text-align: center\"><span class=\"Apple-converted-space\">\u00a0<\/span>Travail personnel avec utilisation des manuels scolaires disponibles en consultation.<span class=\"Apple-converted-space\">\u00a0<\/span><\/p>\n<p>[\/vc_column_text][\/vc_column][vc_column width=&#8221;1\/4&#8243;][vc_single_image image=&#8221;535&#8243; img_size=&#8221;&#8221; alignment=&#8221;center&#8221;][vc_column_text]<\/p>\n<p style=\"text-align: center\"><span class=\"Apple-converted-space\">\u00a0<\/span>Cours d\u2019EMI (Education aux M\u00e9dias et \u00e0 l\u2019Information) en 6\u00e8me et s\u00e9ances en lien avec les professeurs de disciplines.<span class=\"Apple-converted-space\">\u00a0<\/span><\/p>\n<p>[\/vc_column_text][\/vc_column][\/vc_row][vc_row][vc_column][vc_empty_space height=&#8221;50&#8243;][\/vc_column][\/vc_row][vc_row][vc_column width=&#8221;1\/3&#8243;][vc_single_image image=&#8221;536&#8243; img_size=&#8221;full&#8221;][\/vc_column][vc_column width=&#8221;1\/3&#8243;][vc_column_text]<\/p>\n<p style=\"text-align: center\"><span class=\"Apple-converted-space\">\u00a0<\/span><\/p>\n<p>&nbsp;<\/p>\n<p>&nbsp;<\/p>\n<p style=\"text-align: center\">Participation \u00e0 des activit\u00e9s<br \/>\npropos\u00e9es comme<br \/>\nl\u2019atelier journal<br \/>\nou des concours, des expositions&#8230;<span class=\"Apple-converted-space\">\u00a0<\/span><\/p>\n<p>[\/vc_column_text][\/vc_column][vc_column width=&#8221;1\/3&#8243;][vc_single_image image=&#8221;537&#8243; img_size=&#8221;full&#8221;][\/vc_column][\/vc_row][vc_row][vc_column][vc_empty_space height=&#8221;50&#8243;][\/vc_column][\/vc_row][vc_row][vc_column]\n        <div class=\"rs-heading style2  vc_custom_1624014466252  center\">\n        \t<div class=\"title-inner\">\n\t            \n\t            <h2 >Le portail documentaire du CDI<\/h2>\n\t        <\/div><\/div>[\/vc_column][\/vc_row][vc_row][vc_column][vc_column_text]<\/p>\n<p style=\"text-align: center\"><span class=\"Apple-converted-space\">\u00a0<\/span>Tous les documents pr\u00e9sents au CDI peuvent \u00eatre recherch\u00e9s et localis\u00e9s gr\u00e2ce au portail documentaire Esidoc, accessible sur la tablette et ici : <a href=\"https:\/\/0592900g.esidoc.fr\/\">https:\/\/0592900g.esidoc.fr\/<span class=\"Apple-converted-space\">\u00a0<\/span><\/a><\/p>\n<p style=\"text-align: center\">Esidoc permet de d\u00e9couvrir les nouveaut\u00e9s au CDI : romans, BD, mangas, p\u00e9riodiques, documentaires\u2026<\/p>\n<p style=\"text-align: center\">Edisoc permet \u00e9galement de r\u00e9server des livres en se connectant \u00e0 son compte personnel (identique au compte Ecole Directe), mais aussi d\u2019\u00e9crire des avis de lecture.<span class=\"Apple-converted-space\">\u00a0<\/span><\/p>\n<p>[\/vc_column_text][\/vc_column][\/vc_row][vc_row][vc_column][vc_single_image image=&#8221;538&#8243; img_size=&#8221;&#8221; alignment=&#8221;center&#8221;][\/vc_column][\/vc_row]<\/p>\n","protected":false},"excerpt":{"rendered":"<p>[vc_row][vc_column][\/vc_column][\/vc_row][vc_row][vc_column][vc_column_text] Le CDI est un lieu ressource pour tous au coll\u00e8ge. Mme Lecocq (professeure-documentaliste) et Mme Lemoine (aide-documentaliste) vous accueillent au CDI tous les jours de 8h30 \u00e0&#8230;<\/p>\n","protected":false},"author":4,"featured_media":0,"parent":0,"menu_order":0,"comment_status":"closed","ping_status":"closed","template":"","meta":{"footnotes":""},"class_list":["post-515","page","type-page","status-publish","hentry"],"_links":{"self":[{"href":"https:\/\/www.ndpo.fr\/college\/wp-json\/wp\/v2\/pages\/515","targetHints":{"allow":["GET"]}}],"collection":[{"href":"https:\/\/www.ndpo.fr\/college\/wp-json\/wp\/v2\/pages"}],"about":[{"href":"https:\/\/www.ndpo.fr\/college\/wp-json\/wp\/v2\/types\/page"}],"author":[{"embeddable":true,"href":"https:\/\/www.ndpo.fr\/college\/wp-json\/wp\/v2\/users\/4"}],"replies":[{"embeddable":true,"href":"https:\/\/www.ndpo.fr\/college\/wp-json\/wp\/v2\/comments?post=515"}],"version-history":[{"count":12,"href":"https:\/\/www.ndpo.fr\/college\/wp-json\/wp\/v2\/pages\/515\/revisions"}],"predecessor-version":[{"id":768,"href":"https:\/\/www.ndpo.fr\/college\/wp-json\/wp\/v2\/pages\/515\/revisions\/768"}],"wp:attachment":[{"href":"https:\/\/www.ndpo.fr\/college\/wp-json\/wp\/v2\/media?parent=515"}],"curies":[{"name":"wp","href":"https:\/\/api.w.org\/{rel}","templated":true}]}}