{"id":1465,"date":"2025-02-12T09:33:06","date_gmt":"2025-02-12T08:33:06","guid":{"rendered":"https:\/\/www.ndpo.fr\/international\/?page_id=1465"},"modified":"2025-03-12T15:21:44","modified_gmt":"2025-03-12T14:21:44","slug":"cegep-quebec-esp","status":"publish","type":"page","link":"https:\/\/www.ndpo.fr\/international\/cegep-quebec-esp\/","title":{"rendered":"CEGEP QUEBEC"},"content":{"rendered":"<p>[vc_row][vc_column width=&#8221;1\/2&#8243; css=&#8221;.vc_custom_1708443672494{margin-top: 0px !important;margin-right: 100px !important;border-top-width: 0px !important;border-right-width: 100px !important;padding-top: 0px !important;padding-right: 100px !important;}&#8221;]\n        <div class=\"rs-heading style2  vc_custom_1738076526906  \">\n        \t<div class=\"title-inner\">\n\t            \n\t            <h2 >CEGEP QUEBEC<\/h2>\n\t        <\/div><\/div>[vc_column_text css=&#8221;.vc_custom_1741789181755{margin-top: 0px !important;margin-right: 0px !important;margin-bottom: 0px !important;margin-left: 0px !important;border-top-width: 0px !important;border-right-width: 0px !important;border-bottom-width: 0px !important;border-left-width: 0px !important;padding-top: 0px !important;padding-right: 0px !important;padding-bottom: 0px !important;padding-left: 0px !important;}&#8221;]ESTUDIOS EN QUEBEC \u00bfPOR QU\u00c9 NO?<\/p>\n<p>\u2022 Empresa \u00fanica en Am\u00e9rica<br \/>\n\u2022 Provincia multicultural<br \/>\n\u2022 Cualidad de vida excepcional en un entorno seguro<br \/>\n\u2022 Cualidad de la ense\u00f1anza<br \/>\n\u2022 Educaci\u00f3n gratuita (Acuerdo Qu\u00e9bec-Francia)<br \/>\n\u2022 Valor agregado a su curr\u00edculum[\/vc_column_text][vc_empty_space][vc_empty_space][vc_btn title=&#8221;Presentaci\u00f3n del CEGEP&#8221; style=&#8221;custom&#8221; custom_background=&#8221;#058240&#8243; custom_text=&#8221;#ffffff&#8221; align=&#8221;center&#8221; link=&#8221;url:https%3A%2F%2Fwww.ndpo.fr%2Fapp%2Fuploads%2Fsites%2F12%2F2025%2F02%2FPresentation-Cegep-de-St-Felicien.pdf||target:%20_blank|&#8221;][\/vc_column][vc_column width=&#8221;1\/2&#8243;][vc_gallery interval=&#8221;0&#8243; images=&#8221;1447&#8243; img_size=&#8221;large&#8221; onclick=&#8221;&#8221; css_animation=&#8221;zoomInRight&#8221;][\/vc_column][\/vc_row][vc_row][vc_column width=&#8221;1\/2&#8243;]\n        <div class=\"rs-heading style2  vc_custom_1741789194674  \">\n        \t<div class=\"title-inner\">\n\t            \n\t            <h2 >\u00bfQU\u00c9 ES CEGEP?<\/h2>\n\t        <\/div><\/div>[vc_column_text]El C\u00e9gep de St-F\u00e9licien est\u00e1 situado en la regi\u00f3n de Saguenay-Lac-Saint-Jean, m\u00e1s precisamente en Lac-Saint-Jean, en un entorno que ofrece una cualidad de vida excepcional. Su misi\u00f3n, acoger, formar, apoyar, es el reflejo de una instituci\u00f3n de proximidad y de una apertura al mundo.<\/p>\n<p>El C\u00e9gep es reconocido por su enfoque personalizado, su formaci\u00f3n de calidad y su implicaci\u00f3n en la comunidad.<\/p>\n<p>Ofrece cuatro programas preuniversitarios, tres itinerarios Doble DEC y siete programas t\u00e9cnicos, incluido el programa T\u00e9cnicas del Medio Ambiente Natural, un curso de formaci\u00f3n \u00fanico en Quebec.[\/vc_column_text][vc_empty_space][\/vc_column][vc_column width=&#8221;1\/2&#8243;][vc_empty_space][vc_empty_space][vc_gallery interval=&#8221;0&#8243; images=&#8221;1432&#8243; img_size=&#8221;full&#8221; onclick=&#8221;&#8221; css_animation=&#8221;zoomInRight&#8221;][vc_btn title=&#8221;\u00a1Prepara tu llegada!&#8221; style=&#8221;custom&#8221; custom_background=&#8221;#058240&#8243; custom_text=&#8221;#ffffff&#8221; align=&#8221;center&#8221; link=&#8221;url:https%3A%2F%2Fwww.ndpo.fr%2Fapp%2Fuploads%2Fsites%2F12%2F2025%2F02%2FDEMARCHES-POUR-ENTREPRENDRE-DES-ETUDES.pdf||target:%20_blank|&#8221;][vc_empty_space height=&#8221;100px&#8221;][\/vc_column][\/vc_row][vc_row][vc_column width=&#8221;1\/2&#8243;][vc_gallery interval=&#8221;0&#8243; images=&#8221;1434&#8243; img_size=&#8221;full&#8221; onclick=&#8221;&#8221; css_animation=&#8221;zoomInLeft&#8221;][\/vc_column][vc_column width=&#8221;1\/2&#8243;][vc_column_text]El entorno de vida del C\u00e9gep de St-F\u00e9licien se enriquece con la presencia de cerca de 1.000 estudiantes de todos los or\u00edgenes, de los cuales cerca de 300 proceden del extranjero.<\/p>\n<p>El C\u00e9gep favorece el aprendizaje en laboratorios naturales como su bosque de ense\u00f1anza e investigaci\u00f3n.<\/p>\n<p>A trav\u00e9s de su fundaci\u00f3n, ofrece un programa de becas para ayudar a ciertos estudiantes a proseguir sus estudios universitarios, incluida asistencia financiera para alojamiento en sus apartamentos de estudiantes.[\/vc_column_text][vc_btn title=&#8221;Ficha de Estudio de Turismo&#8221; style=&#8221;custom&#8221; custom_background=&#8221;#058240&#8243; custom_text=&#8221;#ffffff&#8221; align=&#8221;center&#8221; link=&#8221;url:https%3A%2F%2Fwww.ndpo.fr%2Fapp%2Fuploads%2Fsites%2F12%2F2025%2F02%2FFiche-tourisme.pdf||target:%20_blank|&#8221;][\/vc_column][\/vc_row]<\/p>\n","protected":false},"excerpt":{"rendered":"<p>[vc_row][vc_column width=&#8221;1\/2&#8243; css=&#8221;.vc_custom_1708443672494{margin-top: 0px !important;margin-right: 100px !important;border-top-width: 0px !important;border-right-width: 100px !important;padding-top: 0px !important;padding-right: 100px !important;}&#8221;][vc_column_text css=&#8221;.vc_custom_1741789181755{margin-top: 0px !important;margin-right: 0px !important;margin-bottom: 0px !important;margin-left: 0px !important;border-top-width: 0px !important;border-right-width: 0px !important;border-bottom-width:&#8230;<\/p>\n","protected":false},"author":4,"featured_media":0,"parent":0,"menu_order":0,"comment_status":"closed","ping_status":"closed","template":"","meta":{"footnotes":""},"class_list":["post-1465","page","type-page","status-publish","hentry"],"_links":{"self":[{"href":"https:\/\/www.ndpo.fr\/international\/wp-json\/wp\/v2\/pages\/1465","targetHints":{"allow":["GET"]}}],"collection":[{"href":"https:\/\/www.ndpo.fr\/international\/wp-json\/wp\/v2\/pages"}],"about":[{"href":"https:\/\/www.ndpo.fr\/international\/wp-json\/wp\/v2\/types\/page"}],"author":[{"embeddable":true,"href":"https:\/\/www.ndpo.fr\/international\/wp-json\/wp\/v2\/users\/4"}],"replies":[{"embeddable":true,"href":"https:\/\/www.ndpo.fr\/international\/wp-json\/wp\/v2\/comments?post=1465"}],"version-history":[{"count":3,"href":"https:\/\/www.ndpo.fr\/international\/wp-json\/wp\/v2\/pages\/1465\/revisions"}],"predecessor-version":[{"id":1472,"href":"https:\/\/www.ndpo.fr\/international\/wp-json\/wp\/v2\/pages\/1465\/revisions\/1472"}],"wp:attachment":[{"href":"https:\/\/www.ndpo.fr\/international\/wp-json\/wp\/v2\/media?parent=1465"}],"curies":[{"name":"wp","href":"https:\/\/api.w.org\/{rel}","templated":true}]}}