{"id":424,"date":"2024-02-13T14:40:58","date_gmt":"2024-02-13T13:40:58","guid":{"rendered":"https:\/\/www.ndpo.fr\/international\/?page_id=424"},"modified":"2025-06-02T09:52:22","modified_gmt":"2025-06-02T07:52:22","slug":"erasmus","status":"publish","type":"page","link":"https:\/\/www.ndpo.fr\/international\/accueil\/erasmus\/","title":{"rendered":"Erasmus+"},"content":{"rendered":"<p>[vc_row][vc_column width=&#8221;1\/2&#8243; css=&#8221;.vc_custom_1708943756216{margin-top: 0px !important;margin-right: 0px !important;margin-bottom: 0px !important;margin-left: 0px !important;border-top-width: 0px !important;border-right-width: 0px !important;border-bottom-width: 0px !important;border-left-width: 0px !important;padding-top: 0px !important;padding-right: 0px !important;padding-bottom: 0px !important;padding-left: 0px !important;}&#8221;][vc_gallery interval=&#8221;0&#8243; images=&#8221;745&#8243; img_size=&#8221;full&#8221; onclick=&#8221;&#8221; css_animation=&#8221;fadeIn&#8221; css=&#8221;.vc_custom_1709136728899{margin-top: 0px !important;margin-right: 0px !important;margin-bottom: 0px !important;margin-left: 0px !important;border-top-width: 0px !important;border-right-width: 0px !important;border-bottom-width: 0px !important;border-left-width: 0px !important;padding-top: 0px !important;padding-right: 0px !important;padding-bottom: 0px !important;padding-left: 0px !important;}&#8221;][vc_empty_space height=&#8221;125px&#8221;][vc_column_text]Erasmus+ est un r\u00e9seau de partenaires europ\u00e9ens s\u00e9lectionnant et supervisant les stages et d\u00e9velopper les \u00e9changes entre les \u00e9quipes enseignantes, les \u00e9tudiants et le monde de l\u2019entreprise.<\/p>\n<p>C&#8217;est un partenariat pour des projets d\u2019\u00e9change, de d\u00e9veloppement ou d\u2019innovation dans le domaine de la formation.<\/p>\n<p>Cette possibilit\u00e9 est donn\u00e9e aux enseignants et adultes pour c\u00f4toyer leurs homologues \u00e9trangers, pour mieux conna\u00eetre leur culture, et pour se former en immersion \u00e0 l\u2019\u00e9tranger.<\/p>\n<p>Une mobilit\u00e9 collective est possible avec une signature d\u2019accord de r\u00e9ciprocit\u00e9 ou un lyc\u00e9e partenaire.[\/vc_column_text][\/vc_column][vc_column width=&#8221;1\/2&#8243;][vc_empty_space height=&#8221;100px&#8221;]\n        <div class=\"rs-heading style2  vc_custom_1708080023951  \">\n        \t<div class=\"title-inner\">\n\t            \n\t            <h2 >QU'EST-CE QUE LE PROGRAMME ERASMUS+ ?<\/h2>\n\t        <\/div><\/div>[vc_column_text]C&#8217;est une possibilit\u00e9 donn\u00e9e \u00e0 chaque \u00e9tudiant de vivre une exp\u00e9rience \u00e0 l\u2019\u00e9tranger, pour un s\u00e9jour linguistique ou culturel, un stage professionnel de courte dur\u00e9e ou un stage de six \u00e0 douze mois.<\/p>\n<p>Un stage de fin d\u2019\u00e9tudes pourrait d\u00e9sormais \u00eatre r\u00e9alis\u00e9 dans un des pays de l\u2019Union Europ\u00e9enne sous la supervision d\u2019un professeur r\u00e9f\u00e9rent fran\u00e7ais et d\u2019un partenaire \u00e9tranger.<\/p>\n<p>Les \u00e9l\u00e8ves du lyc\u00e9e d\u2019enseignement technologique et professionnel sont envoy\u00e9s \u00e0 l&#8217;\u00e9tranger dans les m\u00eames conditions que les \u00e9tudiants du pays d&#8217;accueil.<\/p>\n<p>Le participant en situation de handicap \/ en affection de longue dur\u00e9e \/ boursier \u00e9chelon 6 ou 7 peut b\u00e9n\u00e9ficier d&#8217;une bourse Erasmus+ sp\u00e9cifique compl\u00e9mentaire.[\/vc_column_text][vc_btn title=&#8221;Charte Erasmus + pour le sup\u00e9rieur&#8221; style=&#8221;custom&#8221; custom_background=&#8221;#058240&#8243; custom_text=&#8221;#ffffff&#8221; align=&#8221;center&#8221; link=&#8221;url:https%3A%2F%2Fwww.ndpo.fr%2Fapp%2Fuploads%2Fsites%2F12%2F2024%2F11%2FCharte-Erasmus-.pdf|||&#8221;][vc_empty_space height=&#8221;90px&#8221;][vc_gallery interval=&#8221;0&#8243; images=&#8221;742&#8243; img_size=&#8221;full&#8221; onclick=&#8221;&#8221; css_animation=&#8221;fadeIn&#8221; css=&#8221;.vc_custom_1709136753853{margin-top: 0px !important;margin-right: 0px !important;margin-bottom: 0px !important;margin-left: 0px !important;border-top-width: 0px !important;border-right-width: 0px !important;border-bottom-width: 0px !important;border-left-width: 0px !important;padding-top: 0px !important;padding-right: 0px !important;padding-bottom: 0px !important;padding-left: 0px !important;}&#8221;][\/vc_column][\/vc_row][vc_row][vc_column width=&#8221;1\/2&#8243;][vc_row_inner][vc_column_inner][vc_single_image image=&#8221;1514&#8243; img_size=&#8221;large&#8221;][\/vc_column_inner][\/vc_row_inner][\/vc_column][vc_column width=&#8221;1\/2&#8243;][vc_single_image image=&#8221;1515&#8243; img_size=&#8221;large&#8221;][\/vc_column][\/vc_row]<\/p>\n","protected":false},"excerpt":{"rendered":"<p>[vc_row][vc_column width=&#8221;1\/2&#8243; css=&#8221;.vc_custom_1708943756216{margin-top: 0px !important;margin-right: 0px !important;margin-bottom: 0px !important;margin-left: 0px !important;border-top-width: 0px !important;border-right-width: 0px !important;border-bottom-width: 0px !important;border-left-width: 0px !important;padding-top: 0px !important;padding-right: 0px !important;padding-bottom: 0px !important;padding-left: 0px !important;}&#8221;][vc_gallery interval=&#8221;0&#8243;&#8230;<\/p>\n","protected":false},"author":12,"featured_media":0,"parent":15,"menu_order":0,"comment_status":"closed","ping_status":"closed","template":"","meta":{"footnotes":""},"class_list":["post-424","page","type-page","status-publish","hentry"],"_links":{"self":[{"href":"https:\/\/www.ndpo.fr\/international\/wp-json\/wp\/v2\/pages\/424","targetHints":{"allow":["GET"]}}],"collection":[{"href":"https:\/\/www.ndpo.fr\/international\/wp-json\/wp\/v2\/pages"}],"about":[{"href":"https:\/\/www.ndpo.fr\/international\/wp-json\/wp\/v2\/types\/page"}],"author":[{"embeddable":true,"href":"https:\/\/www.ndpo.fr\/international\/wp-json\/wp\/v2\/users\/12"}],"replies":[{"embeddable":true,"href":"https:\/\/www.ndpo.fr\/international\/wp-json\/wp\/v2\/comments?post=424"}],"version-history":[{"count":27,"href":"https:\/\/www.ndpo.fr\/international\/wp-json\/wp\/v2\/pages\/424\/revisions"}],"predecessor-version":[{"id":1211,"href":"https:\/\/www.ndpo.fr\/international\/wp-json\/wp\/v2\/pages\/424\/revisions\/1211"}],"up":[{"embeddable":true,"href":"https:\/\/www.ndpo.fr\/international\/wp-json\/wp\/v2\/pages\/15"}],"wp:attachment":[{"href":"https:\/\/www.ndpo.fr\/international\/wp-json\/wp\/v2\/media?parent=424"}],"curies":[{"name":"wp","href":"https:\/\/api.w.org\/{rel}","templated":true}]}}