{"id":425,"date":"2024-02-13T14:41:03","date_gmt":"2024-02-13T13:41:03","guid":{"rendered":"https:\/\/www.ndpo.fr\/international\/?page_id=425"},"modified":"2024-03-20T11:33:22","modified_gmt":"2024-03-20T10:33:22","slug":"certifications","status":"publish","type":"page","link":"https:\/\/www.ndpo.fr\/international\/accueil\/certifications\/","title":{"rendered":"Certifications"},"content":{"rendered":"<p>[vc_row][vc_column width=&#8221;1\/2&#8243;][vc_single_image image=&#8221;650&#8243; img_size=&#8221;full&#8221; css_animation=&#8221;fadeInDown&#8221;][\/vc_column][vc_column width=&#8221;1\/2&#8243;]\n        <div class=\"rs-heading style2   \">\n        \t<div class=\"title-inner\">\n\t            <span class=\"sub-text\">Au coll\u00e8ge<\/span>\n\t            <h2 >Cambridge PET \/ KET<\/h2>\n\t        <\/div><div class=\"description\"><p >Le coll\u00e8ge propose la formation aux examens :<\/p>\n<p>&#8211; PET (Preliminary English Test)<br \/>C&#8217;est un examen de niveau interm\u00e9diaire. Il correspond au niveau B1 du CECR et indique que vous \u00eates capable d\u2019utiliser vos comp\u00e9tences en anglais dans un environnement professionnel ou scolaire.<\/p>\n<p>&#8211; A2 KEY: Le Cambridge English Key for Schools.<br \/>C&#8217;est un examen d\u2019anglais d\u00e9butant de niveau A2 sur l\u2019\u00e9chelle du CECR indiquant qu\u2019un \u00e9l\u00e8ve est capable d\u2019utiliser un anglais \u00e9crit et parl\u00e9 simple de tous les jours.<\/p><\/div><\/div>[\/vc_column][\/vc_row][vc_row][vc_column][vc_single_image image=&#8221;502&#8243; img_size=&#8221;full&#8221; alignment=&#8221;center&#8221;][\/vc_column][\/vc_row][vc_row][vc_column width=&#8221;1\/2&#8243;]\n        <div class=\"rs-heading style2   \">\n        \t<div class=\"title-inner\">\n\t            <span class=\"sub-text\">Au lyc\u00e9e<\/span>\n\t            <h2 >TOEIC<\/h2>\n\t        <\/div><div class=\"description\"><p >Le\u00a0<strong>TOEIC<\/strong>\u00a0(Test Of English for International Communication)<br \/>\nest un\u00a0<strong>examen d\u2019anglais\u00a0<\/strong>standardis\u00e9 largement reconnu \u00e0 l\u2019international.<\/p>\n<p>Le test TOEIC\u00a0est utilis\u00e9 pour \u00e9valuer la capacit\u00e9 de personnes, dont l\u2019anglais n\u2019est pas la langue maternelle, \u00e0\u00a0<strong>communiquer dans un environnement professionnel anglophone<\/strong>.<\/p><\/div><\/div>[\/vc_column][vc_column width=&#8221;1\/2&#8243;][vc_gallery interval=&#8221;0&#8243; images=&#8221;811&#8243; img_size=&#8221;full&#8221; onclick=&#8221;&#8221; css_animation=&#8221;fadeInDown&#8221; css=&#8221;.vc_custom_1709142222233{margin-top: 0px !important;margin-right: 0px !important;margin-bottom: 0px !important;margin-left: 0px !important;border-top-width: 0px !important;border-right-width: 0px !important;border-bottom-width: 0px !important;border-left-width: 0px !important;padding-top: 0px !important;padding-right: 0px !important;padding-bottom: 0px !important;padding-left: 0px !important;}&#8221;][\/vc_column][\/vc_row][vc_row][vc_column][vc_empty_space height=&#8221;50&#8243;][\/vc_column][\/vc_row][vc_row][vc_column width=&#8221;1\/2&#8243;][vc_gallery interval=&#8221;0&#8243; images=&#8221;809&#8243; img_size=&#8221;full&#8221; onclick=&#8221;&#8221; css_animation=&#8221;fadeInDown&#8221;][\/vc_column][vc_column width=&#8221;1\/2&#8243;]\n        <div class=\"rs-heading style2   \">\n        \t<div class=\"title-inner\">\n\t            <span class=\"sub-text\">Au lyc\u00e9e<\/span>\n\t            <h2 >ELYTE<\/h2>\n\t        <\/div><div class=\"description\"><p >Le test <strong>ELYTE<\/strong> (Evaluaci\u00f3n Ling\u00fc\u00edstica y de T\u00e9cnicas Empresariales) est certifi\u00e9 par la Chambre de Commerce d\u2019Espagne en France, sous le contr\u00f4le d\u2019une \u00e9quipe p\u00e9dagogique qui \u00e9labore les \u00e9preuves.<br \/>\nAvec ce test, le niveau de comp\u00e9tences en langue espagnole est certifi\u00e9 \u00e0 travers quatre domaines de comp\u00e9tences, inscrites dans le Cadre Europ\u00e9en de R\u00e9f\u00e9rence pour les langues (<a href=\"https:\/\/www.empleofrancia.com\/fr\/\" target=\"_blank\" rel=\"noopener noreferrer\">MCERL<\/a>).<\/p>\n<p>Les r\u00e9sultats sont analys\u00e9s globalement et par comp\u00e9tences. Les candidats obtiennent un certificat qui indique les r\u00e9sultats par cat\u00e9gorie ainsi que le niveau global obtenu.<\/p><\/div><\/div>[\/vc_column][\/vc_row][vc_row][vc_column]\n        <div class=\"rs-heading style2   center\">\n        \t<div class=\"title-inner\">\n\t            <span class=\"sub-text\">Washington Academy<\/span>\n\t            <h2 >Dual diploma<\/h2>\n\t        <\/div><div class=\"description\"><p ><\/p>\n<p style=\"text-align: left;\">Le double dipl\u00f4me Dual Diploma offre aux \u00e9tudiants une exp\u00e9rience d&#8217;apprentissage unique.<\/p>\n<p>&nbsp;<\/p>\n<p style=\"text-align: left;\">Ils ont la possibilit\u00e9 de participer \u00e0 des \u00e9changes culturels et linguistiques, d&#8217;interagir avec des \u00e9tudiants internationaux et de s&#8217;immerger dans des environnements \u00e9ducatifs diff\u00e9rents.<\/p>\n<p style=\"text-align: left;\">Cette exp\u00e9rience favorise leur ouverture d&#8217;esprit, leur adaptabilit\u00e9 et leur capacit\u00e9 \u00e0 travailler dans un contexte international.<\/p>\n<p style=\"text-align: left;\">En obtenant \u00e0 la fois le baccalaur\u00e9at fran\u00e7ais et am\u00e9ricain, les \u00e9tudiants se voient offrir de nombreuses opportunit\u00e9s professionnelles.<\/p>\n<p style=\"text-align: left;\">Ils peuvent poursuivre leurs \u00e9tudes dans des universit\u00e9s fran\u00e7aises ou am\u00e9ricaines, travailler dans des entreprises internationales ou m\u00eame entreprendre des carri\u00e8res diplomatiques.<\/p>\n<p>&nbsp;<\/p>\n<p style=\"text-align: left;\">Ce double dipl\u00f4me constitue un v\u00e9ritable atout sur le march\u00e9 du travail, offrant aux \u00e9tudiants une reconnaissance internationale et une comp\u00e9titivit\u00e9 accrue.<\/p>\n<p><\/p><\/div><\/div>[\/vc_column][\/vc_row][vc_row][vc_column][vc_btn title=&#8221;DUAL DIPLOMA&#8221; style=&#8221;custom&#8221; custom_background=&#8221;#145374&#8243; custom_text=&#8221;#ffffff&#8221; align=&#8221;center&#8221; link=&#8221;url:https%3A%2F%2Fwww.ndpo.fr%2Finternational%2Faccueil%2Fdual-diploma%2F|title:Dual%20Diploma||&#8221;][\/vc_column][\/vc_row][vc_row][vc_column width=&#8221;1\/2&#8243;][vc_single_image image=&#8221;669&#8243; img_size=&#8221;full&#8221; css_animation=&#8221;fadeInDown&#8221;][\/vc_column][vc_column width=&#8221;1\/2&#8243;][vc_single_image image=&#8221;670&#8243; img_size=&#8221;full&#8221; css_animation=&#8221;fadeInDown&#8221;][\/vc_column][\/vc_row]<\/p>\n","protected":false},"excerpt":{"rendered":"<p>[vc_row][vc_column width=&#8221;1\/2&#8243;][vc_single_image image=&#8221;650&#8243; img_size=&#8221;full&#8221; css_animation=&#8221;fadeInDown&#8221;][\/vc_column][vc_column width=&#8221;1\/2&#8243;][\/vc_column][\/vc_row][vc_row][vc_column][vc_single_image image=&#8221;502&#8243; img_size=&#8221;full&#8221; alignment=&#8221;center&#8221;][\/vc_column][\/vc_row][vc_row][vc_column width=&#8221;1\/2&#8243;][\/vc_column][vc_column width=&#8221;1\/2&#8243;][vc_gallery interval=&#8221;0&#8243; images=&#8221;811&#8243; img_size=&#8221;full&#8221; onclick=&#8221;&#8221; css_animation=&#8221;fadeInDown&#8221; css=&#8221;.vc_custom_1709142222233{margin-top: 0px !important;margin-right: 0px !important;margin-bottom: 0px !important;margin-left: 0px !important;border-top-width: 0px !important;border-right-width: 0px&#8230;<\/p>\n","protected":false},"author":12,"featured_media":0,"parent":15,"menu_order":0,"comment_status":"closed","ping_status":"closed","template":"","meta":{"footnotes":""},"class_list":["post-425","page","type-page","status-publish","hentry"],"_links":{"self":[{"href":"https:\/\/www.ndpo.fr\/international\/wp-json\/wp\/v2\/pages\/425","targetHints":{"allow":["GET"]}}],"collection":[{"href":"https:\/\/www.ndpo.fr\/international\/wp-json\/wp\/v2\/pages"}],"about":[{"href":"https:\/\/www.ndpo.fr\/international\/wp-json\/wp\/v2\/types\/page"}],"author":[{"embeddable":true,"href":"https:\/\/www.ndpo.fr\/international\/wp-json\/wp\/v2\/users\/12"}],"replies":[{"embeddable":true,"href":"https:\/\/www.ndpo.fr\/international\/wp-json\/wp\/v2\/comments?post=425"}],"version-history":[{"count":28,"href":"https:\/\/www.ndpo.fr\/international\/wp-json\/wp\/v2\/pages\/425\/revisions"}],"predecessor-version":[{"id":1046,"href":"https:\/\/www.ndpo.fr\/international\/wp-json\/wp\/v2\/pages\/425\/revisions\/1046"}],"up":[{"embeddable":true,"href":"https:\/\/www.ndpo.fr\/international\/wp-json\/wp\/v2\/pages\/15"}],"wp:attachment":[{"href":"https:\/\/www.ndpo.fr\/international\/wp-json\/wp\/v2\/media?parent=425"}],"curies":[{"name":"wp","href":"https:\/\/api.w.org\/{rel}","templated":true}]}}

<p>[vc_row][vc_column width=&#8221;1/2&#8243;][vc_single_image image=&#8221;650&#8243; img_size=&#8221;full&#8221; css_animation=&#8221;fadeInDown&#8221;][/vc_column][vc_column width=&#8221;1/2&#8243;]
        <div class="rs-heading style2   ">
        	<div class="title-inner">
	            <span class="sub-text">Au collège</span>
	            <h2 >Cambridge PET / KET</h2>
	        </div><div class="description"><p >Le collège propose la formation aux examens :</p>
<p>&#8211; PET (Preliminary English Test)<br />C&#8217;est un examen de niveau intermédiaire. Il correspond au niveau B1 du CECR et indique que vous êtes capable d’utiliser vos compétences en anglais dans un environnement professionnel ou scolaire.</p>
<p>&#8211; A2 KEY: Le Cambridge English Key for Schools.<br />C&#8217;est un examen d’anglais débutant de niveau A2 sur l’échelle du CECR indiquant qu’un élève est capable d’utiliser un anglais écrit et parlé simple de tous les jours.</p></div></div>[/vc_column][/vc_row][vc_row][vc_column][vc_single_image image=&#8221;502&#8243; img_size=&#8221;full&#8221; alignment=&#8221;center&#8221;][/vc_column][/vc_row][vc_row][vc_column width=&#8221;1/2&#8243;]
        <div class="rs-heading style2   ">
        	<div class="title-inner">
	            <span class="sub-text">Au lycée</span>
	            <h2 >TOEIC</h2>
	        </div><div class="description"><p >Le <strong>TOEIC</strong> (Test Of English for International Communication)<br />
est un <strong>examen d’anglais </strong>standardisé largement reconnu à l’international.</p>
<p>Le test TOEIC est utilisé pour évaluer la capacité de personnes, dont l’anglais n’est pas la langue maternelle, à <strong>communiquer dans un environnement professionnel anglophone</strong>.</p></div></div>[/vc_column][vc_column width=&#8221;1/2&#8243;][vc_gallery interval=&#8221;0&#8243; images=&#8221;811&#8243; img_size=&#8221;full&#8221; onclick=&#8221;&#8221; css_animation=&#8221;fadeInDown&#8221; css=&#8221;.vc_custom_1709142222233{margin-top: 0px !important;margin-right: 0px !important;margin-bottom: 0px !important;margin-left: 0px !important;border-top-width: 0px !important;border-right-width: 0px !important;border-bottom-width: 0px !important;border-left-width: 0px !important;padding-top: 0px !important;padding-right: 0px !important;padding-bottom: 0px !important;padding-left: 0px !important;}&#8221;][/vc_column][/vc_row][vc_row][vc_column][vc_empty_space height=&#8221;50&#8243;][/vc_column][/vc_row][vc_row][vc_column width=&#8221;1/2&#8243;][vc_gallery interval=&#8221;0&#8243; images=&#8221;809&#8243; img_size=&#8221;full&#8221; onclick=&#8221;&#8221; css_animation=&#8221;fadeInDown&#8221;][/vc_column][vc_column width=&#8221;1/2&#8243;]
        <div class="rs-heading style2   ">
        	<div class="title-inner">
	            <span class="sub-text">Au lycée</span>
	            <h2 >ELYTE</h2>
	        </div><div class="description"><p >Le test <strong>ELYTE</strong> (Evaluación Lingüística y de Técnicas Empresariales) est certifié par la Chambre de Commerce d’Espagne en France, sous le contrôle d’une équipe pédagogique qui élabore les épreuves.<br />
Avec ce test, le niveau de compétences en langue espagnole est certifié à travers quatre domaines de compétences, inscrites dans le Cadre Européen de Référence pour les langues (<a href="https://www.empleofrancia.com/fr/" target="_blank" rel="noopener noreferrer">MCERL</a>).</p>
<p>Les résultats sont analysés globalement et par compétences. Les candidats obtiennent un certificat qui indique les résultats par catégorie ainsi que le niveau global obtenu.</p></div></div>[/vc_column][/vc_row][vc_row][vc_column]
        <div class="rs-heading style2   center">
        	<div class="title-inner">
	            <span class="sub-text">Washington Academy</span>
	            <h2 >Dual diploma</h2>
	        </div><div class="description"><p ></p>
<p style="text-align: left;">Le double diplôme Dual Diploma offre aux étudiants une expérience d&#8217;apprentissage unique.</p>
<p>&nbsp;</p>
<p style="text-align: left;">Ils ont la possibilité de participer à des échanges culturels et linguistiques, d&#8217;interagir avec des étudiants internationaux et de s&#8217;immerger dans des environnements éducatifs différents.</p>
<p style="text-align: left;">Cette expérience favorise leur ouverture d&#8217;esprit, leur adaptabilité et leur capacité à travailler dans un contexte international.</p>
<p style="text-align: left;">En obtenant à la fois le baccalauréat français et américain, les étudiants se voient offrir de nombreuses opportunités professionnelles.</p>
<p style="text-align: left;">Ils peuvent poursuivre leurs études dans des universités françaises ou américaines, travailler dans des entreprises internationales ou même entreprendre des carrières diplomatiques.</p>
<p>&nbsp;</p>
<p style="text-align: left;">Ce double diplôme constitue un véritable atout sur le marché du travail, offrant aux étudiants une reconnaissance internationale et une compétitivité accrue.</p>
<p></p></div></div>[/vc_column][/vc_row][vc_row][vc_column][vc_btn title=&#8221;DUAL DIPLOMA&#8221; style=&#8221;custom&#8221; custom_background=&#8221;#145374&#8243; custom_text=&#8221;#ffffff&#8221; align=&#8221;center&#8221; link=&#8221;url:https%3A%2F%2Fwww.ndpo.fr%2Finternational%2Faccueil%2Fdual-diploma%2F|title:Dual%20Diploma||&#8221;][/vc_column][/vc_row][vc_row][vc_column width=&#8221;1/2&#8243;][vc_single_image image=&#8221;669&#8243; img_size=&#8221;full&#8221; css_animation=&#8221;fadeInDown&#8221;][/vc_column][vc_column width=&#8221;1/2&#8243;][vc_single_image image=&#8221;670&#8243; img_size=&#8221;full&#8221; css_animation=&#8221;fadeInDown&#8221;][/vc_column][/vc_row]</p>
