{"id":875,"date":"2024-02-13T14:40:58","date_gmt":"2024-02-13T13:40:58","guid":{"rendered":"https:\/\/www.ndpo.fr\/international\/?page_id=875"},"modified":"2025-09-08T10:48:35","modified_gmt":"2025-09-08T08:48:35","slug":"erasmus","status":"publish","type":"page","link":"https:\/\/www.ndpo.fr\/international\/inicio\/erasmus\/","title":{"rendered":"Erasmus+"},"content":{"rendered":"[vc_row][vc_column width=&#8221;1\/2&#8243; css=&#8221;.vc_custom_1708943756216{margin-top: 0px !important;margin-right: 0px !important;margin-bottom: 0px !important;margin-left: 0px !important;border-top-width: 0px !important;border-right-width: 0px !important;border-bottom-width: 0px !important;border-left-width: 0px !important;padding-top: 0px !important;padding-right: 0px !important;padding-bottom: 0px !important;padding-left: 0px !important;}&#8221;][vc_gallery interval=&#8221;0&#8243; images=&#8221;743&#8243; img_size=&#8221;full&#8221; onclick=&#8221;&#8221; css_animation=&#8221;fadeIn&#8221; css=&#8221;.vc_custom_1709136916907{margin-top: 0px !important;margin-right: 0px !important;margin-bottom: 0px !important;margin-left: 0px !important;border-top-width: 0px !important;border-right-width: 0px !important;border-bottom-width: 0px !important;border-left-width: 0px !important;padding-top: 0px !important;padding-right: 0px !important;padding-bottom: 0px !important;padding-left: 0px !important;}&#8221;][vc_empty_space height=&#8221;125px&#8221;][vc_column_text]Es una red de socios europeos para seleccionar y supervisar pr\u00e1cticas y desarrollar intercambios entre equipos docentes, estudiantes y el mundo empresarial.\r\nEsta asociaci\u00f3n para proyectos de intercambio, desarrollo o innovaci\u00f3n en el \u00e1mbito de la formaci\u00f3n.\r\n\r\nEs una oportunidad brindada a profesores y adultos de conocer a sus hom\u00f3logos extranjeros, comprender mejor su cultura y formarse en inmersi\u00f3n en el extranjero.\r\n\r\nPermite la movilidad colectiva con la firma de un convenio de reciprocidad o un instituto asociado.[\/vc_column_text][\/vc_column][vc_column width=&#8221;1\/2&#8243;][vc_empty_space height=&#8221;100px&#8221;][vc_empty_space]\n        <div class=\"rs-heading style2  vc_custom_1709126509874  \">\n        \t<div class=\"title-inner\">\n\t            \n\t            <h2 >\u00bfQU\u00c9 ES EL PROGRAMA ERASMUS+?<\/h2>\n\t        <\/div><\/div>[vc_column_text]Es una oportunidad que permite a cada estudiante tener una experiencia en el extranjero, ya sea para una estancia ling\u00fc\u00edstica o cultural, unas pr\u00e1cticas profesionales de corta duraci\u00f3n o unas pr\u00e1cticas de seis a doce meses.\r\n\r\nSe puede realizar unas pr\u00e1cticas de fin de estudios en uno de los pa\u00edses de la Uni\u00f3n Europea bajo la supervisi\u00f3n de un profesor de referencia franc\u00e9s y un socio extranjero.\r\n\r\nEl env\u00edo de estudiantes de secundaria tecnol\u00f3gica y vocacional al extranjero se hace en las mismas condiciones que los estudiantes franceses.[\/vc_column_text][vc_empty_space height=&#8221;90px&#8221;][vc_gallery interval=&#8221;0&#8243; images=&#8221;740&#8243; img_size=&#8221;full&#8221; onclick=&#8221;&#8221; css_animation=&#8221;fadeIn&#8221; css=&#8221;.vc_custom_1709136932084{margin-top: 0px !important;margin-right: 0px !important;margin-bottom: 0px !important;margin-left: 0px !important;border-top-width: 0px !important;border-right-width: 0px !important;border-bottom-width: 0px !important;border-left-width: 0px !important;padding-top: 0px !important;padding-right: 0px !important;padding-bottom: 0px !important;padding-left: 0px !important;}&#8221;][\/vc_column][\/vc_row][vc_row][vc_column][vc_column_text][\/vc_column_text][\/vc_column][\/vc_row]<!-- \/wp:post-content -->","protected":false},"excerpt":{"rendered":"<p>[vc_row][vc_column width=&#8221;1\/2&#8243; css=&#8221;.vc_custom_1708943756216{margin-top: 0px !important;margin-right: 0px !important;margin-bottom: 0px !important;margin-left: 0px !important;border-top-width: 0px !important;border-right-width: 0px !important;border-bottom-width: 0px !important;border-left-width: 0px !important;padding-top: 0px !important;padding-right: 0px !important;padding-bottom: 0px !important;padding-left: 0px !important;}&#8221;][vc_gallery interval=&#8221;0&#8243;&#8230;<\/p>\n","protected":false},"author":12,"featured_media":0,"parent":781,"menu_order":0,"comment_status":"closed","ping_status":"closed","template":"","meta":{"footnotes":""},"class_list":["post-875","page","type-page","status-publish","hentry"],"_links":{"self":[{"href":"https:\/\/www.ndpo.fr\/international\/wp-json\/wp\/v2\/pages\/875","targetHints":{"allow":["GET"]}}],"collection":[{"href":"https:\/\/www.ndpo.fr\/international\/wp-json\/wp\/v2\/pages"}],"about":[{"href":"https:\/\/www.ndpo.fr\/international\/wp-json\/wp\/v2\/types\/page"}],"author":[{"embeddable":true,"href":"https:\/\/www.ndpo.fr\/international\/wp-json\/wp\/v2\/users\/12"}],"replies":[{"embeddable":true,"href":"https:\/\/www.ndpo.fr\/international\/wp-json\/wp\/v2\/comments?post=875"}],"version-history":[{"count":8,"href":"https:\/\/www.ndpo.fr\/international\/wp-json\/wp\/v2\/pages\/875\/revisions"}],"predecessor-version":[{"id":1550,"href":"https:\/\/www.ndpo.fr\/international\/wp-json\/wp\/v2\/pages\/875\/revisions\/1550"}],"up":[{"embeddable":true,"href":"https:\/\/www.ndpo.fr\/international\/wp-json\/wp\/v2\/pages\/781"}],"wp:attachment":[{"href":"https:\/\/www.ndpo.fr\/international\/wp-json\/wp\/v2\/media?parent=875"}],"curies":[{"name":"wp","href":"https:\/\/api.w.org\/{rel}","templated":true}]}}