{"id":100,"date":"2020-05-28T07:15:00","date_gmt":"2020-05-28T07:15:00","guid":{"rendered":"https:\/\/ndpo2020.keeo.com\/?page_id=100"},"modified":"2026-01-07T07:56:14","modified_gmt":"2026-01-07T07:56:14","slug":"equipe-educative","status":"publish","type":"page","link":"https:\/\/www.ndpo.fr\/lycee-general\/equipe-educative\/","title":{"rendered":"Equipe Educative"},"content":{"rendered":"<p>[vc_row][vc_column width=&#8221;2\/3&#8243;][vc_single_image image=&#8221;294&#8243; img_size=&#8221;full&#8221;][vc_empty_space height=&#8221;50&#8243;][\/vc_column][vc_column width=&#8221;1\/3&#8243;][vc_empty_space height=&#8221;200&#8243;]\n        <div class=\"rs-heading style1   \">\n        \t<div class=\"title-inner\">\n\t            <span class=\"sub-text\">Chef d'\u00e9tablissement<\/span>\n\t            <h2 >Philippe BESIN<\/h2>\n\t        <\/div><\/div>[vc_btn title=&#8221;T\u00e9l\u00e9chargez notre organigramme&#8221; style=&#8221;custom&#8221; custom_background=&#8221;#494d80&#8243; custom_text=&#8221;#ffffff&#8221; size=&#8221;lg&#8221; align=&#8221;center&#8221; button_block=&#8221;true&#8221; link=&#8221;url:https%3A%2F%2Fwww.ndpo.fr%2Fapp%2Fuploads%2Fsites%2F1%2F2026%2F01%2Forganigramme-SEPT-2025.pdf||target:%20_blank|&#8221;][\/vc_column][\/vc_row][vc_row][vc_column]\n        <div class=\"rs-heading style2   center\">\n        \t<div class=\"title-inner\">\n\t            \n\t            <h2 >L'\u00e9quipe de direction<\/h2>\n\t        <\/div><\/div><div class=\"rs-team-style2 rs-team\"><div class=\"team-gird row\"><div class=\"team-item col-md-4 col-sm-6 col-xs-12 \">\n\t\t\t\t\t\t\t<div class=\"team-item\">\n\t\t\t\t\t\t\t    <div class=\"team-img\">\n\t\t\t\t\t\t\t        <img decoding=\"async\" src=\"https:\/\/www.ndpo.fr\/app\/uploads\/sites\/1\/2020\/06\/Plan-de-travail-3_3@3x.png\" alt=\"J\u00e9r\u00e9mie CH\u00c9RON\" \/>\n\t\t\t\t\t\t\t        <div class=\"team-social\">\t\t\t  \n\t\t\t\t\t                  \t  \n\t\t\t\t\t                \t  \n\t\t\t\t\t                \t  \n\t\t\t\t\t                \t  \t\n\t\t\t\t\t\t            <\/div>\n\t\t\t\t\t\t\t    <\/div>\n\t\t\t\t\t\t\t    <div class=\"team-content\">\n\t\t\t\t                <h3 class=\"team-name\"><a href=\"https:\/\/www.ndpo.fr\/lycee-general\/teams\/jeremie-cheron\/\">J\u00e9r\u00e9mie CH\u00c9RON<\/a><\/h3>\n\t\t\t\t                <span class=\"team-title\">Directeur Adjoint des Lyc\u00e9es<\/span>\n\t\t\t\t\t\t    <\/div>\n\t\t\t\t\t\t<\/div>\n\t\t\t\t\t<\/div><div class=\"team-item col-md-4 col-sm-6 col-xs-12 \">\n\t\t\t\t\t\t\t<div class=\"team-item\">\n\t\t\t\t\t\t\t    <div class=\"team-img\">\n\t\t\t\t\t\t\t        <img decoding=\"async\" src=\"https:\/\/www.ndpo.fr\/app\/uploads\/sites\/1\/2020\/09\/jessica-devos@3x-1.png\" alt=\"Jessica DEVOS\" \/>\n\t\t\t\t\t\t\t        <div class=\"team-social\">\t\t\t  \n\t\t\t\t\t                  \t  \n\t\t\t\t\t                \t  \n\t\t\t\t\t                \t  \n\t\t\t\t\t                \t  \t\n\t\t\t\t\t\t            <\/div>\n\t\t\t\t\t\t\t    <\/div>\n\t\t\t\t\t\t\t    <div class=\"team-content\">\n\t\t\t\t                <h3 class=\"team-name\"><a href=\"https:\/\/www.ndpo.fr\/lycee-general\/teams\/jessica-devos\/\">Jessica DEVOS<\/a><\/h3>\n\t\t\t\t                <span class=\"team-title\">Secr\u00e9taire g\u00e9n\u00e9rale de direction<\/span>\n\t\t\t\t\t\t    <\/div>\n\t\t\t\t\t\t<\/div>\n\t\t\t\t\t<\/div><div class=\"team-item col-md-4 col-sm-6 col-xs-12 \">\n\t\t\t\t\t\t\t<div class=\"team-item\">\n\t\t\t\t\t\t\t    <div class=\"team-img\">\n\t\t\t\t\t\t\t        <img decoding=\"async\" src=\"https:\/\/www.ndpo.fr\/app\/uploads\/sites\/1\/2020\/09\/Eric-DEREGNAUCOURT@3x.png\" alt=\"Eric DEREGNAUCOURT\" \/>\n\t\t\t\t\t\t\t        <div class=\"team-social\">\t\t\t  \n\t\t\t\t\t                  \t  \n\t\t\t\t\t                \t  \n\t\t\t\t\t                \t  \n\t\t\t\t\t                \t  \t\n\t\t\t\t\t\t            <\/div>\n\t\t\t\t\t\t\t    <\/div>\n\t\t\t\t\t\t\t    <div class=\"team-content\">\n\t\t\t\t                <h3 class=\"team-name\"><a href=\"https:\/\/www.ndpo.fr\/lycee-general\/teams\/eric-deregnaucourt-2\/\">Eric DEREGNAUCOURT<\/a><\/h3>\n\t\t\t\t                <span class=\"team-title\">Cadre d'\u00e9ducation<\/span>\n\t\t\t\t\t\t    <\/div>\n\t\t\t\t\t\t<\/div>\n\t\t\t\t\t<\/div><div class=\"team-item col-md-4 col-sm-6 col-xs-12 \">\n\t\t\t\t\t\t\t<div class=\"team-item\">\n\t\t\t\t\t\t\t    <div class=\"team-img\">\n\t\t\t\t\t\t\t        <img decoding=\"async\" src=\"https:\/\/www.ndpo.fr\/app\/uploads\/sites\/1\/2020\/09\/Eddy-LABENDA@3x.png\" alt=\"Eddy LABENDA\" \/>\n\t\t\t\t\t\t\t        <div class=\"team-social\">\t\t\t  \n\t\t\t\t\t                  \t  \n\t\t\t\t\t                \t  \n\t\t\t\t\t                \t  \n\t\t\t\t\t                \t  \t\n\t\t\t\t\t\t            <\/div>\n\t\t\t\t\t\t\t    <\/div>\n\t\t\t\t\t\t\t    <div class=\"team-content\">\n\t\t\t\t                <h3 class=\"team-name\"><a href=\"https:\/\/www.ndpo.fr\/lycee-general\/teams\/eddy-labenda\/\">Eddy LABENDA<\/a><\/h3>\n\t\t\t\t                <span class=\"team-title\">Animateur en pastorale<\/span>\n\t\t\t\t\t\t    <\/div>\n\t\t\t\t\t\t<\/div>\n\t\t\t\t\t<\/div><div class=\"team-item col-md-4 col-sm-6 col-xs-12 \">\n\t\t\t\t\t\t\t<div class=\"team-item\">\n\t\t\t\t\t\t\t    <div class=\"team-img\">\n\t\t\t\t\t\t\t        <img decoding=\"async\" src=\"https:\/\/www.ndpo.fr\/app\/uploads\/sites\/1\/2024\/03\/antoine-det@3x.png\" alt=\"Antoine DETAVERNIER\" \/>\n\t\t\t\t\t\t\t        <div class=\"team-social\">\t\t\t  \n\t\t\t\t\t                  \t  \n\t\t\t\t\t                \t  \n\t\t\t\t\t                \t  \n\t\t\t\t\t                \t  \t\n\t\t\t\t\t\t            <\/div>\n\t\t\t\t\t\t\t    <\/div>\n\t\t\t\t\t\t\t    <div class=\"team-content\">\n\t\t\t\t                <h3 class=\"team-name\"><a href=\"https:\/\/www.ndpo.fr\/lycee-general\/teams\/antoine-detavernier\/\">Antoine DETAVERNIER<\/a><\/h3>\n\t\t\t\t                <span class=\"team-title\">Charg\u00e9 de communication<\/span>\n\t\t\t\t\t\t    <\/div>\n\t\t\t\t\t\t<\/div>\n\t\t\t\t\t<\/div><\/div><div style=\"clear:both\"><\/div><\/div>[\/vc_column][\/vc_row][vc_row][vc_column]\n        <div class=\"rs-heading style2   center\">\n        \t<div class=\"title-inner\">\n\t            \n\t            <h2 >L'\u00e9quipe administrative<\/h2>\n\t        <\/div><\/div><div class=\"rs-team-style2\">\n\t\t<div class=\"team-carousel owl-carousel owl-navigation-yes\" data-carousel-options=\"{&quot;nav&quot;:true,&quot;navText&quot;:[&quot;&lt;i class=&#039;fa fa-angle-left&#039;&gt;&lt;\\\/i&gt;&quot;,&quot;&lt;i class=&#039;fa fa-angle-right&#039;&gt;&lt;\\\/i&gt;&quot;],&quot;dots&quot;:false,&quot;autoplay&quot;:true,&quot;autoplayTimeout&quot;:&quot;3000&quot;,&quot;autoplaySpeed&quot;:&quot;200&quot;,&quot;autoplayHoverPause&quot;:true,&quot;loop&quot;:true,&quot;margin&quot;:20,&quot;responsive&quot;:{&quot;0&quot;:{&quot;items&quot;:&quot;1&quot;},&quot;480&quot;:{&quot;items&quot;:&quot;2&quot;},&quot;768&quot;:{&quot;items&quot;:&quot;3&quot;},&quot;992&quot;:{&quot;items&quot;:&quot;3&quot;},&quot;1200&quot;:{&quot;items&quot;:&quot;3&quot;}}}\"><div class=\"team-item\">\n\t\t\t\t    <div class=\"team-img\">\n\t\t\t\t        <img decoding=\"async\" src=\"\" alt=\"Vini LOMBARDO\" \/>\n\t\t\t\t        <div class=\"team-social\">\t\t\t  \n\t\t                  \t  \n\t\t                \t  \n\t\t                \t  \n\t\t                \t  \t\n\t\t\t            <\/div>\n\t\t\t\t    <\/div>\n\t\t\t\t    <div class=\"team-content\">\n\t                <h3 class=\"team-name\"><a href=\"https:\/\/www.ndpo.fr\/lycee-general\/teams\/vini-lombardo\/\">Vini LOMBARDO<\/a><\/h3>\n\t                <span class=\"team-title\">Secr\u00e9taire d'accueil<\/span>\n\t\t\t    <\/div>\n\t\t\t\t<\/div><div class=\"team-item\">\n\t\t\t\t    <div class=\"team-img\">\n\t\t\t\t        <img decoding=\"async\" src=\"https:\/\/www.ndpo.fr\/app\/uploads\/sites\/1\/2024\/03\/claudine@3x.png\" alt=\"Claudine DEFRANCE\" \/>\n\t\t\t\t        <div class=\"team-social\">\t\t\t  \n\t\t                  \t  \n\t\t                \t  \n\t\t                \t  \n\t\t                \t  \t\n\t\t\t            <\/div>\n\t\t\t\t    <\/div>\n\t\t\t\t    <div class=\"team-content\">\n\t                <h3 class=\"team-name\"><a href=\"https:\/\/www.ndpo.fr\/lycee-general\/teams\/claudine-defrance-2\/\">Claudine DEFRANCE<\/a><\/h3>\n\t                <span class=\"team-title\">Comptable<\/span>\n\t\t\t    <\/div>\n\t\t\t\t<\/div><div class=\"team-item\">\n\t\t\t\t    <div class=\"team-img\">\n\t\t\t\t        <img decoding=\"async\" src=\"https:\/\/www.ndpo.fr\/app\/uploads\/sites\/1\/2020\/09\/cecile-siodniak@3x.png\" alt=\"C\u00e9cile SIODNIAK\" \/>\n\t\t\t\t        <div class=\"team-social\">\t\t\t  \n\t\t                  \t  \n\t\t                \t  \n\t\t                \t  \n\t\t                \t  \t\n\t\t\t            <\/div>\n\t\t\t\t    <\/div>\n\t\t\t\t    <div class=\"team-content\">\n\t                <h3 class=\"team-name\"><a href=\"https:\/\/www.ndpo.fr\/lycee-general\/teams\/cecile-siodniak\/\">C\u00e9cile SIODNIAK<\/a><\/h3>\n\t                <span class=\"team-title\">Comptable<\/span>\n\t\t\t    <\/div>\n\t\t\t\t<\/div><div class=\"team-item\">\n\t\t\t\t    <div class=\"team-img\">\n\t\t\t\t        <img decoding=\"async\" src=\"https:\/\/www.ndpo.fr\/app\/uploads\/sites\/1\/2020\/09\/Christine-DENE.png\" alt=\"Christine DENE\" \/>\n\t\t\t\t        <div class=\"team-social\">\t\t\t  \n\t\t                  \t  \n\t\t                \t  \n\t\t                \t  \n\t\t                \t  \t\n\t\t\t            <\/div>\n\t\t\t\t    <\/div>\n\t\t\t\t    <div class=\"team-content\">\n\t                <h3 class=\"team-name\"><a href=\"https:\/\/www.ndpo.fr\/lycee-general\/teams\/christine-dene-2\/\">Christine DENE<\/a><\/h3>\n\t                <span class=\"team-title\">Secr\u00e9taire des professeurs et du directeur adjoint<\/span>\n\t\t\t    <\/div>\n\t\t\t\t<\/div><div class=\"team-item\">\n\t\t\t\t    <div class=\"team-img\">\n\t\t\t\t        <img decoding=\"async\" src=\"https:\/\/www.ndpo.fr\/app\/uploads\/sites\/1\/2020\/09\/Catherine-DUMERY.png\" alt=\"Catherine DUMERY\" \/>\n\t\t\t\t        <div class=\"team-social\">\t\t\t  \n\t\t                  \t  \n\t\t                \t  \n\t\t                \t  \n\t\t                \t  \t\n\t\t\t            <\/div>\n\t\t\t\t    <\/div>\n\t\t\t\t    <div class=\"team-content\">\n\t                <h3 class=\"team-name\"><a href=\"https:\/\/www.ndpo.fr\/lycee-general\/teams\/catherine-dumery-2\/\">Catherine DUMERY<\/a><\/h3>\n\t                <span class=\"team-title\">Secr\u00e9taire des \u00e9l\u00e8ves<\/span>\n\t\t\t    <\/div>\n\t\t\t\t<\/div><div class=\"team-item\">\n\t\t\t\t    <div class=\"team-img\">\n\t\t\t\t        <img decoding=\"async\" src=\"https:\/\/www.ndpo.fr\/app\/uploads\/sites\/1\/2023\/06\/Doroth\u00e9e-REMY@3x.png\" alt=\"Doroth\u00e9e REMY\" \/>\n\t\t\t\t        <div class=\"team-social\">\t\t\t  \n\t\t                  \t  \n\t\t                \t  \n\t\t                \t  \n\t\t                \t  \t\n\t\t\t            <\/div>\n\t\t\t\t    <\/div>\n\t\t\t\t    <div class=\"team-content\">\n\t                <h3 class=\"team-name\"><a href=\"https:\/\/www.ndpo.fr\/lycee-general\/teams\/dorothee-remy-2\/\">Doroth\u00e9e REMY<\/a><\/h3>\n\t                <span class=\"team-title\">Secr\u00e9taire des stages<\/span>\n\t\t\t    <\/div>\n\t\t\t\t<\/div><div class=\"team-item\">\n\t\t\t\t    <div class=\"team-img\">\n\t\t\t\t        <img decoding=\"async\" src=\"https:\/\/www.ndpo.fr\/app\/uploads\/sites\/1\/2020\/09\/Aurore-DEMARQUETTE.png\" alt=\"Aurore DEMARQUETTE\" \/>\n\t\t\t\t        <div class=\"team-social\">\t\t\t  \n\t\t                  \t  \n\t\t                \t  \n\t\t                \t  \n\t\t                \t  \t\n\t\t\t            <\/div>\n\t\t\t\t    <\/div>\n\t\t\t\t    <div class=\"team-content\">\n\t                <h3 class=\"team-name\"><a href=\"https:\/\/www.ndpo.fr\/lycee-general\/teams\/aurore-demarquette\/\">Aurore DEMARQUETTE<\/a><\/h3>\n\t                <span class=\"team-title\">Charg\u00e9e de d\u00e9veloppement \u00e0 l'international<\/span>\n\t\t\t    <\/div>\n\t\t\t\t<\/div><\/div>\n\t   <div>\n\t <\/div>\n\t<\/div>[\/vc_column][\/vc_row][vc_row][vc_column]\n        <div class=\"rs-heading style2   center\">\n        \t<div class=\"title-inner\">\n\t            \n\t            <h2 >Surveillants et Internat<\/h2>\n\t        <\/div><\/div><div class=\"rs-team-style2\">\n\t\t<div class=\"team-carousel owl-carousel owl-navigation-yes\" data-carousel-options=\"{&quot;nav&quot;:true,&quot;navText&quot;:[&quot;&lt;i class=&#039;fa fa-angle-left&#039;&gt;&lt;\\\/i&gt;&quot;,&quot;&lt;i class=&#039;fa fa-angle-right&#039;&gt;&lt;\\\/i&gt;&quot;],&quot;dots&quot;:false,&quot;autoplay&quot;:true,&quot;autoplayTimeout&quot;:&quot;3000&quot;,&quot;autoplaySpeed&quot;:&quot;200&quot;,&quot;autoplayHoverPause&quot;:true,&quot;loop&quot;:true,&quot;margin&quot;:20,&quot;responsive&quot;:{&quot;0&quot;:{&quot;items&quot;:&quot;1&quot;},&quot;480&quot;:{&quot;items&quot;:&quot;2&quot;},&quot;768&quot;:{&quot;items&quot;:&quot;3&quot;},&quot;992&quot;:{&quot;items&quot;:&quot;3&quot;},&quot;1200&quot;:{&quot;items&quot;:&quot;3&quot;}}}\"><div class=\"team-item\">\n\t\t\t\t    <div class=\"team-img\">\n\t\t\t\t        <img decoding=\"async\" src=\"https:\/\/www.ndpo.fr\/app\/uploads\/sites\/1\/2021\/02\/ndpo_event-lg.png\" alt=\"Alexis VEREZ\" \/>\n\t\t\t\t        <div class=\"team-social\">\t\t\t  \n\t\t                  \t  \n\t\t                \t  \n\t\t                \t  \n\t\t                \t  \t\n\t\t\t            <\/div>\n\t\t\t\t    <\/div>\n\t\t\t\t    <div class=\"team-content\">\n\t                <h3 class=\"team-name\"><a href=\"https:\/\/www.ndpo.fr\/lycee-general\/teams\/alexis-verez\/\">Alexis VEREZ<\/a><\/h3>\n\t                <span class=\"team-title\">Surveillants<\/span>\n\t\t\t    <\/div>\n\t\t\t\t<\/div><div class=\"team-item\">\n\t\t\t\t    <div class=\"team-img\">\n\t\t\t\t        <img decoding=\"async\" src=\"https:\/\/www.ndpo.fr\/app\/uploads\/sites\/1\/2021\/02\/ndpo_event-lg.png\" alt=\"Steve COUDRON\" \/>\n\t\t\t\t        <div class=\"team-social\">\t\t\t  \n\t\t                  \t  \n\t\t                \t  \n\t\t                \t  \n\t\t                \t  \t\n\t\t\t            <\/div>\n\t\t\t\t    <\/div>\n\t\t\t\t    <div class=\"team-content\">\n\t                <h3 class=\"team-name\"><a href=\"https:\/\/www.ndpo.fr\/lycee-general\/teams\/steve-coudron\/\">Steve COUDRON<\/a><\/h3>\n\t                <span class=\"team-title\">Surveillants<\/span>\n\t\t\t    <\/div>\n\t\t\t\t<\/div><div class=\"team-item\">\n\t\t\t\t    <div class=\"team-img\">\n\t\t\t\t        <img decoding=\"async\" src=\"https:\/\/www.ndpo.fr\/app\/uploads\/sites\/1\/2021\/02\/ndpo_event-lg.png\" alt=\"Micka\u00ebl DELVALL\u00c9\" \/>\n\t\t\t\t        <div class=\"team-social\">\t\t\t  \n\t\t                  \t  \n\t\t                \t  \n\t\t                \t  \n\t\t                \t  \t\n\t\t\t            <\/div>\n\t\t\t\t    <\/div>\n\t\t\t\t    <div class=\"team-content\">\n\t                <h3 class=\"team-name\"><a href=\"https:\/\/www.ndpo.fr\/lycee-general\/teams\/mickael-delvalle\/\">Micka\u00ebl DELVALL\u00c9<\/a><\/h3>\n\t                <span class=\"team-title\">Surveillants<\/span>\n\t\t\t    <\/div>\n\t\t\t\t<\/div><div class=\"team-item\">\n\t\t\t\t    <div class=\"team-img\">\n\t\t\t\t        <img decoding=\"async\" src=\"https:\/\/www.ndpo.fr\/app\/uploads\/sites\/1\/2020\/06\/catteau.jpg\" alt=\"Fr\u00e9d\u00e9ric CATTEAU\" \/>\n\t\t\t\t        <div class=\"team-social\">\t\t\t  \n\t\t                  \t  \n\t\t                \t  \n\t\t                \t  \n\t\t                \t  \t\n\t\t\t            <\/div>\n\t\t\t\t    <\/div>\n\t\t\t\t    <div class=\"team-content\">\n\t                <h3 class=\"team-name\"><a href=\"https:\/\/www.ndpo.fr\/lycee-general\/teams\/frederic-catteau\/\">Fr\u00e9d\u00e9ric CATTEAU<\/a><\/h3>\n\t                <span class=\"team-title\">Responsable internat<\/span>\n\t\t\t    <\/div>\n\t\t\t\t<\/div><div class=\"team-item\">\n\t\t\t\t    <div class=\"team-img\">\n\t\t\t\t        <img decoding=\"async\" src=\"\" alt=\"Jean-Charles BRASSENS\" \/>\n\t\t\t\t        <div class=\"team-social\">\t\t\t  \n\t\t                  \t  \n\t\t                \t  \n\t\t                \t  \n\t\t                \t  \t\n\t\t\t            <\/div>\n\t\t\t\t    <\/div>\n\t\t\t\t    <div class=\"team-content\">\n\t                <h3 class=\"team-name\"><a href=\"https:\/\/www.ndpo.fr\/lycee-general\/teams\/jean-charles-brassens\/\">Jean-Charles BRASSENS<\/a><\/h3>\n\t                <span class=\"team-title\">Surveillants<\/span>\n\t\t\t    <\/div>\n\t\t\t\t<\/div><div class=\"team-item\">\n\t\t\t\t    <div class=\"team-img\">\n\t\t\t\t        <img decoding=\"async\" src=\"https:\/\/www.ndpo.fr\/app\/uploads\/sites\/1\/2023\/01\/olivier-pesin@3x.png\" alt=\"Olivier PESIN\" \/>\n\t\t\t\t        <div class=\"team-social\">\t\t\t  \n\t\t                  \t  \n\t\t                \t  \n\t\t                \t  \n\t\t                \t  \t\n\t\t\t            <\/div>\n\t\t\t\t    <\/div>\n\t\t\t\t    <div class=\"team-content\">\n\t                <h3 class=\"team-name\"><a href=\"https:\/\/www.ndpo.fr\/lycee-general\/teams\/olivier-pesin\/\">Olivier PESIN<\/a><\/h3>\n\t                <span class=\"team-title\">Surveillants<\/span>\n\t\t\t    <\/div>\n\t\t\t\t<\/div><div class=\"team-item\">\n\t\t\t\t    <div class=\"team-img\">\n\t\t\t\t        <img decoding=\"async\" src=\"https:\/\/www.ndpo.fr\/app\/uploads\/sites\/1\/2020\/06\/coursier.jpg\" alt=\"Ludwig COURSIER\" \/>\n\t\t\t\t        <div class=\"team-social\">\t\t\t  \n\t\t                  \t  \n\t\t                \t  \n\t\t                \t  \n\t\t                \t  \t\n\t\t\t            <\/div>\n\t\t\t\t    <\/div>\n\t\t\t\t    <div class=\"team-content\">\n\t                <h3 class=\"team-name\"><a href=\"https:\/\/www.ndpo.fr\/lycee-general\/teams\/ludwig-coursier\/\">Ludwig COURSIER<\/a><\/h3>\n\t                <span class=\"team-title\">\u00c9ducateur internat gar\u00e7ons<\/span>\n\t\t\t    <\/div>\n\t\t\t\t<\/div><\/div>\n\t   <div>\n\t <\/div>\n\t<\/div>[\/vc_column][\/vc_row][vc_row][vc_column]\n        <div class=\"rs-heading style2   center\">\n        \t<div class=\"title-inner\">\n\t            \n\t            <h2 >Maintenance<\/h2>\n\t        <\/div><\/div><div class=\"rs-team-style2 rs-team\"><div class=\"team-gird row\"><div class=\"team-item col-md-4 col-sm-6 col-xs-12 \">\n\t\t\t\t\t\t\t<div class=\"team-item\">\n\t\t\t\t\t\t\t    <div class=\"team-img\">\n\t\t\t\t\t\t\t        <img decoding=\"async\" src=\"https:\/\/www.ndpo.fr\/app\/uploads\/sites\/1\/2024\/03\/Damien-Avines@3x.png\" alt=\"Damien AVINES\" \/>\n\t\t\t\t\t\t\t        <div class=\"team-social\">\t\t\t  \n\t\t\t\t\t                  \t  \n\t\t\t\t\t                \t  \n\t\t\t\t\t                \t  \n\t\t\t\t\t                \t  \t\n\t\t\t\t\t\t            <\/div>\n\t\t\t\t\t\t\t    <\/div>\n\t\t\t\t\t\t\t    <div class=\"team-content\">\n\t\t\t\t                <h3 class=\"team-name\"><a href=\"https:\/\/www.ndpo.fr\/lycee-general\/teams\/damien-avines\/\">Damien AVINES<\/a><\/h3>\n\t\t\t\t                <span class=\"team-title\">Maintenance<\/span>\n\t\t\t\t\t\t    <\/div>\n\t\t\t\t\t\t<\/div>\n\t\t\t\t\t<\/div><div class=\"team-item col-md-4 col-sm-6 col-xs-12 \">\n\t\t\t\t\t\t\t<div class=\"team-item\">\n\t\t\t\t\t\t\t    <div class=\"team-img\">\n\t\t\t\t\t\t\t        <img decoding=\"async\" src=\"https:\/\/www.ndpo.fr\/app\/uploads\/sites\/1\/2021\/02\/ndpo_event-lg.png\" alt=\"Philippe LESCOL\" \/>\n\t\t\t\t\t\t\t        <div class=\"team-social\">\t\t\t  \n\t\t\t\t\t                  \t  \n\t\t\t\t\t                \t  \n\t\t\t\t\t                \t  \n\t\t\t\t\t                \t  \t\n\t\t\t\t\t\t            <\/div>\n\t\t\t\t\t\t\t    <\/div>\n\t\t\t\t\t\t\t    <div class=\"team-content\">\n\t\t\t\t                <h3 class=\"team-name\"><a href=\"https:\/\/www.ndpo.fr\/lycee-general\/teams\/philippe-lescol\/\">Philippe LESCOL<\/a><\/h3>\n\t\t\t\t                <span class=\"team-title\">Responsable Maintenance<\/span>\n\t\t\t\t\t\t    <\/div>\n\t\t\t\t\t\t<\/div>\n\t\t\t\t\t<\/div><div class=\"team-item col-md-4 col-sm-6 col-xs-12 \">\n\t\t\t\t\t\t\t<div class=\"team-item\">\n\t\t\t\t\t\t\t    <div class=\"team-img\">\n\t\t\t\t\t\t\t        <img decoding=\"async\" src=\"https:\/\/www.ndpo.fr\/app\/uploads\/sites\/1\/2021\/02\/ndpo_event-lg.png\" alt=\"Christophe PARENT\" \/>\n\t\t\t\t\t\t\t        <div class=\"team-social\">\t\t\t  \n\t\t\t\t\t                  \t  \n\t\t\t\t\t                \t  \n\t\t\t\t\t                \t  \n\t\t\t\t\t                \t  \t\n\t\t\t\t\t\t            <\/div>\n\t\t\t\t\t\t\t    <\/div>\n\t\t\t\t\t\t\t    <div class=\"team-content\">\n\t\t\t\t                <h3 class=\"team-name\"><a href=\"https:\/\/www.ndpo.fr\/lycee-general\/teams\/chrisophe-parent\/\">Christophe PARENT<\/a><\/h3>\n\t\t\t\t                <span class=\"team-title\">Maintenance<\/span>\n\t\t\t\t\t\t    <\/div>\n\t\t\t\t\t\t<\/div>\n\t\t\t\t\t<\/div><div class=\"team-item col-md-4 col-sm-6 col-xs-12 \">\n\t\t\t\t\t\t\t<div class=\"team-item\">\n\t\t\t\t\t\t\t    <div class=\"team-img\">\n\t\t\t\t\t\t\t        <img decoding=\"async\" src=\"https:\/\/www.ndpo.fr\/app\/uploads\/sites\/1\/2024\/03\/charlotte@3x.png\" alt=\"Charlotte PONCET\" \/>\n\t\t\t\t\t\t\t        <div class=\"team-social\">\t\t\t  \n\t\t\t\t\t                  \t  \n\t\t\t\t\t                \t  \n\t\t\t\t\t                \t  \n\t\t\t\t\t                \t  \t\n\t\t\t\t\t\t            <\/div>\n\t\t\t\t\t\t\t    <\/div>\n\t\t\t\t\t\t\t    <div class=\"team-content\">\n\t\t\t\t                <h3 class=\"team-name\"><a href=\"https:\/\/www.ndpo.fr\/lycee-general\/teams\/charlotte-poncet\/\">Charlotte PONCET<\/a><\/h3>\n\t\t\t\t                <span class=\"team-title\">Maintenance<\/span>\n\t\t\t\t\t\t    <\/div>\n\t\t\t\t\t\t<\/div>\n\t\t\t\t\t<\/div><\/div><div style=\"clear:both\"><\/div><\/div>[\/vc_column][\/vc_row]<\/p>\n","protected":false},"excerpt":{"rendered":"<p>[vc_row][vc_column width=&#8221;2\/3&#8243;][vc_single_image image=&#8221;294&#8243; img_size=&#8221;full&#8221;][vc_empty_space height=&#8221;50&#8243;][\/vc_column][vc_column width=&#8221;1\/3&#8243;][vc_empty_space height=&#8221;200&#8243;][vc_btn title=&#8221;T\u00e9l\u00e9chargez notre organigramme&#8221; style=&#8221;custom&#8221; custom_background=&#8221;#494d80&#8243; custom_text=&#8221;#ffffff&#8221; size=&#8221;lg&#8221; align=&#8221;center&#8221; button_block=&#8221;true&#8221; link=&#8221;url:https%3A%2F%2Fwww.ndpo.fr%2Fapp%2Fuploads%2Fsites%2F1%2F2026%2F01%2Forganigramme-SEPT-2025.pdf||target:%20_blank|&#8221;][\/vc_column][\/vc_row][vc_row][vc_column][\/vc_column][\/vc_row][vc_row][vc_column][\/vc_column][\/vc_row][vc_row][vc_column][\/vc_column][\/vc_row][vc_row][vc_column][\/vc_column]&#8230;<\/p>\n","protected":false},"author":2,"featured_media":0,"parent":0,"menu_order":0,"comment_status":"closed","ping_status":"closed","template":"","meta":{"footnotes":""},"class_list":["post-100","page","type-page","status-publish","hentry"],"_links":{"self":[{"href":"https:\/\/www.ndpo.fr\/lycee-general\/wp-json\/wp\/v2\/pages\/100","targetHints":{"allow":["GET"]}}],"collection":[{"href":"https:\/\/www.ndpo.fr\/lycee-general\/wp-json\/wp\/v2\/pages"}],"about":[{"href":"https:\/\/www.ndpo.fr\/lycee-general\/wp-json\/wp\/v2\/types\/page"}],"author":[{"embeddable":true,"href":"https:\/\/www.ndpo.fr\/lycee-general\/wp-json\/wp\/v2\/users\/2"}],"replies":[{"embeddable":true,"href":"https:\/\/www.ndpo.fr\/lycee-general\/wp-json\/wp\/v2\/comments?post=100"}],"version-history":[{"count":27,"href":"https:\/\/www.ndpo.fr\/lycee-general\/wp-json\/wp\/v2\/pages\/100\/revisions"}],"predecessor-version":[{"id":1704,"href":"https:\/\/www.ndpo.fr\/lycee-general\/wp-json\/wp\/v2\/pages\/100\/revisions\/1704"}],"wp:attachment":[{"href":"https:\/\/www.ndpo.fr\/lycee-general\/wp-json\/wp\/v2\/media?parent=100"}],"curies":[{"name":"wp","href":"https:\/\/api.w.org\/{rel}","templated":true}]}}