{"id":1367,"date":"2024-01-24T14:18:01","date_gmt":"2024-01-24T14:18:01","guid":{"rendered":"https:\/\/www.ndpo.fr\/lycee-general\/?page_id=1367"},"modified":"2024-02-12T18:22:28","modified_gmt":"2024-02-12T18:22:28","slug":"international","status":"publish","type":"page","link":"https:\/\/www.ndpo.fr\/lycee-general\/international\/","title":{"rendered":"INTERNATIONAL"},"content":{"rendered":"<p>[vc_row][vc_column width=&#8221;1\/2&#8243;][vc_single_image image=&#8221;1369&#8243; img_size=&#8221;full&#8221;][\/vc_column][vc_column width=&#8221;1\/2&#8243;][vc_empty_space]\n        <div class=\"rs-heading style2   \">\n        \t<div class=\"title-inner\">\n\t            \n\t            <h2 >L'INSTITUTION \u00c0 L'INTERNATIONAL<\/h2>\n\t        <\/div><div class=\"description\"><p >Situ\u00e9e au carrefour de l\u2019Europe, l\u2019Institution Notre Dame de la Providence \u00e0 Orchies forme des \u00e9l\u00e8ves de la maternelle au post bac, \u00e0 travers des fili\u00e8res g\u00e9n\u00e9rales, technologiques et professionnelles.<\/p>\n<p>Notre entit\u00e9 souhaite s\u2019ouvrir \u00e0 l\u2019international afin d\u2019offrir \u00e0 tous ses \u00e9l\u00e8ves une exp\u00e9rience \u00e9ducative unique et inclusive.<\/p><\/div><\/div>[vc_btn title=&#8221;CERTIFICATIONS&#8221; style=&#8221;custom&#8221; custom_background=&#8221;#494d80&#8243; custom_text=&#8221;#ffffff&#8221; i_align=&#8221;right&#8221; i_icon_fontawesome=&#8221;fas fa-microphone-alt&#8221; add_icon=&#8221;true&#8221; link=&#8221;url:https%3A%2F%2Fwww.ndpo.fr%2Flycee-general%2Fcertifications%2F%20|title:Internat%20Filles||&#8221;][\/vc_column][\/vc_row][vc_row][vc_column][vc_single_image image=&#8221;1370&#8243; img_size=&#8221;full&#8221;][\/vc_column][\/vc_row][vc_row][vc_column][vc_empty_space height=&#8221;50&#8243;][\/vc_column][\/vc_row][vc_row][vc_column width=&#8221;1\/2&#8243;]\n        <div class=\"rs-heading style2   \">\n        \t<div class=\"title-inner\">\n\t            \n\t            <h2 >OUVERTURE AU MONDE<\/h2>\n\t        <\/div><div class=\"description\"><p >L\u2019\u00e9tablissement est compos\u00e9 d\u2019un bureau international dynamique et motiv\u00e9.<br \/>\nCette ouverture permettra aux \u00e9tudiants de s\u2019enrichir et de partager des exp\u00e9riences innovantes et traditionnelles.<\/p>\n<p>Notre leitmotiv vise le d\u00e9veloppement des \u00e9changes interculturels, l\u2019acquisition de comp\u00e9tences linguistiques, professionnelles et gastronomiques. De plus, l\u2019ouverture \u00e0 l\u2019international offrira aux \u00e9l\u00e8ves la possibilit\u00e9 de participer \u00e0 des \u00e9changes, des programmes et des projets de collaboration.<\/p>\n<p>En s\u2019ouvrant aux pays membres, le lyc\u00e9e pourra \u00e9galement accueillir des \u00e9tudiants \u00e9trangers. La redoutable \u00ab barri\u00e8re \u00bb de la langue devient une opportunit\u00e9, un outil de communication, un tremplin pour pr\u00e9parer une carri\u00e8re internationale et professionnelle.<\/p><\/div><\/div>[\/vc_column][vc_column width=&#8221;1\/2&#8243;][vc_single_image image=&#8221;1371&#8243; img_size=&#8221;full&#8221;][\/vc_column][\/vc_row][vc_row][vc_column][vc_empty_space height=&#8221;50&#8243;][\/vc_column][\/vc_row][vc_row][vc_column width=&#8221;1\/2&#8243;][vc_single_image image=&#8221;1373&#8243; img_size=&#8221;full&#8221; alignment=&#8221;center&#8221;][\/vc_column][vc_column width=&#8221;1\/2&#8243;]\n        <div class=\"rs-heading style2   \">\n        \t<div class=\"title-inner\">\n\t            \n\t            <h2 >NOS ENGAGEMENTS<\/h2>\n\t        <\/div><div class=\"description\"><p >Notre \u00e9tablissement souhaite f\u00e9d\u00e9rer des personnes autour d\u2019un objectif commun : permettre aux \u00e9tudiants de voir le monde. Nous travaillerons ensemble et nous valoriserons l\u2019exp\u00e9rience men\u00e9e. Plusieurs services sont impliqu\u00e9s pour ce projet : le chef d\u2019\u00e9tablissement, le service comptable, le personnel administratif et les professeurs.<\/p>\n<p>Les objectifs envisag\u00e9s sont que les \u00e9l\u00e8ves puissent d\u00e9velopper leurs comp\u00e9tences, acqu\u00e9rir de la maturit\u00e9 et de l\u2019autonomie. Ils pourront alors se cr\u00e9er un r\u00e9seau international et surmonter la barri\u00e8re de la langue et de la culture, dans leur quotidien, en s\u2019exprimant dans une langue \u00e9trang\u00e8re. Cette immersion culturelle passera par la gastronomie, pour laquelle nous sommes sp\u00e9cialis\u00e9s.<\/p><\/div><\/div>[\/vc_column][\/vc_row][vc_row][vc_column][vc_media_grid grid_id=&#8221;vc_gid:1707762053140-41b35d1e9d15b43b2d5d787b6fd5603d-8&#8243; include=&#8221;1375,1376,1377,1378,1379,1380,1381,1382,1374,1368,1386,1388,1387,1372,1389,1390,1395,1396,1397,1398,1399,1400&#8243;][\/vc_column][\/vc_row][vc_row][vc_column width=&#8221;1\/2&#8243;][vc_single_image image=&#8221;1369&#8243; img_size=&#8221;full&#8221;][\/vc_column][vc_column width=&#8221;1\/2&#8243;][vc_empty_space]\n        <div class=\"rs-heading style2   \">\n        \t<div class=\"title-inner\">\n\t            \n\t            <h2 >L'INSTITUTION \u00c0 L'INTERNATIONAL<\/h2>\n\t        <\/div><div class=\"description\"><p >Situ\u00e9e au carrefour de l\u2019Europe, l\u2019Institution Notre Dame de la Providence \u00e0 Orchies forme des \u00e9l\u00e8ves de la maternelle au post bac, \u00e0 travers des fili\u00e8res g\u00e9n\u00e9rales, technologiques et professionnelles.<\/p>\n<p>Notre entit\u00e9 souhaite s\u2019ouvrir \u00e0 l\u2019international afin d\u2019offrir \u00e0 tous ses \u00e9l\u00e8ves une exp\u00e9rience \u00e9ducative unique et inclusive.<\/p><\/div><\/div>[vc_btn title=&#8221;CERTIFICATIONS&#8221; style=&#8221;custom&#8221; custom_background=&#8221;#494d80&#8243; custom_text=&#8221;#ffffff&#8221; i_align=&#8221;right&#8221; i_icon_fontawesome=&#8221;fas fa-microphone-alt&#8221; add_icon=&#8221;true&#8221; link=&#8221;url:https%3A%2F%2Fwww.ndpo.fr%2Flycee-general%2Fcertifications%2F%20|title:Internat%20Filles||&#8221;][\/vc_column][\/vc_row][vc_row][vc_column][vc_single_image image=&#8221;1370&#8243; img_size=&#8221;full&#8221;][\/vc_column][\/vc_row][vc_row][vc_column][vc_empty_space height=&#8221;50&#8243;][\/vc_column][\/vc_row][vc_row][vc_column width=&#8221;1\/2&#8243;]\n        <div class=\"rs-heading style2   \">\n        \t<div class=\"title-inner\">\n\t            \n\t            <h2 >OUVERTURE AU MONDE<\/h2>\n\t        <\/div><div class=\"description\"><p >L\u2019\u00e9tablissement est compos\u00e9 d\u2019un bureau international dynamique et motiv\u00e9.<br \/>\nCette ouverture permettra aux \u00e9tudiants de s\u2019enrichir et de partager des exp\u00e9riences innovantes et traditionnelles.<\/p>\n<p>Notre leitmotiv vise le d\u00e9veloppement des \u00e9changes interculturels, l\u2019acquisition de comp\u00e9tences linguistiques, professionnelles et gastronomiques. De plus, l\u2019ouverture \u00e0 l\u2019international offrira aux \u00e9l\u00e8ves la possibilit\u00e9 de participer \u00e0 des \u00e9changes, des programmes et des projets de collaboration.<\/p>\n<p>En s\u2019ouvrant aux pays membres, le lyc\u00e9e pourra \u00e9galement accueillir des \u00e9tudiants \u00e9trangers. La redoutable \u00ab barri\u00e8re \u00bb de la langue devient une opportunit\u00e9, un outil de communication, un tremplin pour pr\u00e9parer une carri\u00e8re internationale et professionnelle.<\/p><\/div><\/div>[\/vc_column][vc_column width=&#8221;1\/2&#8243;][vc_single_image image=&#8221;1371&#8243; img_size=&#8221;full&#8221;][\/vc_column][\/vc_row][vc_row][vc_column][vc_empty_space height=&#8221;50&#8243;][\/vc_column][\/vc_row][vc_row][vc_column width=&#8221;1\/2&#8243;][vc_single_image image=&#8221;1373&#8243; img_size=&#8221;full&#8221; alignment=&#8221;center&#8221;][\/vc_column][vc_column width=&#8221;1\/2&#8243;]\n        <div class=\"rs-heading style2   \">\n        \t<div class=\"title-inner\">\n\t            \n\t            <h2 >NOS ENGAGEMENTS<\/h2>\n\t        <\/div><div class=\"description\"><p >Notre \u00e9tablissement souhaite f\u00e9d\u00e9rer des personnes autour d\u2019un objectif commun : permettre aux \u00e9tudiants de voir le monde. Nous travaillerons ensemble et nous valoriserons l\u2019exp\u00e9rience men\u00e9e. Plusieurs services sont impliqu\u00e9s pour ce projet : le chef d\u2019\u00e9tablissement, le service comptable, le personnel administratif et les professeurs.<\/p>\n<p>Les objectifs envisag\u00e9s sont que les \u00e9l\u00e8ves puissent d\u00e9velopper leurs comp\u00e9tences, acqu\u00e9rir de la maturit\u00e9 et de l\u2019autonomie. Ils pourront alors se cr\u00e9er un r\u00e9seau international et surmonter la barri\u00e8re de la langue et de la culture, dans leur quotidien, en s\u2019exprimant dans une langue \u00e9trang\u00e8re. Cette immersion culturelle passera par la gastronomie, pour laquelle nous sommes sp\u00e9cialis\u00e9s.<\/p><\/div><\/div>[\/vc_column][\/vc_row][vc_row][vc_column][vc_media_grid grid_id=&#8221;vc_gid:1707762133043-34f99f2ef4016406c65be7b353406b60-10&#8243; include=&#8221;1375,1376,1377,1378,1379,1380,1381,1382,1374,1368,1386,1388,1387,1372,1389,1390,1395,1396,1397,1398,1399,1400&#8243;][\/vc_column][\/vc_row]<\/p>\n","protected":false},"excerpt":{"rendered":"<p>[vc_row][vc_column width=&#8221;1\/2&#8243;][vc_single_image image=&#8221;1369&#8243; img_size=&#8221;full&#8221;][\/vc_column][vc_column width=&#8221;1\/2&#8243;][vc_empty_space][vc_btn title=&#8221;CERTIFICATIONS&#8221; style=&#8221;custom&#8221; custom_background=&#8221;#494d80&#8243; custom_text=&#8221;#ffffff&#8221; i_align=&#8221;right&#8221; i_icon_fontawesome=&#8221;fas fa-microphone-alt&#8221; add_icon=&#8221;true&#8221; link=&#8221;url:https%3A%2F%2Fwww.ndpo.fr%2Flycee-general%2Fcertifications%2F%20|title:Internat%20Filles||&#8221;][\/vc_column][\/vc_row][vc_row][vc_column][vc_single_image image=&#8221;1370&#8243; img_size=&#8221;full&#8221;][\/vc_column][\/vc_row][vc_row][vc_column][vc_empty_space height=&#8221;50&#8243;][\/vc_column][\/vc_row][vc_row][vc_column width=&#8221;1\/2&#8243;][\/vc_column][vc_column width=&#8221;1\/2&#8243;][vc_single_image image=&#8221;1371&#8243; img_size=&#8221;full&#8221;][\/vc_column][\/vc_row][vc_row][vc_column][vc_empty_space height=&#8221;50&#8243;][\/vc_column][\/vc_row][vc_row][vc_column width=&#8221;1\/2&#8243;][vc_single_image image=&#8221;1373&#8243; img_size=&#8221;full&#8221; alignment=&#8221;center&#8221;][\/vc_column][vc_column width=&#8221;1\/2&#8243;][\/vc_column][\/vc_row][vc_row][vc_column][vc_media_grid grid_id=&#8221;vc_gid:1707762053140-41b35d1e9d15b43b2d5d787b6fd5603d-8&#8243;&#8230;<\/p>\n","protected":false},"author":4,"featured_media":0,"parent":0,"menu_order":0,"comment_status":"closed","ping_status":"closed","template":"","meta":{"footnotes":""},"class_list":["post-1367","page","type-page","status-publish","hentry"],"_links":{"self":[{"href":"https:\/\/www.ndpo.fr\/lycee-general\/wp-json\/wp\/v2\/pages\/1367","targetHints":{"allow":["GET"]}}],"collection":[{"href":"https:\/\/www.ndpo.fr\/lycee-general\/wp-json\/wp\/v2\/pages"}],"about":[{"href":"https:\/\/www.ndpo.fr\/lycee-general\/wp-json\/wp\/v2\/types\/page"}],"author":[{"embeddable":true,"href":"https:\/\/www.ndpo.fr\/lycee-general\/wp-json\/wp\/v2\/users\/4"}],"replies":[{"embeddable":true,"href":"https:\/\/www.ndpo.fr\/lycee-general\/wp-json\/wp\/v2\/comments?post=1367"}],"version-history":[{"count":8,"href":"https:\/\/www.ndpo.fr\/lycee-general\/wp-json\/wp\/v2\/pages\/1367\/revisions"}],"predecessor-version":[{"id":1423,"href":"https:\/\/www.ndpo.fr\/lycee-general\/wp-json\/wp\/v2\/pages\/1367\/revisions\/1423"}],"wp:attachment":[{"href":"https:\/\/www.ndpo.fr\/lycee-general\/wp-json\/wp\/v2\/media?parent=1367"}],"curies":[{"name":"wp","href":"https:\/\/api.w.org\/{rel}","templated":true}]}}