{"id":156,"date":"2020-05-29T15:29:06","date_gmt":"2020-05-29T15:29:06","guid":{"rendered":"https:\/\/ndpo2020.keeo.com\/?page_id=156"},"modified":"2025-07-10T13:16:43","modified_gmt":"2025-07-10T13:16:43","slug":"seconde-generale","status":"publish","type":"page","link":"https:\/\/www.ndpo.fr\/lycee-general\/seconde-generale\/","title":{"rendered":"Seconde G\u00e9n\u00e9rale"},"content":{"rendered":"<p>[vc_row][vc_column]\n        <div class=\"rs-heading style2  vc_custom_1600087715406  center\">\n        \t<div class=\"title-inner\">\n\t            \n\t            <h2 >Seconde g\u00e9n\u00e9rale<\/h2>\n\t        <\/div><\/div>[\/vc_column][\/vc_row][vc_row][vc_column width=&#8221;2\/3&#8243;][vc_single_image image=&#8221;158&#8243; img_size=&#8221;full&#8221;][\/vc_column][vc_column width=&#8221;1\/3&#8243;][vc_single_image image=&#8221;1613&#8243; img_size=&#8221;full&#8221; onclick=&#8221;link_image&#8221;][vc_btn title=&#8221;S&#8217;INSCRIRE&#8221; style=&#8221;custom&#8221; custom_background=&#8221;#494d80&#8243; custom_text=&#8221;#ffffff&#8221; size=&#8221;lg&#8221; align=&#8221;center&#8221; i_type=&#8221;linecons&#8221; i_icon_linecons=&#8221;vc_li vc_li-paperplane&#8221; button_block=&#8221;true&#8221; add_icon=&#8221;true&#8221; link=&#8221;url:https%3A%2F%2Fpreinscriptions.ecoledirecte.com%2F%3FRNE%3D0593040J%20||target:%20_blank|&#8221;][\/vc_column][\/vc_row][vc_row][vc_column][vc_tta_tabs][vc_tta_section title=&#8221;Description&#8221; tab_id=&#8221;1590774116902-836f419a-c4a1&#8243;][vc_empty_space]\n        <div class=\"rs-heading style2   \">\n        \t<div class=\"title-inner\">\n\t            \n\t            <h2 >Une nouvelle organisation des enseignements<\/h2>\n\t        <\/div><div class=\"description\"><p >Le lyc\u00e9e Notre Dame de la Providence offre trois types d\u2019enseignements :<br \/>\n&#8211; Des enseignements communs, pour acqu\u00e9rir une large culture humaniste et scientifique, ouverte aux enjeux de l\u2019avenir<br \/>\n&#8211; Des enseignements de sp\u00e9cialit\u00e9 choisis par l\u2019\u00e9l\u00e8ve et s\u2019accentuant entre la premi\u00e8re et la terminale (3 enseignements en classe de premi\u00e8re puis 2 en terminale parmi les trois suivis en premi\u00e8re)<\/p>\n<p>Ces enseignements b\u00e9n\u00e9ficient d\u2019horaires significatifs permettant de proposer des programmes ambitieux et de donner du temps aux \u00e9l\u00e8ves pour les apprentissages.<br \/>\nDes enseignements facultatifs permettront, en outre, \u00e0 l\u2019\u00e9l\u00e8ve de compl\u00e9ter son parcours.<br \/>\nDes enseignements nouveaux permettront aux \u00e9l\u00e8ves de partager une culture scientifique, d\u2019apprendre \u00e0 coder et de comprendre les grands d\u00e9fis du monde contemporain.<\/p>\n<p>Un temps d\u2019aide \u00e0 l\u2019orientation tout au long du lyc\u00e9e pour pr\u00e9parer les choix de parcours et, \u00e0 terme, l\u2019entr\u00e9e dans l\u2019enseignement sup\u00e9rieur.<br \/>\nLes \u00e9l\u00e8ves seront accompagn\u00e9s selon les horaires pr\u00e9vus dans le cadre des marges d\u2019autonomie des \u00e9tablissements (groupes \u00e0 effectifs r\u00e9duits, p\u00e9dagogie diff\u00e9renci\u00e9e, MOOC, etc.).<\/p><\/div><\/div>[\/vc_tta_section][vc_tta_section title=&#8221;Programme&#8221; tab_id=&#8221;1590774116902-dec14568-6676&#8243;]\n        <div class=\"rs-heading style2   center\">\n        \t<div class=\"title-inner\">\n\t            <span class=\"sub-text\">D\u00e9couvrez<\/span>\n\t            <h2 >Un emploi du temps type d'un \u00e9l\u00e8ve de seconde<\/h2>\n\t        <\/div><\/div>[vc_single_image image=&#8221;1227&#8243; img_size=&#8221;full&#8221; alignment=&#8221;center&#8221;][\/vc_tta_section][vc_tta_section title=&#8221;Documents&#8221; tab_id=&#8221;1590774268071-655d8929-42b6&#8243;][vc_row_inner][vc_column_inner width=&#8221;1\/4&#8243;]<div class=\"rs-services\"><div class=\"service-inner services-style_6 left  \">\n\t\t\t\t\t<div class=\"services-wrap\"> \n\t\t\t\t        <div class=\"services-item\">\n\t\t\t\t            <div class=\"services-icon\"><img decoding=\"async\" src=\"https:\/\/www.ndpo.fr\/app\/uploads\/sites\/1\/2020\/09\/ndpo_documents-imp_documents.jpg\" alt=\"Rs-service\" \/><\/div>\n\t\t\t\t\t\t\t<div class=\"services-desc\">\t\n\t\t\t\t\t\t\t    <i  class=\"vc_icon_element-icon  rs-animation-scale-up\"><\/i>\n\t\t\t\t\t\t\t\t<h4 class=\"services-title\"><a href=\"https:\/\/www.ndpo.fr\/app\/uploads\/sites\/1\/2020\/09\/ndpo_arrete-2gt.pdf\" title=\"\" target=\"_blank\">Arr\u00eat\u00e9s<br \/>\nseconde GT<\/a><\/h4>\t\t\n\t\t\t\t\t\t\t\t \n\t\t\t\t\t\t\t<\/div>\t\t\n\t\t\t\t\t\t<\/div>\t\n\t\t\t\t\t<\/div>\n\t\t\t\t<\/div>\n\t\t\t<\/div>[\/vc_column_inner][vc_column_inner width=&#8221;1\/4&#8243;]<div class=\"rs-services\"><div class=\"service-inner services-style_6 left  \">\n\t\t\t\t\t<div class=\"services-wrap\"> \n\t\t\t\t        <div class=\"services-item\">\n\t\t\t\t            <div class=\"services-icon\"><img decoding=\"async\" src=\"https:\/\/www.ndpo.fr\/app\/uploads\/sites\/1\/2020\/09\/ndpo_documents-imp_documents.jpg\" alt=\"Rs-service\" \/><\/div>\n\t\t\t\t\t\t\t<div class=\"services-desc\">\t\n\t\t\t\t\t\t\t    <i  class=\"vc_icon_element-icon  rs-animation-scale-up\"><\/i>\n\t\t\t\t\t\t\t\t<h4 class=\"services-title\"><a href=\"https:\/\/www.ndpo.fr\/app\/uploads\/sites\/1\/2020\/09\/ndpo_etapes-cles.pdf\" title=\"\" target=\"_blank\">Les \u00e9tapes cl\u00e9s<br \/>\ndu lyc\u00e9e<\/a><\/h4>\t\t\n\t\t\t\t\t\t\t\t \n\t\t\t\t\t\t\t<\/div>\t\t\n\t\t\t\t\t\t<\/div>\t\n\t\t\t\t\t<\/div>\n\t\t\t\t<\/div>\n\t\t\t<\/div>[\/vc_column_inner][vc_column_inner width=&#8221;1\/4&#8243;][\/vc_column_inner][vc_column_inner width=&#8221;1\/4&#8243;][\/vc_column_inner][\/vc_row_inner][\/vc_tta_section][vc_tta_section title=&#8221;D\u00e9roulement&#8221; tab_id=&#8221;1590774309182-8bd17b9e-da8c&#8221;]\n        <div class=\"rs-heading style2   \">\n        \t<div class=\"title-inner\">\n\t            \n\t            <h2 >LA CLASSE DE SECONDE AU LYCEE C'EST :<\/h2>\n\t        <\/div><div class=\"description\"><p ><span style=\"color: #494d80;\"><strong>D\u00e9but d&#8217;ann\u00e9e :<\/strong><\/span><br \/>\nUn test num\u00e9rique de positionnement pour vous permettre de conna\u00eetre vos acquis et vos besoins en fran\u00e7ais et en math\u00e9matiques.<br \/>\nUn accompagnement personnalis\u00e9 en expression orale et \u00e9crite.<br \/>\nUn accompagnement d\u00e9di\u00e9 \u00e0 l&#8217;orientation pour aider les \u00e9l\u00e8ves \u00e0 choisir leur formation et leur projet professionnel<\/p>\n<p><span style=\"color: #494d80;\"><strong>D\u00e8s juin :<\/strong><\/span><br \/>\nEn vue de votre passage en premi\u00e8re :<br \/>\n<span style=\"color: #494d80;\">Voie g\u00e9n\u00e9rale :<\/span> vous choisissez trois enseignement de sp\u00e9cialit\u00e9<br \/>\n<span style=\"color: #494d80;\">Voie technologique :<\/span> vous choisissez une s\u00e9rie qui comprend trois enseignements de sp\u00e9cialit\u00e9<\/p><\/div><\/div>[\/vc_tta_section][\/vc_tta_tabs][\/vc_column][\/vc_row]<\/p>\n","protected":false},"excerpt":{"rendered":"<p>[vc_row][vc_column][\/vc_column][\/vc_row][vc_row][vc_column width=&#8221;2\/3&#8243;][vc_single_image image=&#8221;158&#8243; img_size=&#8221;full&#8221;][\/vc_column][vc_column width=&#8221;1\/3&#8243;][vc_single_image image=&#8221;1613&#8243; img_size=&#8221;full&#8221; onclick=&#8221;link_image&#8221;][vc_btn title=&#8221;S&#8217;INSCRIRE&#8221; style=&#8221;custom&#8221; custom_background=&#8221;#494d80&#8243; custom_text=&#8221;#ffffff&#8221; size=&#8221;lg&#8221; align=&#8221;center&#8221; i_type=&#8221;linecons&#8221; i_icon_linecons=&#8221;vc_li vc_li-paperplane&#8221; button_block=&#8221;true&#8221; add_icon=&#8221;true&#8221; link=&#8221;url:https%3A%2F%2Fpreinscriptions.ecoledirecte.com%2F%3FRNE%3D0593040J%20||target:%20_blank|&#8221;][\/vc_column][\/vc_row][vc_row][vc_column][vc_tta_tabs][vc_tta_section title=&#8221;Description&#8221; tab_id=&#8221;1590774116902-836f419a-c4a1&#8243;][vc_empty_space][\/vc_tta_section][vc_tta_section title=&#8221;Programme&#8221; tab_id=&#8221;1590774116902-dec14568-6676&#8243;][vc_single_image image=&#8221;1227&#8243; img_size=&#8221;full&#8221; alignment=&#8221;center&#8221;][\/vc_tta_section][vc_tta_section title=&#8221;Documents&#8221;&#8230;<\/p>\n","protected":false},"author":2,"featured_media":0,"parent":0,"menu_order":0,"comment_status":"closed","ping_status":"closed","template":"","meta":{"footnotes":""},"class_list":["post-156","page","type-page","status-publish","hentry"],"_links":{"self":[{"href":"https:\/\/www.ndpo.fr\/lycee-general\/wp-json\/wp\/v2\/pages\/156","targetHints":{"allow":["GET"]}}],"collection":[{"href":"https:\/\/www.ndpo.fr\/lycee-general\/wp-json\/wp\/v2\/pages"}],"about":[{"href":"https:\/\/www.ndpo.fr\/lycee-general\/wp-json\/wp\/v2\/types\/page"}],"author":[{"embeddable":true,"href":"https:\/\/www.ndpo.fr\/lycee-general\/wp-json\/wp\/v2\/users\/2"}],"replies":[{"embeddable":true,"href":"https:\/\/www.ndpo.fr\/lycee-general\/wp-json\/wp\/v2\/comments?post=156"}],"version-history":[{"count":31,"href":"https:\/\/www.ndpo.fr\/lycee-general\/wp-json\/wp\/v2\/pages\/156\/revisions"}],"predecessor-version":[{"id":1614,"href":"https:\/\/www.ndpo.fr\/lycee-general\/wp-json\/wp\/v2\/pages\/156\/revisions\/1614"}],"wp:attachment":[{"href":"https:\/\/www.ndpo.fr\/lycee-general\/wp-json\/wp\/v2\/media?parent=156"}],"curies":[{"name":"wp","href":"https:\/\/api.w.org\/{rel}","templated":true}]}}

Seconde Générale

<p>[vc_row][vc_column]
        <div class="rs-heading style2  vc_custom_1600087715406  center">
        	<div class="title-inner">
	            
	            <h2 >Seconde générale</h2>
	        </div></div>[/vc_column][/vc_row][vc_row][vc_column width=&#8221;2/3&#8243;][vc_single_image image=&#8221;158&#8243; img_size=&#8221;full&#8221;][/vc_column][vc_column width=&#8221;1/3&#8243;][vc_single_image image=&#8221;1613&#8243; img_size=&#8221;full&#8221; onclick=&#8221;link_image&#8221;][vc_btn title=&#8221;S&#8217;INSCRIRE&#8221; style=&#8221;custom&#8221; custom_background=&#8221;#494d80&#8243; custom_text=&#8221;#ffffff&#8221; size=&#8221;lg&#8221; align=&#8221;center&#8221; i_type=&#8221;linecons&#8221; i_icon_linecons=&#8221;vc_li vc_li-paperplane&#8221; button_block=&#8221;true&#8221; add_icon=&#8221;true&#8221; link=&#8221;url:https%3A%2F%2Fpreinscriptions.ecoledirecte.com%2F%3FRNE%3D0593040J%20||target:%20_blank|&#8221;][/vc_column][/vc_row][vc_row][vc_column][vc_tta_tabs][vc_tta_section title=&#8221;Description&#8221; tab_id=&#8221;1590774116902-836f419a-c4a1&#8243;][vc_empty_space]
        <div class="rs-heading style2   ">
        	<div class="title-inner">
	            
	            <h2 >Une nouvelle organisation des enseignements</h2>
	        </div><div class="description"><p >Le lycée Notre Dame de la Providence offre trois types d’enseignements :<br />
&#8211; Des enseignements communs, pour acquérir une large culture humaniste et scientifique, ouverte aux enjeux de l’avenir<br />
&#8211; Des enseignements de spécialité choisis par l’élève et s’accentuant entre la première et la terminale (3 enseignements en classe de première puis 2 en terminale parmi les trois suivis en première)</p>
<p>Ces enseignements bénéficient d’horaires significatifs permettant de proposer des programmes ambitieux et de donner du temps aux élèves pour les apprentissages.<br />
Des enseignements facultatifs permettront, en outre, à l’élève de compléter son parcours.<br />
Des enseignements nouveaux permettront aux élèves de partager une culture scientifique, d’apprendre à coder et de comprendre les grands défis du monde contemporain.</p>
<p>Un temps d’aide à l’orientation tout au long du lycée pour préparer les choix de parcours et, à terme, l’entrée dans l’enseignement supérieur.<br />
Les élèves seront accompagnés selon les horaires prévus dans le cadre des marges d’autonomie des établissements (groupes à effectifs réduits, pédagogie différenciée, MOOC, etc.).</p></div></div>[/vc_tta_section][vc_tta_section title=&#8221;Programme&#8221; tab_id=&#8221;1590774116902-dec14568-6676&#8243;]
        <div class="rs-heading style2   center">
        	<div class="title-inner">
	            <span class="sub-text">Découvrez</span>
	            <h2 >Un emploi du temps type d'un élève de seconde</h2>
	        </div></div>[vc_single_image image=&#8221;1227&#8243; img_size=&#8221;full&#8221; alignment=&#8221;center&#8221;][/vc_tta_section][vc_tta_section title=&#8221;Documents&#8221; tab_id=&#8221;1590774268071-655d8929-42b6&#8243;][vc_row_inner][vc_column_inner width=&#8221;1/4&#8243;]<div class="rs-services"><div class="service-inner services-style_6 left  ">
					<div class="services-wrap"> 
				        <div class="services-item">
				            <div class="services-icon"><img decoding="async" src="https://www.ndpo.fr/app/uploads/sites/1/2020/09/ndpo_documents-imp_documents.jpg" alt="Rs-service" /></div>
							<div class="services-desc">	
							    <i  class="vc_icon_element-icon  rs-animation-scale-up"></i>
								<h4 class="services-title"><a href="https://www.ndpo.fr/app/uploads/sites/1/2020/09/ndpo_arrete-2gt.pdf" title="" target="_blank">Arrêtés<br />
seconde GT</a></h4>		
								 
							</div>		
						</div>	
					</div>
				</div>
			</div>[/vc_column_inner][vc_column_inner width=&#8221;1/4&#8243;]<div class="rs-services"><div class="service-inner services-style_6 left  ">
					<div class="services-wrap"> 
				        <div class="services-item">
				            <div class="services-icon"><img decoding="async" src="https://www.ndpo.fr/app/uploads/sites/1/2020/09/ndpo_documents-imp_documents.jpg" alt="Rs-service" /></div>
							<div class="services-desc">	
							    <i  class="vc_icon_element-icon  rs-animation-scale-up"></i>
								<h4 class="services-title"><a href="https://www.ndpo.fr/app/uploads/sites/1/2020/09/ndpo_etapes-cles.pdf" title="" target="_blank">Les étapes clés<br />
du lycée</a></h4>		
								 
							</div>		
						</div>	
					</div>
				</div>
			</div>[/vc_column_inner][vc_column_inner width=&#8221;1/4&#8243;][/vc_column_inner][vc_column_inner width=&#8221;1/4&#8243;][/vc_column_inner][/vc_row_inner][/vc_tta_section][vc_tta_section title=&#8221;Déroulement&#8221; tab_id=&#8221;1590774309182-8bd17b9e-da8c&#8221;]
        <div class="rs-heading style2   ">
        	<div class="title-inner">
	            
	            <h2 >LA CLASSE DE SECONDE AU LYCEE C'EST :</h2>
	        </div><div class="description"><p ><span style="color: #494d80;"><strong>Début d&#8217;année :</strong></span><br />
Un test numérique de positionnement pour vous permettre de connaître vos acquis et vos besoins en français et en mathématiques.<br />
Un accompagnement personnalisé en expression orale et écrite.<br />
Un accompagnement dédié à l&#8217;orientation pour aider les élèves à choisir leur formation et leur projet professionnel</p>
<p><span style="color: #494d80;"><strong>Dès juin :</strong></span><br />
En vue de votre passage en première :<br />
<span style="color: #494d80;">Voie générale :</span> vous choisissez trois enseignement de spécialité<br />
<span style="color: #494d80;">Voie technologique :</span> vous choisissez une série qui comprend trois enseignements de spécialité</p></div></div>[/vc_tta_section][/vc_tta_tabs][/vc_column][/vc_row]</p>
