{"id":713,"date":"2021-05-26T07:13:55","date_gmt":"2021-05-26T07:13:55","guid":{"rendered":"https:\/\/ndpo2020.keeo.com\/lycee-general\/?page_id=713"},"modified":"2024-02-14T14:12:08","modified_gmt":"2024-02-14T14:12:08","slug":"certifications","status":"publish","type":"page","link":"https:\/\/www.ndpo.fr\/lycee-general\/certifications\/","title":{"rendered":"Certifications"},"content":{"rendered":"<p>[vc_row][vc_column]\n        <div class=\"rs-heading style2   center\">\n        \t<div class=\"title-inner\">\n\t            \n\t            <h2 >Nos certifications<\/h2>\n\t        <\/div><\/div>[vc_single_image image=&#8221;1417&#8243; img_size=&#8221;full&#8221;][\/vc_column][\/vc_row][vc_row][vc_column width=&#8221;1\/2&#8243;][vc_single_image image=&#8221;722&#8243; img_size=&#8221;full&#8221;][\/vc_column][vc_column width=&#8221;1\/2&#8243;]\n        <div class=\"rs-heading style2   \">\n        \t<div class=\"title-inner\">\n\t            <span class=\"sub-text\">Examen anglais<\/span>\n\t            <h2 >TOEIC<\/h2>\n\t        <\/div><div class=\"description\"><p >Le\u00a0<strong>TOEIC<\/strong>\u00a0(Test Of English for International Communication)\u00a0est un\u00a0<strong>examen d\u2019anglais\u00a0<\/strong>standardis\u00e9 largement reconnu \u00e0 l\u2019international. Le test TOEIC\u00a0est utilis\u00e9 pour \u00e9valuer la capacit\u00e9 de personnes, dont l\u2019anglais n\u2019est pas la langue maternelle, \u00e0\u00a0<strong>communiquer dans un environnement professionnel anglophone<\/strong>.<\/p><\/div><\/div>[\/vc_column][\/vc_row][vc_row][vc_column][vc_empty_space height=&#8221;50px&#8221;][\/vc_column][\/vc_row][vc_row][vc_column width=&#8221;1\/2&#8243;]\n        <div class=\"rs-heading style2   \">\n        \t<div class=\"title-inner\">\n\t            <span class=\"sub-text\">Examen espagnol<\/span>\n\t            <h2 >ELYTE<\/h2>\n\t        <\/div><div class=\"description\"><p >Le test <strong>ELYTE<\/strong> est certifi\u00e9 par la Chambre de Commerce d\u2019Espagne en France, sous le contr\u00f4le d\u2019une \u00e9quipe p\u00e9dagogique qui \u00e9labore les \u00e9preuves. Avec ce test, on certifie le niveau de comp\u00e9tences en langue espagnole \u00e0 travers quatre domaines de comp\u00e9tences, inscrites dans le Cadre Europ\u00e9en de R\u00e9f\u00e9rence pour les langues (<a href=\"https:\/\/www.empleofrancia.com\/fr\/\" target=\"_blank\" rel=\"noopener noreferrer\">MCERL<\/a>). Les r\u00e9sultats sont analys\u00e9s globalement et par comp\u00e9tences. Les candidats obtiennent un certificat qui indique les r\u00e9sultats par cat\u00e9gorie ainsi que le niveau global obtenu.<\/p><\/div><\/div>[\/vc_column][vc_column width=&#8221;1\/2&#8243;][vc_single_image image=&#8221;716&#8243; img_size=&#8221;full&#8221;][\/vc_column][\/vc_row][vc_row][vc_column width=&#8221;1\/2&#8243;][vc_single_image image=&#8221;1427&#8243; img_size=&#8221;full&#8221;][\/vc_column][vc_column width=&#8221;1\/2&#8243;]\n        <div class=\"rs-heading style2   \">\n        \t<div class=\"title-inner\">\n\t            <span class=\"sub-text\">Washington Academy<\/span>\n\t            <h2 >Dual Diploma<\/h2>\n\t        <\/div><div class=\"description\"><p ><strong>LE DUAL DIPLOMA<\/strong><\/p>\n<p>en partenariat exclusif avec la Washington Academy<\/p>\n<p>Qu\u2019est-ce que le Dual Diploma ?<\/p>\n<p>C\u2019est arriver, \u00e0 l\u2019issue de la Terminale, avec 2 dipl\u00f4mes en poche :<br \/>\u2022 Le Baccalaur\u00e9at, bien s\u00fbr<br \/>\u2022 Le High School Diploma am\u00e9ricain (Baccalaur\u00e9at am\u00e9ricain),<br \/> valid\u00e9 pour JEV Langues par la prestigieuse Washington Academy.<br \/>\n<\/p><\/div><\/div>[\/vc_column][\/vc_row]<\/p>\n","protected":false},"excerpt":{"rendered":"<p>[vc_row][vc_column][vc_single_image image=&#8221;1417&#8243; img_size=&#8221;full&#8221;][\/vc_column][\/vc_row][vc_row][vc_column width=&#8221;1\/2&#8243;][vc_single_image image=&#8221;722&#8243; img_size=&#8221;full&#8221;][\/vc_column][vc_column width=&#8221;1\/2&#8243;][\/vc_column][\/vc_row][vc_row][vc_column][vc_empty_space height=&#8221;50px&#8221;][\/vc_column][\/vc_row][vc_row][vc_column width=&#8221;1\/2&#8243;][\/vc_column][vc_column width=&#8221;1\/2&#8243;][vc_single_image image=&#8221;716&#8243; img_size=&#8221;full&#8221;][\/vc_column][\/vc_row][vc_row][vc_column width=&#8221;1\/2&#8243;][vc_single_image image=&#8221;1427&#8243; img_size=&#8221;full&#8221;][\/vc_column][vc_column width=&#8221;1\/2&#8243;][\/vc_column]&#8230;<\/p>\n","protected":false},"author":2,"featured_media":0,"parent":0,"menu_order":0,"comment_status":"closed","ping_status":"closed","template":"","meta":{"footnotes":""},"class_list":["post-713","page","type-page","status-publish","hentry"],"_links":{"self":[{"href":"https:\/\/www.ndpo.fr\/lycee-general\/wp-json\/wp\/v2\/pages\/713","targetHints":{"allow":["GET"]}}],"collection":[{"href":"https:\/\/www.ndpo.fr\/lycee-general\/wp-json\/wp\/v2\/pages"}],"about":[{"href":"https:\/\/www.ndpo.fr\/lycee-general\/wp-json\/wp\/v2\/types\/page"}],"author":[{"embeddable":true,"href":"https:\/\/www.ndpo.fr\/lycee-general\/wp-json\/wp\/v2\/users\/2"}],"replies":[{"embeddable":true,"href":"https:\/\/www.ndpo.fr\/lycee-general\/wp-json\/wp\/v2\/comments?post=713"}],"version-history":[{"count":11,"href":"https:\/\/www.ndpo.fr\/lycee-general\/wp-json\/wp\/v2\/pages\/713\/revisions"}],"predecessor-version":[{"id":1425,"href":"https:\/\/www.ndpo.fr\/lycee-general\/wp-json\/wp\/v2\/pages\/713\/revisions\/1425"}],"wp:attachment":[{"href":"https:\/\/www.ndpo.fr\/lycee-general\/wp-json\/wp\/v2\/media?parent=713"}],"curies":[{"name":"wp","href":"https:\/\/api.w.org\/{rel}","templated":true}]}}