{"id":827,"date":"2021-06-11T08:22:07","date_gmt":"2021-06-11T06:22:07","guid":{"rendered":"https:\/\/www.ndpo.fr\/lycee-professionnel\/?page_id=827"},"modified":"2025-06-04T09:40:27","modified_gmt":"2025-06-04T07:40:27","slug":"fournitures","status":"publish","type":"page","link":"https:\/\/www.ndpo.fr\/lycee-professionnel\/fournitures\/","title":{"rendered":"Fournitures"},"content":{"rendered":"<p>[vc_row][vc_column]\n        <div class=\"rs-heading style2   center\">\n        \t<div class=\"title-inner\">\n\t            \n\t            <h2 >Voici la liste des fournitures scolaire<br \/>\net les bons de commande de l'APEL<\/h2>\n\t        <\/div><div class=\"description\"><p >Les fournitures pour les classes de BTS et CSCDR<br \/>\nseront donn\u00e9s par chacun de leurs professeurs d\u00e8s la rentr\u00e9e !<\/p><\/div><\/div>[\/vc_column][\/vc_row][vc_row][vc_column width=&#8221;1\/4&#8243;]<div class=\"rs-services\"><div class=\"service-inner services-style_6 center  \">\n\t\t\t\t\t<div class=\"services-wrap\"> \n\t\t\t\t        <div class=\"services-item\">\n\t\t\t\t            <div class=\"services-icon\"><img decoding=\"async\" src=\"https:\/\/www.ndpo.fr\/app\/uploads\/sites\/3\/2020\/11\/ndpo_documents-imp_documents.jpg\" alt=\"Rs-service\" \/><\/div>\n\t\t\t\t\t\t\t<div class=\"services-desc\">\t\n\t\t\t\t\t\t\t    <i  class=\"vc_icon_element-icon far fa-file-alt rs-animation-scale-up\"><\/i>\n\t\t\t\t\t\t\t\t<h4 class=\"services-title\"><a href=\"https:\/\/www.ndpo.fr\/app\/uploads\/sites\/3\/2025\/05\/3-PM.pdf\" title=\"\" target=\"_blank\">3 Pr\u00e9pa M\u00e9tiers<\/a><\/h4>\t\t\n\t\t\t\t\t\t\t\t \n\t\t\t\t\t\t\t<\/div>\t\t\n\t\t\t\t\t\t<\/div>\t\n\t\t\t\t\t<\/div>\n\t\t\t\t<\/div>\n\t\t\t<\/div>[\/vc_column][vc_column width=&#8221;1\/4&#8243;]<div class=\"rs-services\"><div class=\"service-inner services-style_6 center  \">\n\t\t\t\t\t<div class=\"services-wrap\"> \n\t\t\t\t        <div class=\"services-item\">\n\t\t\t\t            <div class=\"services-icon\"><img decoding=\"async\" src=\"https:\/\/www.ndpo.fr\/app\/uploads\/sites\/3\/2020\/11\/ndpo_documents-imp_documents.jpg\" alt=\"Rs-service\" \/><\/div>\n\t\t\t\t\t\t\t<div class=\"services-desc\">\t\n\t\t\t\t\t\t\t    <i  class=\"vc_icon_element-icon far fa-file-alt rs-animation-scale-up\"><\/i>\n\t\t\t\t\t\t\t\t<h4 class=\"services-title\"><a href=\"https:\/\/www.ndpo.fr\/app\/uploads\/sites\/3\/2025\/05\/2-PRO-PAT.pdf\" title=\"\" target=\"_blank\">2 Pro Boulangerie\/P\u00e2tisserie<\/a><\/h4>\t\t\n\t\t\t\t\t\t\t\t \n\t\t\t\t\t\t\t<\/div>\t\t\n\t\t\t\t\t\t<\/div>\t\n\t\t\t\t\t<\/div>\n\t\t\t\t<\/div>\n\t\t\t<\/div>[\/vc_column][vc_column width=&#8221;1\/4&#8243;]<div class=\"rs-services\"><div class=\"service-inner services-style_6 center  \">\n\t\t\t\t\t<div class=\"services-wrap\"> \n\t\t\t\t        <div class=\"services-item\">\n\t\t\t\t            <div class=\"services-icon\"><img decoding=\"async\" src=\"https:\/\/www.ndpo.fr\/app\/uploads\/sites\/3\/2020\/11\/ndpo_documents-imp_documents.jpg\" alt=\"Rs-service\" \/><\/div>\n\t\t\t\t\t\t\t<div class=\"services-desc\">\t\n\t\t\t\t\t\t\t    <i  class=\"vc_icon_element-icon far fa-file-alt rs-animation-scale-up\"><\/i>\n\t\t\t\t\t\t\t\t<h4 class=\"services-title\"><a href=\"https:\/\/www.ndpo.fr\/app\/uploads\/sites\/3\/2025\/05\/1-PRO-PAT.pdf\" title=\"\" target=\"_blank\">1\u00e8re Pro Boulangerie\/P\u00e2tisserie<\/a><\/h4>\t\t\n\t\t\t\t\t\t\t\t \n\t\t\t\t\t\t\t<\/div>\t\t\n\t\t\t\t\t\t<\/div>\t\n\t\t\t\t\t<\/div>\n\t\t\t\t<\/div>\n\t\t\t<\/div>[\/vc_column][vc_column width=&#8221;1\/4&#8243;]<div class=\"rs-services\"><div class=\"service-inner services-style_6 center  \">\n\t\t\t\t\t<div class=\"services-wrap\"> \n\t\t\t\t        <div class=\"services-item\">\n\t\t\t\t            <div class=\"services-icon\"><img decoding=\"async\" src=\"https:\/\/www.ndpo.fr\/app\/uploads\/sites\/3\/2020\/11\/ndpo_documents-imp_documents.jpg\" alt=\"Rs-service\" \/><\/div>\n\t\t\t\t\t\t\t<div class=\"services-desc\">\t\n\t\t\t\t\t\t\t    <i  class=\"vc_icon_element-icon far fa-file-alt rs-animation-scale-up\"><\/i>\n\t\t\t\t\t\t\t\t<h4 class=\"services-title\"><a href=\"https:\/\/www.ndpo.fr\/app\/uploads\/sites\/3\/2025\/05\/T-PRO-PAT.pdf\" title=\"\" target=\"_blank\">T Pro Boulangerie\/P\u00e2tisserie<\/a><\/h4>\t\t\n\t\t\t\t\t\t\t\t \n\t\t\t\t\t\t\t<\/div>\t\t\n\t\t\t\t\t\t<\/div>\t\n\t\t\t\t\t<\/div>\n\t\t\t\t<\/div>\n\t\t\t<\/div>[\/vc_column][\/vc_row][vc_row][vc_column width=&#8221;1\/4&#8243;]<div class=\"rs-services\"><div class=\"service-inner services-style_6 center  \">\n\t\t\t\t\t<div class=\"services-wrap\"> \n\t\t\t\t        <div class=\"services-item\">\n\t\t\t\t            <div class=\"services-icon\"><img decoding=\"async\" src=\"https:\/\/www.ndpo.fr\/app\/uploads\/sites\/3\/2020\/11\/ndpo_documents-imp_documents.jpg\" alt=\"Rs-service\" \/><\/div>\n\t\t\t\t\t\t\t<div class=\"services-desc\">\t\n\t\t\t\t\t\t\t    <i  class=\"vc_icon_element-icon far fa-file-alt rs-animation-scale-up\"><\/i>\n\t\t\t\t\t\t\t\t<h4 class=\"services-title\"><a href=\"https:\/\/www.ndpo.fr\/app\/uploads\/sites\/3\/2025\/05\/2-PRO-HOT.pdf\" title=\"\" target=\"_blank\">2 Pro H\u00f4tellerie\/Restauration<\/a><\/h4>\t\t\n\t\t\t\t\t\t\t\t \n\t\t\t\t\t\t\t<\/div>\t\t\n\t\t\t\t\t\t<\/div>\t\n\t\t\t\t\t<\/div>\n\t\t\t\t<\/div>\n\t\t\t<\/div>[\/vc_column][vc_column width=&#8221;1\/4&#8243;]<div class=\"rs-services\"><div class=\"service-inner services-style_6 center  \">\n\t\t\t\t\t<div class=\"services-wrap\"> \n\t\t\t\t        <div class=\"services-item\">\n\t\t\t\t            <div class=\"services-icon\"><img decoding=\"async\" src=\"https:\/\/www.ndpo.fr\/app\/uploads\/sites\/3\/2020\/11\/ndpo_documents-imp_documents.jpg\" alt=\"Rs-service\" \/><\/div>\n\t\t\t\t\t\t\t<div class=\"services-desc\">\t\n\t\t\t\t\t\t\t    <i  class=\"vc_icon_element-icon far fa-file-alt rs-animation-scale-up\"><\/i>\n\t\t\t\t\t\t\t\t<h4 class=\"services-title\"><a href=\"https:\/\/www.ndpo.fr\/app\/uploads\/sites\/3\/2025\/05\/1-PRO-HOT-Cuisine.pdf\" title=\"\" target=\"_blank\">1\u00e8re Pro Cuisine<\/a><\/h4>\t\t\n\t\t\t\t\t\t\t\t \n\t\t\t\t\t\t\t<\/div>\t\t\n\t\t\t\t\t\t<\/div>\t\n\t\t\t\t\t<\/div>\n\t\t\t\t<\/div>\n\t\t\t<\/div>[\/vc_column][vc_column width=&#8221;1\/4&#8243;]<div class=\"rs-services\"><div class=\"service-inner services-style_6 center  \">\n\t\t\t\t\t<div class=\"services-wrap\"> \n\t\t\t\t        <div class=\"services-item\">\n\t\t\t\t            <div class=\"services-icon\"><img decoding=\"async\" src=\"https:\/\/www.ndpo.fr\/app\/uploads\/sites\/3\/2020\/11\/ndpo_documents-imp_documents.jpg\" alt=\"Rs-service\" \/><\/div>\n\t\t\t\t\t\t\t<div class=\"services-desc\">\t\n\t\t\t\t\t\t\t    <i  class=\"vc_icon_element-icon far fa-file-alt rs-animation-scale-up\"><\/i>\n\t\t\t\t\t\t\t\t<h4 class=\"services-title\"><a href=\"https:\/\/www.ndpo.fr\/app\/uploads\/sites\/3\/2025\/05\/1-PRO-HOT-Salle.pdf\" title=\"\" target=\"_blank\">1\u00e8re Pro Salle<\/a><\/h4>\t\t\n\t\t\t\t\t\t\t\t \n\t\t\t\t\t\t\t<\/div>\t\t\n\t\t\t\t\t\t<\/div>\t\n\t\t\t\t\t<\/div>\n\t\t\t\t<\/div>\n\t\t\t<\/div>[\/vc_column][vc_column width=&#8221;1\/4&#8243;]<div class=\"rs-services\"><div class=\"service-inner services-style_6 center  \">\n\t\t\t\t\t<div class=\"services-wrap\"> \n\t\t\t\t        <div class=\"services-item\">\n\t\t\t\t            <div class=\"services-icon\"><img decoding=\"async\" src=\"https:\/\/www.ndpo.fr\/app\/uploads\/sites\/3\/2020\/11\/ndpo_documents-imp_documents.jpg\" alt=\"Rs-service\" \/><\/div>\n\t\t\t\t\t\t\t<div class=\"services-desc\">\t\n\t\t\t\t\t\t\t    <i  class=\"vc_icon_element-icon far fa-file-alt rs-animation-scale-up\"><\/i>\n\t\t\t\t\t\t\t\t<h4 class=\"services-title\"><a href=\"https:\/\/www.ndpo.fr\/app\/uploads\/sites\/3\/2025\/05\/T-PRO-HOT-Cuisine.pdf\" title=\"\" target=\"_blank\">T Pro Cuisine<\/a><\/h4>\t\t\n\t\t\t\t\t\t\t\t \n\t\t\t\t\t\t\t<\/div>\t\t\n\t\t\t\t\t\t<\/div>\t\n\t\t\t\t\t<\/div>\n\t\t\t\t<\/div>\n\t\t\t<\/div>[\/vc_column][\/vc_row][vc_row][vc_column width=&#8221;1\/4&#8243;]<div class=\"rs-services\"><div class=\"service-inner services-style_6 center  \">\n\t\t\t\t\t<div class=\"services-wrap\"> \n\t\t\t\t        <div class=\"services-item\">\n\t\t\t\t            <div class=\"services-icon\"><img decoding=\"async\" src=\"https:\/\/www.ndpo.fr\/app\/uploads\/sites\/3\/2020\/11\/ndpo_documents-imp_documents.jpg\" alt=\"Rs-service\" \/><\/div>\n\t\t\t\t\t\t\t<div class=\"services-desc\">\t\n\t\t\t\t\t\t\t    <i  class=\"vc_icon_element-icon far fa-file-alt rs-animation-scale-up\"><\/i>\n\t\t\t\t\t\t\t\t<h4 class=\"services-title\"><a href=\"https:\/\/www.ndpo.fr\/app\/uploads\/sites\/3\/2025\/05\/T-PRO-HOT-Salle.pdf\" title=\"\" target=\"_blank\">T Pro Salle<\/a><\/h4>\t\t\n\t\t\t\t\t\t\t\t \n\t\t\t\t\t\t\t<\/div>\t\t\n\t\t\t\t\t\t<\/div>\t\n\t\t\t\t\t<\/div>\n\t\t\t\t<\/div>\n\t\t\t<\/div>[\/vc_column][vc_column width=&#8221;1\/4&#8243;]<div class=\"rs-services\"><div class=\"service-inner services-style_6 center  \">\n\t\t\t\t\t<div class=\"services-wrap\"> \n\t\t\t\t        <div class=\"services-item\">\n\t\t\t\t            <div class=\"services-icon\"><img decoding=\"async\" src=\"https:\/\/www.ndpo.fr\/app\/uploads\/sites\/3\/2020\/11\/ndpo_documents-imp_documents.jpg\" alt=\"Rs-service\" \/><\/div>\n\t\t\t\t\t\t\t<div class=\"services-desc\">\t\n\t\t\t\t\t\t\t    <i  class=\"vc_icon_element-icon far fa-file-alt rs-animation-scale-up\"><\/i>\n\t\t\t\t\t\t\t\t<h4 class=\"services-title\"><a href=\"https:\/\/www.ndpo.fr\/app\/uploads\/sites\/1\/2025\/06\/2-STHR-2025.pdf\" title=\"\" target=\"_blank\">2 STHR<\/a><\/h4>\t\t\n\t\t\t\t\t\t\t\t \n\t\t\t\t\t\t\t<\/div>\t\t\n\t\t\t\t\t\t<\/div>\t\n\t\t\t\t\t<\/div>\n\t\t\t\t<\/div>\n\t\t\t<\/div>[\/vc_column][vc_column width=&#8221;1\/4&#8243;]<div class=\"rs-services\"><div class=\"service-inner services-style_6 center  \">\n\t\t\t\t\t<div class=\"services-wrap\"> \n\t\t\t\t        <div class=\"services-item\">\n\t\t\t\t            <div class=\"services-icon\"><img decoding=\"async\" src=\"https:\/\/www.ndpo.fr\/app\/uploads\/sites\/3\/2020\/11\/ndpo_documents-imp_documents.jpg\" alt=\"Rs-service\" \/><\/div>\n\t\t\t\t\t\t\t<div class=\"services-desc\">\t\n\t\t\t\t\t\t\t    <i  class=\"vc_icon_element-icon far fa-file-alt rs-animation-scale-up\"><\/i>\n\t\t\t\t\t\t\t\t<h4 class=\"services-title\"><a href=\"https:\/\/www.ndpo.fr\/app\/uploads\/sites\/3\/2025\/05\/1-STHR.pdf\" title=\"\" target=\"_blank\">1\u00e8re STHR<\/a><\/h4>\t\t\n\t\t\t\t\t\t\t\t \n\t\t\t\t\t\t\t<\/div>\t\t\n\t\t\t\t\t\t<\/div>\t\n\t\t\t\t\t<\/div>\n\t\t\t\t<\/div>\n\t\t\t<\/div>[\/vc_column][vc_column width=&#8221;1\/4&#8243;]<div class=\"rs-services\"><div class=\"service-inner services-style_6 center  \">\n\t\t\t\t\t<div class=\"services-wrap\"> \n\t\t\t\t        <div class=\"services-item\">\n\t\t\t\t            <div class=\"services-icon\"><img decoding=\"async\" src=\"https:\/\/www.ndpo.fr\/app\/uploads\/sites\/3\/2020\/11\/ndpo_documents-imp_documents.jpg\" alt=\"Rs-service\" \/><\/div>\n\t\t\t\t\t\t\t<div class=\"services-desc\">\t\n\t\t\t\t\t\t\t    <i  class=\"vc_icon_element-icon far fa-file-alt rs-animation-scale-up\"><\/i>\n\t\t\t\t\t\t\t\t<h4 class=\"services-title\"><a href=\"https:\/\/www.ndpo.fr\/app\/uploads\/sites\/3\/2025\/05\/T-STHR.pdf\" title=\"\" target=\"_blank\">T STHR<\/a><\/h4>\t\t\n\t\t\t\t\t\t\t\t \n\t\t\t\t\t\t\t<\/div>\t\t\n\t\t\t\t\t\t<\/div>\t\n\t\t\t\t\t<\/div>\n\t\t\t\t<\/div>\n\t\t\t<\/div>[\/vc_column][\/vc_row][vc_row][vc_column width=&#8221;1\/4&#8243;][\/vc_column][vc_column width=&#8221;1\/4&#8243;]<div class=\"rs-services\"><div class=\"service-inner services-style_6 center  \">\n\t\t\t\t\t<div class=\"services-wrap\"> \n\t\t\t\t        <div class=\"services-item\">\n\t\t\t\t            <div class=\"services-icon\"><img decoding=\"async\" src=\"https:\/\/www.ndpo.fr\/app\/uploads\/sites\/3\/2020\/11\/ndpo_documents-imp_documents.jpg\" alt=\"Rs-service\" \/><\/div>\n\t\t\t\t\t\t\t<div class=\"services-desc\">\t\n\t\t\t\t\t\t\t    <i  class=\"vc_icon_element-icon far fa-file-alt rs-animation-scale-up\"><\/i>\n\t\t\t\t\t\t\t\t<h4 class=\"services-title\"><a href=\"https:\/\/www.ndpo.fr\/app\/uploads\/sites\/3\/2025\/05\/CAP-choco.pdf\" title=\"\" target=\"_blank\">CAP CHOCO<\/a><\/h4>\t\t\n\t\t\t\t\t\t\t\t \n\t\t\t\t\t\t\t<\/div>\t\t\n\t\t\t\t\t\t<\/div>\t\n\t\t\t\t\t<\/div>\n\t\t\t\t<\/div>\n\t\t\t<\/div>[\/vc_column][vc_column width=&#8221;1\/4&#8243;]<div class=\"rs-services\"><div class=\"service-inner services-style_6 center  \">\n\t\t\t\t\t<div class=\"services-wrap\"> \n\t\t\t\t        <div class=\"services-item\">\n\t\t\t\t            <div class=\"services-icon\"><img decoding=\"async\" src=\"https:\/\/www.ndpo.fr\/app\/uploads\/sites\/3\/2020\/11\/ndpo_documents-imp_documents.jpg\" alt=\"Rs-service\" \/><\/div>\n\t\t\t\t\t\t\t<div class=\"services-desc\">\t\n\t\t\t\t\t\t\t    <i  class=\"vc_icon_element-icon far fa-file-alt rs-animation-scale-up\"><\/i>\n\t\t\t\t\t\t\t\t<h4 class=\"services-title\"><a href=\"https:\/\/www.ndpo.fr\/app\/uploads\/sites\/3\/2025\/05\/lettre-fournitures-section-professionnelle-25-26.pdf\" title=\"\" target=\"_blank\">BON DE COMMANDE Fournitures 2025 - 2026<\/a><\/h4>\t\t\n\t\t\t\t\t\t\t\t \n\t\t\t\t\t\t\t<\/div>\t\t\n\t\t\t\t\t\t<\/div>\t\n\t\t\t\t\t<\/div>\n\t\t\t\t<\/div>\n\t\t\t<\/div>[\/vc_column][vc_column width=&#8221;1\/4&#8243;][\/vc_column][\/vc_row]<\/p>\n","protected":false},"excerpt":{"rendered":"<p>[vc_row][vc_column][\/vc_column][\/vc_row][vc_row][vc_column width=&#8221;1\/4&#8243;][\/vc_column][vc_column width=&#8221;1\/4&#8243;][\/vc_column][vc_column width=&#8221;1\/4&#8243;][\/vc_column][vc_column width=&#8221;1\/4&#8243;][\/vc_column][\/vc_row][vc_row][vc_column width=&#8221;1\/4&#8243;][\/vc_column][vc_column width=&#8221;1\/4&#8243;][\/vc_column][vc_column width=&#8221;1\/4&#8243;][\/vc_column][vc_column width=&#8221;1\/4&#8243;][\/vc_column][\/vc_row][vc_row][vc_column width=&#8221;1\/4&#8243;][\/vc_column][vc_column width=&#8221;1\/4&#8243;][\/vc_column][vc_column width=&#8221;1\/4&#8243;][\/vc_column][vc_column width=&#8221;1\/4&#8243;][\/vc_column][\/vc_row][vc_row][vc_column width=&#8221;1\/4&#8243;][\/vc_column][vc_column width=&#8221;1\/4&#8243;][\/vc_column][vc_column width=&#8221;1\/4&#8243;][\/vc_column][vc_column width=&#8221;1\/4&#8243;][\/vc_column]&#8230;<\/p>\n","protected":false},"author":2,"featured_media":0,"parent":0,"menu_order":0,"comment_status":"closed","ping_status":"closed","template":"","meta":{"footnotes":""},"class_list":["post-827","page","type-page","status-publish","hentry"],"_links":{"self":[{"href":"https:\/\/www.ndpo.fr\/lycee-professionnel\/wp-json\/wp\/v2\/pages\/827","targetHints":{"allow":["GET"]}}],"collection":[{"href":"https:\/\/www.ndpo.fr\/lycee-professionnel\/wp-json\/wp\/v2\/pages"}],"about":[{"href":"https:\/\/www.ndpo.fr\/lycee-professionnel\/wp-json\/wp\/v2\/types\/page"}],"author":[{"embeddable":true,"href":"https:\/\/www.ndpo.fr\/lycee-professionnel\/wp-json\/wp\/v2\/users\/2"}],"replies":[{"embeddable":true,"href":"https:\/\/www.ndpo.fr\/lycee-professionnel\/wp-json\/wp\/v2\/comments?post=827"}],"version-history":[{"count":22,"href":"https:\/\/www.ndpo.fr\/lycee-professionnel\/wp-json\/wp\/v2\/pages\/827\/revisions"}],"predecessor-version":[{"id":1701,"href":"https:\/\/www.ndpo.fr\/lycee-professionnel\/wp-json\/wp\/v2\/pages\/827\/revisions\/1701"}],"wp:attachment":[{"href":"https:\/\/www.ndpo.fr\/lycee-professionnel\/wp-json\/wp\/v2\/media?parent=827"}],"curies":[{"name":"wp","href":"https:\/\/api.w.org\/{rel}","templated":true}]}}