{"id":56,"date":"2021-02-22T10:16:00","date_gmt":"2021-02-22T09:16:00","guid":{"rendered":"https:\/\/ndpo2020.keeo.com\/post-bac\/?page_id=56"},"modified":"2025-07-10T10:03:28","modified_gmt":"2025-07-10T08:03:28","slug":"bts-mhr-management-dunite-culinaire","status":"publish","type":"page","link":"https:\/\/www.ndpo.fr\/post-bac\/bts-mhr-management-dunite-culinaire\/","title":{"rendered":"BTS MHR : Management d&#8217;Unit\u00e9 de production culinaire"},"content":{"rendered":"<p>[vc_row][vc_column]\n        <div class=\"rs-heading style2   center\">\n        \t<div class=\"title-inner\">\n\t            <span class=\"sub-text\">BTS MANAGEMENT EN H\u00d4TELLERIE RESTAURATION<\/span>\n\t            <h2 >OPTION B : Management d\u2019unit\u00e9 de production culinaire<\/h2>\n\t        <\/div><\/div>[\/vc_column][\/vc_row][vc_row][vc_column width=&#8221;2\/3&#8243;][vc_single_image image=&#8221;78&#8243; img_size=&#8221;full&#8221;][\/vc_column][vc_column width=&#8221;1\/3&#8243;][vc_single_image image=&#8221;352&#8243; img_size=&#8221;full&#8221;][vc_btn title=&#8221;S&#8217;INSCRIRE&#8221; style=&#8221;custom&#8221; custom_background=&#8221;#145374&#8243; custom_text=&#8221;#ffffff&#8221; align=&#8221;center&#8221; i_icon_fontawesome=&#8221;far fa-paper-plane&#8221; button_block=&#8221;true&#8221; add_icon=&#8221;true&#8221; link=&#8221;url:https%3A%2F%2Fpreinscriptions.ecoledirecte.com%2F%3FRNE%3D0593040J%20||target:%20_blank|&#8221;][vc_btn title=&#8221;CIRCULAIRE DE RENTR\u00c9E&#8221; style=&#8221;custom&#8221; custom_background=&#8221;#145374&#8243; custom_text=&#8221;#ffffff&#8221; align=&#8221;center&#8221; i_icon_fontawesome=&#8221;far fa-calendar&#8221; button_block=&#8221;true&#8221; add_icon=&#8221;true&#8221; link=&#8221;url:https%3A%2F%2Fwww.ndpo.fr%2Fapp%2Fuploads%2Fsites%2F1%2F2025%2F06%2FCIRCULAIRE-RENTREE-2025-2026-1.pdf||target:%20_blank|&#8221;]\n\t<div class=\"counter-top-area style-light \"  style=\"background: #145374\">\n    <div class=\"rs-counter-list\">\n\t\t\n        <div class=\"count-text\"><div class=\"count-number\" style=\"color: #ffffff\"><h3 class=\"rs-counter\" style=\"color: #ffffff\">NE<\/h3><span>% de r\u00e9ussite au BTS<\/span><\/div>         \n        <h4 style=\"color: #ffffff\">2024 - 2025<\/h4><\/div>\n    <\/div><\/div>[\/vc_column][\/vc_row][vc_row][vc_column][vc_tta_tabs][vc_tta_section title=&#8221;Description&#8221; tab_id=&#8221;1613985700420-b272efd7-2ae7&#8243;][vc_empty_space]\n        <div class=\"rs-heading style2   \">\n        \t<div class=\"title-inner\">\n\t            \n\t            <h2 >EN SAVOIR PLUS<\/h2>\n\t        <\/div><div class=\"description\"><p ><em>Le ou la titulaire du BTS \u00ab Management en h\u00f4tellerie et restauration \u2013 BTS MHR \u00bb intervient dans le secteur de l\u2019h\u00f4tellerie (h\u00f4tels, r\u00e9sidences de loisir, r\u00e9sidences s\u00e9niors, h\u00f4tellerie de plein-air), de la restauration, des activit\u00e9s de loisirs (parcs de loisirs, h\u00e9bergements insolites, office de tourisme, conciergerie, espace de coworking) pour offrir des services, cr\u00e9er de la valeur et encadrer les \u00e9quipes.<\/em><\/p>\n<p><strong>La premi\u00e8re ann\u00e9e<\/strong> est commune \u00e0 l\u2019ensemble des \u00e9tudiants. Elle se concentre sur les fondamentaux du management en h\u00e9bergement, restauration et production culinaire. L\u2019objectif est d&#8217;acqu\u00e9rir une polyvalence des comp\u00e9tences. Des enseignements g\u00e9n\u00e9raux appliqu\u00e9s \u00e0 l\u2019h\u00f4tellerie-restauration sont \u00e9galement au programme : des notions de ressources humaines, de droit et de comptabilit\u00e9 sont int\u00e9gr\u00e9es dans un cours sur l\u2019entrepreneuriat et le pilotage de l\u2019entreprise h\u00f4teli\u00e8re. L\u2019adaptation aux nouveaux modes de consommation des clients et \u00e0 la digitalisation est abord\u00e9e tout comme la gestion d\u2019une \u00e9quipe. Chaque semaine, les \u00e9tudiants participent \u00e0 des APE (Activit\u00e9s Professionnelles Encadr\u00e9es) dans nos h\u00f4tels partenaires et visitent \u00e9galement des salons professionnels. Deux langues \u00e9trang\u00e8res, dont l\u2019anglais, sont obligatoires (Anglais, Italien, Espagnol, Allemand). L&#8217;\u00e9tudiant valide sa premi\u00e8re ann\u00e9e gr\u00e2ce \u00e0 un stage de 16 semaines en France ou \u00e0 l&#8217;\u00e9tranger.<\/p>\n<p><strong>En deuxi\u00e8me ann\u00e9e<\/strong>,<br \/>\nL\u2019option management d\u2019unit\u00e9 de production culinaire en deuxi\u00e8me ann\u00e9e vise \u00e0 ma\u00eetriser des techniques culinaires propres aux diff\u00e9rents types de restauration (traditionnelle, gastronomique, collective) : optimiser les achats d\u2019aliments en fonction de param\u00e8tres comme la m\u00e9t\u00e9o. Le management d\u2019une brigade et la gestion d\u2019entreprise occupent une place importante. Enfin, les notions de la MC cuisinier en desserts de restaurant ont \u00e9t\u00e9 ajout\u00e9es au programme.<\/p>\n<p>Le diplom\u00e9 peut d\u00e9buter comme chef de partie, second de cuisine, avant d\u2019acc\u00e9der \u00e0 des postes d\u2019encadrement ou de direction.<\/p><\/div><\/div>\n        <div class=\"rs-heading style2   \">\n        \t<div class=\"title-inner\">\n\t            \n\t            <h2 >PROFIL DE L'\u00c9TUDIANT<\/h2>\n\t        <\/div><div class=\"description\"><p ><\/p>\n<ul>\n<li style=\"list-style-type: none;\">\n<ul>\n<li style=\"list-style-type: none;\">\n<ul>\n<li>Savoir communiquer<\/li>\n<li>\u00catre organis\u00e9<\/li>\n<li>Ma\u00eetriser une langue \u00e9trang\u00e8re<\/li>\n<li>Sens des responsabilit\u00e9s<\/li>\n<li>Esprit d&#8217;\u00e9quipe<\/li>\n<li>Prise d&#8217;initiatives<\/li>\n<li>Autonome<\/li>\n<li>Sens de l&#8217;accueil et de la courtoisie<\/li>\n<\/ul>\n<\/li>\n<\/ul>\n<\/li>\n<\/ul>\n<p><\/p><\/div><\/div>\n        <div class=\"rs-heading style2   \">\n        \t<div class=\"title-inner\">\n\t            \n\t            <h2 >D\u00c9BOUCH\u00c9S<\/h2>\n\t        <\/div><div class=\"description\"><p >Apr\u00e8s une premi\u00e8re exp\u00e9rience en r\u00e9ception ou dans les \u00e9tages, les dipl\u00f4m\u00e9s peuvent acc\u00e9der \u00e0 des postes d\u2019encadrement ou de direction :<\/p>\n<ul>\n<li style=\"list-style-type: none;\">\n<ul>\n<li style=\"list-style-type: none;\">\n<ul>\n<li>Directeur de restaurant<\/li>\n<li>Cuisinier<\/li>\n<\/ul>\n<\/li>\n<\/ul>\n<\/li>\n<\/ul>\n<p>&nbsp;<\/p>\n<ul>\n<li style=\"list-style-type: none;\">\n<ul>\n<li style=\"list-style-type: none;\">\n<ul>\n<li>G\u00e9rant de restauration collective<\/li>\n<\/ul>\n<\/li>\n<\/ul>\n<\/li>\n<\/ul>\n<p>Dans les secteurs :\u00a0 H\u00f4tellerie internationale, Palaces, Grands h\u00f4tels, Villages vacances, \u00c9v\u00e8nementiels, Spas, Thalasso th\u00e9rapie, Fitness, Croisi\u00e8res, H\u00f4tellerie de plein-air, H\u00e9bergement seniors et m\u00e9dicalis\u00e9s.<\/p><\/div><\/div>[\/vc_tta_section][vc_tta_section title=&#8221;Programme&#8221; tab_id=&#8221;1613985700420-1cf957a5-8dc3&#8243;][\/vc_tta_section][vc_tta_section title=&#8221;Stages&#8221; tab_id=&#8221;1613985756609-679eba8b-b957&#8243;][vc_empty_space]\n        <div class=\"rs-heading style2   \">\n        \t<div class=\"title-inner\">\n\t            \n\t            <h2 >Nos stages<\/h2>\n\t        <\/div><div class=\"description\"><p >D&#8217;une dur\u00e9e de 16 semaines en fin de premi\u00e8re ann\u00e9e, les stages des \u00e9tudiants de BTS 1 se d\u00e9roulent obligatoirement \u00e0 l\u2019\u00e9tranger. En fonction de leur projet professionnel, ils int\u00e8grent l\u2019une de nos nombreuses entreprises partenaires, ce qui leur permet de mettre en pratique les comp\u00e9tences acquises et de d\u00e9velopper une posture manag\u00e9riale.<br \/>\n<\/p><\/div><\/div>\n        <div class=\"rs-heading style2   center\">\n        \t<div class=\"title-inner\">\n\t            \n\t            <h2 >\u00c0 L'\u00c9TRANGER<\/h2>\n\t        <\/div><\/div>[vc_row_inner css=&#8221;.vc_custom_1613990518063{margin-top: -70px !important;}&#8221;][vc_column_inner width=&#8221;1\/4&#8243;][vc_single_image image=&#8221;380&#8243; img_size=&#8221;380&#215;380&#8243; alignment=&#8221;center&#8221; title=&#8221;Malte&#8221;][\/vc_column_inner][vc_column_inner width=&#8221;1\/4&#8243;][vc_single_image image=&#8221;383&#8243; img_size=&#8221;380&#215;380&#8243; alignment=&#8221;center&#8221; title=&#8221;Su\u00e8de&#8221;][\/vc_column_inner][vc_column_inner width=&#8221;1\/4&#8243;][vc_single_image image=&#8221;390&#8243; img_size=&#8221;380&#215;380&#8243; alignment=&#8221;center&#8221; title=&#8221;Cr\u00e8te&#8221;][\/vc_column_inner][vc_column_inner width=&#8221;1\/4&#8243;][vc_single_image img_size=&#8221;380&#215;380&#8243; alignment=&#8221;center&#8221; title=&#8221;Luxembourg&#8221;][\/vc_column_inner][\/vc_row_inner][\/vc_tta_section][vc_tta_section title=&#8221;Documents importants&#8221; tab_id=&#8221;1613985761837-fea28251-e85f&#8221;][vc_row_inner][vc_column_inner width=&#8221;1\/3&#8243;][\/vc_column_inner][vc_column_inner width=&#8221;1\/3&#8243;][\/vc_column_inner][vc_column_inner width=&#8221;1\/3&#8243;][\/vc_column_inner][\/vc_row_inner][\/vc_tta_section][vc_tta_section title=&#8221;International&#8221; tab_id=&#8221;1613985815472-5e7b2a69-1f84&#8243;][vc_btn title=&#8221;INTERNATIONAL&#8221; style=&#8221;custom&#8221; custom_background=&#8221;#145374&#8243; custom_text=&#8221;#ffffff&#8221; align=&#8221;center&#8221; link=&#8221;url:https%3A%2F%2Fwww.ndpo.fr%2Flycee-general%2Finternational%2F||target:%20_blank|&#8221;][\/vc_tta_section][\/vc_tta_tabs][\/vc_column][\/vc_row]<\/p>\n","protected":false},"excerpt":{"rendered":"<p>[vc_row][vc_column][\/vc_column][\/vc_row][vc_row][vc_column width=&#8221;2\/3&#8243;][vc_single_image image=&#8221;78&#8243; img_size=&#8221;full&#8221;][\/vc_column][vc_column width=&#8221;1\/3&#8243;][vc_single_image image=&#8221;352&#8243; img_size=&#8221;full&#8221;][vc_btn title=&#8221;S&#8217;INSCRIRE&#8221; style=&#8221;custom&#8221; custom_background=&#8221;#145374&#8243; custom_text=&#8221;#ffffff&#8221; align=&#8221;center&#8221; i_icon_fontawesome=&#8221;far fa-paper-plane&#8221; button_block=&#8221;true&#8221; add_icon=&#8221;true&#8221; link=&#8221;url:https%3A%2F%2Fpreinscriptions.ecoledirecte.com%2F%3FRNE%3D0593040J%20||target:%20_blank|&#8221;][vc_btn title=&#8221;CIRCULAIRE DE RENTR\u00c9E&#8221; style=&#8221;custom&#8221; custom_background=&#8221;#145374&#8243; custom_text=&#8221;#ffffff&#8221; align=&#8221;center&#8221; i_icon_fontawesome=&#8221;far fa-calendar&#8221; button_block=&#8221;true&#8221; add_icon=&#8221;true&#8221;&#8230;<\/p>\n","protected":false},"author":2,"featured_media":0,"parent":0,"menu_order":0,"comment_status":"closed","ping_status":"closed","template":"","meta":{"footnotes":""},"class_list":["post-56","page","type-page","status-publish","hentry"],"_links":{"self":[{"href":"https:\/\/www.ndpo.fr\/post-bac\/wp-json\/wp\/v2\/pages\/56","targetHints":{"allow":["GET"]}}],"collection":[{"href":"https:\/\/www.ndpo.fr\/post-bac\/wp-json\/wp\/v2\/pages"}],"about":[{"href":"https:\/\/www.ndpo.fr\/post-bac\/wp-json\/wp\/v2\/types\/page"}],"author":[{"embeddable":true,"href":"https:\/\/www.ndpo.fr\/post-bac\/wp-json\/wp\/v2\/users\/2"}],"replies":[{"embeddable":true,"href":"https:\/\/www.ndpo.fr\/post-bac\/wp-json\/wp\/v2\/comments?post=56"}],"version-history":[{"count":39,"href":"https:\/\/www.ndpo.fr\/post-bac\/wp-json\/wp\/v2\/pages\/56\/revisions"}],"predecessor-version":[{"id":396,"href":"https:\/\/www.ndpo.fr\/post-bac\/wp-json\/wp\/v2\/pages\/56\/revisions\/396"}],"wp:attachment":[{"href":"https:\/\/www.ndpo.fr\/post-bac\/wp-json\/wp\/v2\/media?parent=56"}],"curies":[{"name":"wp","href":"https:\/\/api.w.org\/{rel}","templated":true}]}}

BTS MHR : Management d&#8217;Unité de production culinaire

<p>[vc_row][vc_column]
        <div class="rs-heading style2   center">
        	<div class="title-inner">
	            <span class="sub-text">BTS MANAGEMENT EN HÔTELLERIE RESTAURATION</span>
	            <h2 >OPTION B : Management d’unité de production culinaire</h2>
	        </div></div>[/vc_column][/vc_row][vc_row][vc_column width=&#8221;2/3&#8243;][vc_single_image image=&#8221;78&#8243; img_size=&#8221;full&#8221;][/vc_column][vc_column width=&#8221;1/3&#8243;][vc_single_image image=&#8221;352&#8243; img_size=&#8221;full&#8221;][vc_btn title=&#8221;S&#8217;INSCRIRE&#8221; style=&#8221;custom&#8221; custom_background=&#8221;#145374&#8243; custom_text=&#8221;#ffffff&#8221; align=&#8221;center&#8221; i_icon_fontawesome=&#8221;far fa-paper-plane&#8221; button_block=&#8221;true&#8221; add_icon=&#8221;true&#8221; link=&#8221;url:https%3A%2F%2Fpreinscriptions.ecoledirecte.com%2F%3FRNE%3D0593040J%20||target:%20_blank|&#8221;][vc_btn title=&#8221;CIRCULAIRE DE RENTRÉE&#8221; style=&#8221;custom&#8221; custom_background=&#8221;#145374&#8243; custom_text=&#8221;#ffffff&#8221; align=&#8221;center&#8221; i_icon_fontawesome=&#8221;far fa-calendar&#8221; button_block=&#8221;true&#8221; add_icon=&#8221;true&#8221; link=&#8221;url:https%3A%2F%2Fwww.ndpo.fr%2Fapp%2Fuploads%2Fsites%2F1%2F2025%2F06%2FCIRCULAIRE-RENTREE-2025-2026-1.pdf||target:%20_blank|&#8221;]
	<div class="counter-top-area style-light "  style="background: #145374">
    <div class="rs-counter-list">
		
        <div class="count-text"><div class="count-number" style="color: #ffffff"><h3 class="rs-counter" style="color: #ffffff">NE</h3><span>% de réussite au BTS</span></div>         
        <h4 style="color: #ffffff">2024 - 2025</h4></div>
    </div></div>[/vc_column][/vc_row][vc_row][vc_column][vc_tta_tabs][vc_tta_section title=&#8221;Description&#8221; tab_id=&#8221;1613985700420-b272efd7-2ae7&#8243;][vc_empty_space]
        <div class="rs-heading style2   ">
        	<div class="title-inner">
	            
	            <h2 >EN SAVOIR PLUS</h2>
	        </div><div class="description"><p ><em>Le ou la titulaire du BTS « Management en hôtellerie et restauration – BTS MHR » intervient dans le secteur de l’hôtellerie (hôtels, résidences de loisir, résidences séniors, hôtellerie de plein-air), de la restauration, des activités de loisirs (parcs de loisirs, hébergements insolites, office de tourisme, conciergerie, espace de coworking) pour offrir des services, créer de la valeur et encadrer les équipes.</em></p>
<p><strong>La première année</strong> est commune à l’ensemble des étudiants. Elle se concentre sur les fondamentaux du management en hébergement, restauration et production culinaire. L’objectif est d&#8217;acquérir une polyvalence des compétences. Des enseignements généraux appliqués à l’hôtellerie-restauration sont également au programme : des notions de ressources humaines, de droit et de comptabilité sont intégrées dans un cours sur l’entrepreneuriat et le pilotage de l’entreprise hôtelière. L’adaptation aux nouveaux modes de consommation des clients et à la digitalisation est abordée tout comme la gestion d’une équipe. Chaque semaine, les étudiants participent à des APE (Activités Professionnelles Encadrées) dans nos hôtels partenaires et visitent également des salons professionnels. Deux langues étrangères, dont l’anglais, sont obligatoires (Anglais, Italien, Espagnol, Allemand). L&#8217;étudiant valide sa première année grâce à un stage de 16 semaines en France ou à l&#8217;étranger.</p>
<p><strong>En deuxième année</strong>,<br />
L’option management d’unité de production culinaire en deuxième année vise à maîtriser des techniques culinaires propres aux différents types de restauration (traditionnelle, gastronomique, collective) : optimiser les achats d’aliments en fonction de paramètres comme la météo. Le management d’une brigade et la gestion d’entreprise occupent une place importante. Enfin, les notions de la MC cuisinier en desserts de restaurant ont été ajoutées au programme.</p>
<p>Le diplomé peut débuter comme chef de partie, second de cuisine, avant d’accéder à des postes d’encadrement ou de direction.</p></div></div>
        <div class="rs-heading style2   ">
        	<div class="title-inner">
	            
	            <h2 >PROFIL DE L'ÉTUDIANT</h2>
	        </div><div class="description"><p ></p>
<ul>
<li style="list-style-type: none;">
<ul>
<li style="list-style-type: none;">
<ul>
<li>Savoir communiquer</li>
<li>Être organisé</li>
<li>Maîtriser une langue étrangère</li>
<li>Sens des responsabilités</li>
<li>Esprit d&#8217;équipe</li>
<li>Prise d&#8217;initiatives</li>
<li>Autonome</li>
<li>Sens de l&#8217;accueil et de la courtoisie</li>
</ul>
</li>
</ul>
</li>
</ul>
<p></p></div></div>
        <div class="rs-heading style2   ">
        	<div class="title-inner">
	            
	            <h2 >DÉBOUCHÉS</h2>
	        </div><div class="description"><p >Après une première expérience en réception ou dans les étages, les diplômés peuvent accéder à des postes d’encadrement ou de direction :</p>
<ul>
<li style="list-style-type: none;">
<ul>
<li style="list-style-type: none;">
<ul>
<li>Directeur de restaurant</li>
<li>Cuisinier</li>
</ul>
</li>
</ul>
</li>
</ul>
<p>&nbsp;</p>
<ul>
<li style="list-style-type: none;">
<ul>
<li style="list-style-type: none;">
<ul>
<li>Gérant de restauration collective</li>
</ul>
</li>
</ul>
</li>
</ul>
<p>Dans les secteurs :  Hôtellerie internationale, Palaces, Grands hôtels, Villages vacances, Évènementiels, Spas, Thalasso thérapie, Fitness, Croisières, Hôtellerie de plein-air, Hébergement seniors et médicalisés.</p></div></div>[/vc_tta_section][vc_tta_section title=&#8221;Programme&#8221; tab_id=&#8221;1613985700420-1cf957a5-8dc3&#8243;][/vc_tta_section][vc_tta_section title=&#8221;Stages&#8221; tab_id=&#8221;1613985756609-679eba8b-b957&#8243;][vc_empty_space]
        <div class="rs-heading style2   ">
        	<div class="title-inner">
	            
	            <h2 >Nos stages</h2>
	        </div><div class="description"><p >D&#8217;une durée de 16 semaines en fin de première année, les stages des étudiants de BTS 1 se déroulent obligatoirement à l’étranger. En fonction de leur projet professionnel, ils intègrent l’une de nos nombreuses entreprises partenaires, ce qui leur permet de mettre en pratique les compétences acquises et de développer une posture managériale.<br />
</p></div></div>
        <div class="rs-heading style2   center">
        	<div class="title-inner">
	            
	            <h2 >À L'ÉTRANGER</h2>
	        </div></div>[vc_row_inner css=&#8221;.vc_custom_1613990518063{margin-top: -70px !important;}&#8221;][vc_column_inner width=&#8221;1/4&#8243;][vc_single_image image=&#8221;380&#8243; img_size=&#8221;380&#215;380&#8243; alignment=&#8221;center&#8221; title=&#8221;Malte&#8221;][/vc_column_inner][vc_column_inner width=&#8221;1/4&#8243;][vc_single_image image=&#8221;383&#8243; img_size=&#8221;380&#215;380&#8243; alignment=&#8221;center&#8221; title=&#8221;Suède&#8221;][/vc_column_inner][vc_column_inner width=&#8221;1/4&#8243;][vc_single_image image=&#8221;390&#8243; img_size=&#8221;380&#215;380&#8243; alignment=&#8221;center&#8221; title=&#8221;Crète&#8221;][/vc_column_inner][vc_column_inner width=&#8221;1/4&#8243;][vc_single_image img_size=&#8221;380&#215;380&#8243; alignment=&#8221;center&#8221; title=&#8221;Luxembourg&#8221;][/vc_column_inner][/vc_row_inner][/vc_tta_section][vc_tta_section title=&#8221;Documents importants&#8221; tab_id=&#8221;1613985761837-fea28251-e85f&#8221;][vc_row_inner][vc_column_inner width=&#8221;1/3&#8243;][/vc_column_inner][vc_column_inner width=&#8221;1/3&#8243;][/vc_column_inner][vc_column_inner width=&#8221;1/3&#8243;][/vc_column_inner][/vc_row_inner][/vc_tta_section][vc_tta_section title=&#8221;International&#8221; tab_id=&#8221;1613985815472-5e7b2a69-1f84&#8243;][vc_btn title=&#8221;INTERNATIONAL&#8221; style=&#8221;custom&#8221; custom_background=&#8221;#145374&#8243; custom_text=&#8221;#ffffff&#8221; align=&#8221;center&#8221; link=&#8221;url:https%3A%2F%2Fwww.ndpo.fr%2Flycee-general%2Finternational%2F||target:%20_blank|&#8221;][/vc_tta_section][/vc_tta_tabs][/vc_column][/vc_row]</p>

<p>[vc_row][vc_column][/vc_column][/vc_row][vc_row][vc_column width=&#8221;2/3&#8243;][vc_single_image image=&#8221;78&#8243; img_size=&#8221;full&#8221;][/vc_column][vc_column width=&#8221;1/3&#8243;][vc_single_image image=&#8221;352&#8243; img_size=&#8221;full&#8221;][vc_btn title=&#8221;S&#8217;INSCRIRE&#8221; style=&#8221;custom&#8221; custom_background=&#8221;#145374&#8243; custom_text=&#8221;#ffffff&#8221; align=&#8221;center&#8221; i_icon_fontawesome=&#8221;far fa-paper-plane&#8221; button_block=&#8221;true&#8221; add_icon=&#8221;true&#8221; link=&#8221;url:https%3A%2F%2Fpreinscriptions.ecoledirecte.com%2F%3FRNE%3D0593040J%20||target:%20_blank|&#8221;][vc_btn title=&#8221;CIRCULAIRE DE RENTRÉE&#8221; style=&#8221;custom&#8221; custom_background=&#8221;#145374&#8243; custom_text=&#8221;#ffffff&#8221; align=&#8221;center&#8221; i_icon_fontawesome=&#8221;far fa-calendar&#8221; button_block=&#8221;true&#8221; add_icon=&#8221;true&#8221;&#8230;</p>
