{"id":16,"date":"2020-09-02T16:19:23","date_gmt":"2020-09-02T14:19:23","guid":{"rendered":"https:\/\/ndpo2020.keeo.com\/restaurants-magasins\/?page_id=16"},"modified":"2026-02-03T16:26:11","modified_gmt":"2026-02-03T15:26:11","slug":"la-table-de-mathilde","status":"publish","type":"page","link":"https:\/\/www.ndpo.fr\/restaurants-magasins\/la-table-de-mathilde\/","title":{"rendered":"La Table de Mathilde"},"content":{"rendered":"<p>[vc_row][vc_column][\/vc_column][\/vc_row][vc_row][vc_column width=&#8221;1\/2&#8243;][vc_single_image image=&#8221;579&#8243; img_size=&#8221;full&#8221; css_animation=&#8221;fadeInDown&#8221;][\/vc_column][vc_column width=&#8221;1\/2&#8243;]\n        <div class=\"rs-heading    \">\n        \t<div class=\"title-inner\">\n\t            <span class=\"sub-text\">Horaires<\/span>\n\t            <h2 >Restaurant La table de Mathilde<\/h2>\n\t        <\/div><div class=\"description\"><p >Nous serons heureux de vous y accueillir dans une ambiance chaleureuse.<br \/>\nT\u00e9l\u00e9chargez notre programme journalier du restaurant et pensez \u00e0 r\u00e9server au plus vite \u00e0 l&#8217;accueil du lyc\u00e9e, par t\u00e9l\u00e9phone ou via notre site internet.<br \/>\nAttention, les places sont limit\u00e9es !<\/p>\n<p><strong>Pour les r\u00e9servations du vendredi soir des arrhes de 20\u20ac\/couvert sont demand\u00e9s.<\/strong><\/p>\n<p><strong>Horaires d&#8217;arriv\u00e9es :<br \/>\nLe midi : de 12h00 \u00e0 12h30 (maximum) &#8211; Fin de service 14h00<br \/>\nLe soir : de 19h00 \u00e0 19h30 (maximum)<br \/>\nLe vendredi soir : de 19h00 \u00e0 20h00 (apr\u00e8s cet horaire plus d&#8217;accueil possible)<br \/>\n<\/strong><\/p>\n<p>Nous vous accueillons \u00e9galement pour vos s\u00e9minaires, n&#8217;h\u00e9sitez pas \u00e0 demander plus d&#8217;informations au 03 20 71 71 09.<\/p><\/div><\/div>[vc_btn title=&#8221;Consultez le menu&#8221; style=&#8221;custom&#8221; custom_background=&#8221;#540e34&#8243; custom_text=&#8221;#ffffff&#8221; link=&#8221;url:https%3A%2F%2Fwww.ndpo.fr%2Fapp%2Fuploads%2Fsites%2F7%2F2025%2F09%2FProgramme.pdf||target:%20_blank|&#8221;][\/vc_column][\/vc_row][vc_row][vc_column][vc_empty_space height=&#8221;50&#8243;][\/vc_column][\/vc_row][vc_row][vc_column]\n        <div class=\"rs-heading style2  vc_custom_1632327515839  center\">\n        \t<div class=\"title-inner\">\n\t            \n\t            <h2 >R\u00c9SERVATION LA TABLE DE MATHILDE<\/h2>\n\t        <\/div><\/div>[vc_message message_box_color=&#8221;white&#8221; css_animation=&#8221;fadeInDown&#8221; el_class=&#8221;vertical-align:middle;&#8221; css=&#8221;.vc_custom_1751613714415{padding-top: 35px !important;background-color: #540e34 !important;}&#8221;]<\/p>\n<h3 style=\"text-align: center;\"><span style=\"color: #ffffff;\">Attention \u00e0 bien s\u00e9lectionner le service du midi ou du soir, merci.<\/span><\/h3>\n<p>&nbsp;<\/p>\n<h3 style=\"text-align: center;\"><span style=\"color: #ffffff;\">Pour les r\u00e9servations du vendredi soir des arrhes de 20\u20ac\/couvert sont demand\u00e9s.<\/span><\/h3>\n<p>[\/vc_message][vc_raw_html]JTNDJTIxZG9jdHlwZSUyMGh0bWwlM0UlMEElM0NodG1sJTIweG1sbnMlM0QlMjJodHRwJTNBJTJGJTJGd3d3LnczLm9yZyUyRjE5OTklMkZ4aHRtbCUyMiUzRSUwQSUwQSUzQ2hlYWQlM0UlMEElMjAlMjAlMjAlMjAlM0N0aXRsZSUzRSUwQSUyMCUyMCUyMCUyMCUyMCUyMCUyMCUyMEV1cmVzdG8lMjBSJUMzJUE5c2ElMjBJZnJhbWUlMEElMjAlMjAlMjAlMjAlM0MlMkZ0aXRsZSUzRSUwQSUyMCUyMCUyMCUyMCUzQ21ldGElMjBodHRwLWVxdWl2JTNEJTIyWC1VQS1Db21wYXRpYmxlJTIyJTIwY29udGVudCUzRCUyMklFJTNEZWRnZSUyMiUzRSUwQSUyMCUyMCUyMCUyMCUzQ21ldGElMjBodHRwLWVxdWl2JTNEJTIyQ29udGVudC1UeXBlJTIyJTIwY29udGVudCUzRCUyMnRleHQlMkZodG1sJTNCJTIwY2hhcnNldCUzRFVURi04JTIyJTNFJTBBJTIwJTIwJTIwJTIwJTNDbWV0YSUyMG5hbWUlM0QlMjJ2aWV3cG9ydCUyMiUyMGNvbnRlbnQlM0QlMjJ3aWR0aCUzRGRldmljZS13aWR0aCUyQyUyMGluaXRpYWwtc2NhbGUlM0QxJTIyJTNFJTBBJTNDJTJGaGVhZCUzRSUwQSUwQSUzQ2JvZHklMjBzdHlsZSUzRCUyMmJhY2tncm91bmQtY29sb3IlM0ElMjNEOUQ5RDklM0IlMjIlM0UlMEElMjAlMjAlMjAlMjAlM0NkaXYlMjBzdHlsZSUzRCUyMmJhY2tncm91bmQtY29sb3IlM0ElMjNEOUQ5RDklM0IlMjIlM0UlMEElMjAlMjAlMjAlMjAlMjAlMjAlMjAlMjAlM0NpZnJhbWUlMjBzdHlsZSUzRCUyMndpZHRoJTNBJTIwNzAwcHglM0IlMjBoZWlnaHQlM0ElMjA3MDBweCUzQiUyMiUwQSUyMCUyMCUyMCUyMCUyMCUyMCUyMCUyMCUyMCUyMCUyMCUyMHNyYyUzRCUyMmh0dHBzJTNBJTJGJTJGcmVzZXJ2YXRpb24uZXVyZXN0by5jb20lMkYlM0ZrZXklM0QlMjQydnE0UUxXTmZpaVElMjIlM0UlM0MlMkZpZnJhbWUlM0UlMEElMjAlMjAlMjAlMjAlM0MlMkZkaXYlM0UlMEElM0MlMkZib2R5JTNFJTBBJTBBJTNDJTJGaHRtbCUzRQ==[\/vc_raw_html][\/vc_column][\/vc_row][vc_row][vc_column][\/vc_column][\/vc_row]<\/p>\n","protected":false},"excerpt":{"rendered":"<p>[vc_row][vc_column][\/vc_column][\/vc_row][vc_row][vc_column width=&#8221;1\/2&#8243;][vc_single_image image=&#8221;579&#8243; img_size=&#8221;full&#8221; css_animation=&#8221;fadeInDown&#8221;][\/vc_column][vc_column width=&#8221;1\/2&#8243;][vc_btn title=&#8221;Consultez le menu&#8221; style=&#8221;custom&#8221; custom_background=&#8221;#540e34&#8243; custom_text=&#8221;#ffffff&#8221; link=&#8221;url:https%3A%2F%2Fwww.ndpo.fr%2Fapp%2Fuploads%2Fsites%2F7%2F2025%2F09%2FProgramme.pdf||target:%20_blank|&#8221;][\/vc_column][\/vc_row][vc_row][vc_column][vc_empty_space height=&#8221;50&#8243;][\/vc_column][\/vc_row][vc_row][vc_column][vc_message message_box_color=&#8221;white&#8221; css_animation=&#8221;fadeInDown&#8221; el_class=&#8221;vertical-align:middle;&#8221; css=&#8221;.vc_custom_1751613714415{padding-top: 35px !important;background-color: #540e34 !important;}&#8221;] Attention \u00e0 bien s\u00e9lectionner le service&#8230;<\/p>\n","protected":false},"author":2,"featured_media":0,"parent":0,"menu_order":0,"comment_status":"closed","ping_status":"closed","template":"","meta":{"footnotes":""},"class_list":["post-16","page","type-page","status-publish","hentry"],"_links":{"self":[{"href":"https:\/\/www.ndpo.fr\/restaurants-magasins\/wp-json\/wp\/v2\/pages\/16","targetHints":{"allow":["GET"]}}],"collection":[{"href":"https:\/\/www.ndpo.fr\/restaurants-magasins\/wp-json\/wp\/v2\/pages"}],"about":[{"href":"https:\/\/www.ndpo.fr\/restaurants-magasins\/wp-json\/wp\/v2\/types\/page"}],"author":[{"embeddable":true,"href":"https:\/\/www.ndpo.fr\/restaurants-magasins\/wp-json\/wp\/v2\/users\/2"}],"replies":[{"embeddable":true,"href":"https:\/\/www.ndpo.fr\/restaurants-magasins\/wp-json\/wp\/v2\/comments?post=16"}],"version-history":[{"count":87,"href":"https:\/\/www.ndpo.fr\/restaurants-magasins\/wp-json\/wp\/v2\/pages\/16\/revisions"}],"predecessor-version":[{"id":580,"href":"https:\/\/www.ndpo.fr\/restaurants-magasins\/wp-json\/wp\/v2\/pages\/16\/revisions\/580"}],"wp:attachment":[{"href":"https:\/\/www.ndpo.fr\/restaurants-magasins\/wp-json\/wp\/v2\/media?parent=16"}],"curies":[{"name":"wp","href":"https:\/\/api.w.org\/{rel}","templated":true}]}}