{"id":123,"date":"2020-08-27T14:31:44","date_gmt":"2020-08-27T12:31:44","guid":{"rendered":"https:\/\/ndpo2020.keeo.com\/ufa\/?page_id=123"},"modified":"2026-04-07T09:57:18","modified_gmt":"2026-04-07T07:57:18","slug":"bp-boulangerie","status":"publish","type":"page","link":"https:\/\/www.ndpo.fr\/ufa\/bp-boulangerie\/","title":{"rendered":"BP Boulangerie"},"content":{"rendered":"<p>[vc_row][vc_column]\n        <div class=\"rs-heading style2  vc_custom_1601362202191  center\">\n        \t<div class=\"title-inner\">\n\t            \n\t            <h2 >BP Boulangerie<\/h2>\n\t        <\/div><\/div>[\/vc_column][\/vc_row][vc_row][vc_column width=&#8221;2\/3&#8243;][vc_single_image image=&#8221;191&#8243; img_size=&#8221;full&#8221;]\n        <div class=\"rs-heading    \">\n        \t<div class=\"title-inner\">\n\t            \n\t            \n\t        <\/div><div class=\"description\"><p >Le <strong><span style=\"color: #3d578c;\">Brevet Professionnel Boulanger<\/span> <\/strong> forme des professionnels capables de ma\u00eetriser la fabrication de pains et produits boulangers, de la production traditionnelle aux cr\u00e9ations plus sp\u00e9cialis\u00e9es. La formation permet de d\u00e9velopper des comp\u00e9tences techniques avanc\u00e9es, la gestion de la production, le respect des normes d\u2019hygi\u00e8ne et de s\u00e9curit\u00e9, ainsi que la cr\u00e9ativit\u00e9 dans l\u2019\u00e9laboration de nouveaux produits.<\/p>\n<p>Elle s\u2019adresse aux titulaires d\u2019un CAP Boulanger ou d\u2019une exp\u00e9rience \u00e9quivalente souhaitant se perfectionner et occuper des postes \u00e0 responsabilit\u00e9 dans le secteur de la boulangerie artisanale ou dans la grande distribution.<\/p><\/div><\/div>[vc_row_inner][vc_column_inner width=&#8221;1\/3&#8243;][vc_btn title=&#8221;S&#8217;INSCRIRE&#8221; style=&#8221;custom&#8221; custom_background=&#8221;#3e5889&#8243; custom_text=&#8221;#ffffff&#8221; size=&#8221;lg&#8221; align=&#8221;center&#8221; css_animation=&#8221;fadeInDown&#8221; button_block=&#8221;true&#8221; link=&#8221;url:https%3A%2F%2Fcfajeanbosco-hdf.ymag.cloud%2Findex.php%2Fpreinscription%2Framsese%2F0597122W||target:%20_blank|&#8221;][\/vc_column_inner][vc_column_inner width=&#8221;1\/3&#8243;][vc_btn title=&#8221;FICHE FORMATION&#8221; style=&#8221;custom&#8221; custom_background=&#8221;#3e5889&#8243; custom_text=&#8221;#ffffff&#8221; size=&#8221;lg&#8221; align=&#8221;center&#8221; css_animation=&#8221;fadeInDown&#8221; button_block=&#8221;true&#8221; link=&#8221;url:https%3A%2F%2Fwww.ndpo.fr%2Fapp%2Fuploads%2Fsites%2F4%2F2026%2F03%2FBP-Boulanger-2026.pdf||target:%20_blank|&#8221;][\/vc_column_inner][vc_column_inner width=&#8221;1\/3&#8243;][vc_btn title=&#8221;DEMANDE IMMERSION&#8221; style=&#8221;custom&#8221; custom_background=&#8221;#3e5889&#8243; custom_text=&#8221;#ffffff&#8221; size=&#8221;lg&#8221; align=&#8221;center&#8221; css_animation=&#8221;fadeInDown&#8221; button_block=&#8221;true&#8221; link=&#8221;url:https%3A%2F%2Fwww.ndpo.fr%2Fufa%2Fimmersion%2F|title:IMMERSION|target:%20_blank|&#8221;][\/vc_column_inner][\/vc_row_inner][vc_row_inner][vc_column_inner][vc_empty_space][\/vc_column_inner][\/vc_row_inner]\n        <div class=\"rs-heading style1   \">\n        \t<div class=\"title-inner\">\n\t            \n\t            <h2 >Contenu de la formation<\/h2>\n\t        <\/div><div class=\"description\"><p >Bloc 1 : Fabrication d\u2019une commande<br \/>\nBloc 2 : Technologie professionnelle<br \/>\nBloc 3 : Sciences appliqu\u00e9es \u00e0 l\u2019alimentation, \u00e0 l\u2019hygi\u00e8ne, aux \u00e9quipements, aux locaux et \u00e0 l\u2019environnement professionnels<br \/>\nBloc 4 : Environnement \u00e9conomique, juridique et gestion de l\u2019entreprise<br \/>\nBloc 5 : \u00c9tude technique li\u00e9e \u00e0 l\u2019activit\u00e9 professionnelle<br \/>\nBloc 6 : Mati\u00e8res d\u2019enseignements g\u00e9n\u00e9raux<\/p><\/div><\/div>\n        <div class=\"rs-heading style1   \">\n        \t<div class=\"title-inner\">\n\t            \n\t            <h2 >Modalit\u00e9s, m\u00e9thodes et outils p\u00e9dagogique<\/h2>\n\t        <\/div><div class=\"description\"><p >\u2022 Formation en pr\u00e9sentiel<br \/>\n\u2022 Alternance th\u00e9orique et pratique<br \/>\n\u2022 Accompagnement et suivi individuel<br \/>\n\u2022 Intervention de professionnels<\/p><\/div><\/div>\n        <div class=\"rs-heading style1   \">\n        \t<div class=\"title-inner\">\n\t            \n\t            <h2 >Modalit\u00e9s d'\u00e9valuation<\/h2>\n\t        <\/div><div class=\"description\"><p >\u2022 \u00c9valuation tout au long de la formation<br \/>\n\u2022 Examen ponctuel en fin de formation<\/p><\/div><\/div>\n        <div class=\"rs-heading style1   \">\n        \t<div class=\"title-inner\">\n\t            \n\t            <h2 >Objectifs<\/h2>\n\t        <\/div><div class=\"description\"><p >\u2022\u00a0Panification<br \/>\n\u2022\u00a0Viennoiseries : derni\u00e8res techniques afin d\u2019optimiser la production et l\u2019organisation<br \/>\n\u2022\u00a0Restauration boulang\u00e8re<br \/>\n\u2022\u00a0La parfaite connaissance du mat\u00e9riel, des processus et des mati\u00e8res premi\u00e8res utilis\u00e9es permettant l\u2019optimisation de la production<br \/>\n\u2022\u00a0La prise en compte des contraintes \u00e9conomiques et r\u00e9glementaires et des exigences en termes de s\u00e9curit\u00e9 alimentaire, de qualit\u00e9 et de productivit\u00e9 de l\u2019entreprise<br \/>\n\u2022\u00a0La capacit\u00e9 \u00e0 animer, manager l\u2019\u00e9quipe de production et participer \u00e0 la commercialisation des produits<\/p><\/div><\/div>[\/vc_column][vc_column width=&#8221;1\/3&#8243;]\n        <div class=\"rs-heading style1   \">\n        \t<div class=\"title-inner\">\n\t            \n\t            <h2 >Public concern\u00e9<\/h2>\n\t        <\/div><div class=\"description\"><p >Jeunes entre 15 et 29 ans<\/p><\/div><\/div>\n        <div class=\"rs-heading style1   \">\n        \t<div class=\"title-inner\">\n\t            \n\t            <h2 >Pr\u00e9requis<\/h2>\n\t        <\/div><div class=\"description\"><p ><strong>Titulaire d\u2019un CAP minimum<\/strong><\/p><\/div><\/div>\n        <div class=\"rs-heading style1   \">\n        \t<div class=\"title-inner\">\n\t            \n\t            <h2 >Modalit\u00e9s et d\u00e9lais d'acc\u00e8s<\/h2>\n\t        <\/div><div class=\"description\"><p >\u2022 D\u00e9p\u00f4t du dossier d&#8217;inscription<br \/>\n\u2022 Entretien de motivation<br \/>\n\u2022 Signature du contrat d&#8217;apprentissage<\/p><\/div><\/div>\n        <div class=\"rs-heading style1   \">\n        \t<div class=\"title-inner\">\n\t            \n\t            <h2 >Acc\u00e8s handicap<\/h2>\n\t        <\/div><div class=\"description\"><p ><\/p>\n<p style=\"text-align: left;\">Notre UFA et ses locaux sont accessibles aux<br \/>\napprentis en situation de handicap.<br \/>\nNotre personne ressource handicap est \u00e0 votre \u00e9coute pour am\u00e9nager la formation aux besoins :<br \/>\n<strong>Madame Rachel LIPS<\/strong><br \/>\n<strong>03 20 41 56 84<\/strong><br \/>\n<strong>cpecfa@ndpo.fr<\/strong><\/p><\/div><\/div>\n        <div class=\"rs-heading style1   \">\n        \t<div class=\"title-inner\">\n\t            \n\t            <h2 >Rythme<\/h2>\n\t        <\/div><div class=\"description\"><p >437h de formation (1\u00e8re ann\u00e9e)<br \/>\n463h de formation (2\u00e8me ann\u00e9e)<br \/>\n1 semaine sur 3 \u00e0 l&#8217;UFA<\/p><\/div><\/div>\n        <div class=\"rs-heading style1   \">\n        \t<div class=\"title-inner\">\n\t            \n\t            <h2 >Co\u00fbt<\/h2>\n\t        <\/div><div class=\"description\"><p >Les \u00e9tudes sont gratuites.<br \/>\nFormation \u00e0 partir de 6847\u20ac\/an<br \/>\nfinanc\u00e9e par les OPCO<\/p><\/div><\/div>\n        <div class=\"rs-heading style1   \">\n        \t<div class=\"title-inner\">\n\t            \n\t            <h2 >Taux de la session 2024 - 2025<\/h2>\n\t        <\/div><div class=\"description\"><p >\u2022 100 % Taux d&#8217;obtention du dipl\u00f4me<br \/>\n\u2022 40 % Taux de poursuite d&#8217;\u00e9tude<br \/>\n\u2022 17 % Taux d&#8217;interruption de la formation<br \/>\n\u2022 60 % Taux d&#8217;insertion professionnel \u00e0 6 mois<br \/>\n\u2022 100 % Dont taux d\u2019insertion dans l\u2019un des m\u00e9tiers vis\u00e9s par la certification<\/p><\/div><\/div>[\/vc_column][\/vc_row][vc_row][vc_column]\n        <div class=\"rs-heading style2   \">\n        \t<div class=\"title-inner\">\n\t            \n\t            <h2 >Poursuites d\u2019\u00e9tudes et d\u00e9bouch\u00e9s<\/h2>\n\t        <\/div><div class=\"description\"><p ><\/p>\n<table>\n<tbody>\n<tr>\n<td width=\"247\"><strong><u>Poursuites d\u2019\u00e9tude UFA<\/u><\/strong><\/td>\n<td width=\"225\"><strong><u>Poursuites d\u2019\u00e9tude autres<\/u><\/strong><\/td>\n<td width=\"225\"><strong><u>D\u00e9bouch\u00e9s professionnels<\/u><\/strong><\/td>\n<\/tr>\n<tr>\n<td width=\"247\">&#8211; CAP P\u00e2tissier<\/p>\n<p>&#8211; CS Traiteur<\/td>\n<td width=\"225\">&#8211; Baccalaur\u00e9at professionnel boulangerie-p\u00e2tisserie<\/p>\n<p>&#8211; BM Boulanger<\/td>\n<td width=\"225\">&#8211; Boulanger \/ chef de partie boulangerie<\/p>\n<p>&#8211; Artisan boulanger ind\u00e9pendant<\/p>\n<p>&#8211; Responsable de production en boulangerie<\/td>\n<\/tr>\n<\/tbody>\n<\/table>\n<p><\/p><\/div><\/div>[\/vc_column][\/vc_row]<\/p>\n","protected":false},"excerpt":{"rendered":"<p>[vc_row][vc_column][\/vc_column][\/vc_row][vc_row][vc_column width=&#8221;2\/3&#8243;][vc_single_image image=&#8221;191&#8243; img_size=&#8221;full&#8221;][vc_row_inner][vc_column_inner width=&#8221;1\/3&#8243;][vc_btn title=&#8221;S&#8217;INSCRIRE&#8221; style=&#8221;custom&#8221; custom_background=&#8221;#3e5889&#8243; custom_text=&#8221;#ffffff&#8221; size=&#8221;lg&#8221; align=&#8221;center&#8221; css_animation=&#8221;fadeInDown&#8221; button_block=&#8221;true&#8221; link=&#8221;url:https%3A%2F%2Fcfajeanbosco-hdf.ymag.cloud%2Findex.php%2Fpreinscription%2Framsese%2F0597122W||target:%20_blank|&#8221;][\/vc_column_inner][vc_column_inner width=&#8221;1\/3&#8243;][vc_btn title=&#8221;FICHE FORMATION&#8221; style=&#8221;custom&#8221; custom_background=&#8221;#3e5889&#8243; custom_text=&#8221;#ffffff&#8221; size=&#8221;lg&#8221; align=&#8221;center&#8221; css_animation=&#8221;fadeInDown&#8221; button_block=&#8221;true&#8221; link=&#8221;url:https%3A%2F%2Fwww.ndpo.fr%2Fapp%2Fuploads%2Fsites%2F4%2F2026%2F03%2FBP-Boulanger-2026.pdf||target:%20_blank|&#8221;][\/vc_column_inner][vc_column_inner width=&#8221;1\/3&#8243;][vc_btn title=&#8221;DEMANDE IMMERSION&#8221;&#8230;<\/p>\n","protected":false},"author":2,"featured_media":0,"parent":0,"menu_order":0,"comment_status":"closed","ping_status":"closed","template":"","meta":{"footnotes":""},"class_list":["post-123","page","type-page","status-publish","hentry"],"_links":{"self":[{"href":"https:\/\/www.ndpo.fr\/ufa\/wp-json\/wp\/v2\/pages\/123","targetHints":{"allow":["GET"]}}],"collection":[{"href":"https:\/\/www.ndpo.fr\/ufa\/wp-json\/wp\/v2\/pages"}],"about":[{"href":"https:\/\/www.ndpo.fr\/ufa\/wp-json\/wp\/v2\/types\/page"}],"author":[{"embeddable":true,"href":"https:\/\/www.ndpo.fr\/ufa\/wp-json\/wp\/v2\/users\/2"}],"replies":[{"embeddable":true,"href":"https:\/\/www.ndpo.fr\/ufa\/wp-json\/wp\/v2\/comments?post=123"}],"version-history":[{"count":27,"href":"https:\/\/www.ndpo.fr\/ufa\/wp-json\/wp\/v2\/pages\/123\/revisions"}],"predecessor-version":[{"id":1550,"href":"https:\/\/www.ndpo.fr\/ufa\/wp-json\/wp\/v2\/pages\/123\/revisions\/1550"}],"wp:attachment":[{"href":"https:\/\/www.ndpo.fr\/ufa\/wp-json\/wp\/v2\/media?parent=123"}],"curies":[{"name":"wp","href":"https:\/\/api.w.org\/{rel}","templated":true}]}}

<p>[vc_row][vc_column]
        <div class="rs-heading style2  vc_custom_1601362202191  center">
        	<div class="title-inner">
	            
	            <h2 >BP Boulangerie</h2>
	        </div></div>[/vc_column][/vc_row][vc_row][vc_column width=&#8221;2/3&#8243;][vc_single_image image=&#8221;191&#8243; img_size=&#8221;full&#8221;]
        <div class="rs-heading    ">
        	<div class="title-inner">
	            
	            
	        </div><div class="description"><p >Le <strong><span style="color: #3d578c;">Brevet Professionnel Boulanger</span> </strong> forme des professionnels capables de maîtriser la fabrication de pains et produits boulangers, de la production traditionnelle aux créations plus spécialisées. La formation permet de développer des compétences techniques avancées, la gestion de la production, le respect des normes d’hygiène et de sécurité, ainsi que la créativité dans l’élaboration de nouveaux produits.</p>
<p>Elle s’adresse aux titulaires d’un CAP Boulanger ou d’une expérience équivalente souhaitant se perfectionner et occuper des postes à responsabilité dans le secteur de la boulangerie artisanale ou dans la grande distribution.</p></div></div>[vc_row_inner][vc_column_inner width=&#8221;1/3&#8243;][vc_btn title=&#8221;S&#8217;INSCRIRE&#8221; style=&#8221;custom&#8221; custom_background=&#8221;#3e5889&#8243; custom_text=&#8221;#ffffff&#8221; size=&#8221;lg&#8221; align=&#8221;center&#8221; css_animation=&#8221;fadeInDown&#8221; button_block=&#8221;true&#8221; link=&#8221;url:https%3A%2F%2Fcfajeanbosco-hdf.ymag.cloud%2Findex.php%2Fpreinscription%2Framsese%2F0597122W||target:%20_blank|&#8221;][/vc_column_inner][vc_column_inner width=&#8221;1/3&#8243;][vc_btn title=&#8221;FICHE FORMATION&#8221; style=&#8221;custom&#8221; custom_background=&#8221;#3e5889&#8243; custom_text=&#8221;#ffffff&#8221; size=&#8221;lg&#8221; align=&#8221;center&#8221; css_animation=&#8221;fadeInDown&#8221; button_block=&#8221;true&#8221; link=&#8221;url:https%3A%2F%2Fwww.ndpo.fr%2Fapp%2Fuploads%2Fsites%2F4%2F2026%2F03%2FBP-Boulanger-2026.pdf||target:%20_blank|&#8221;][/vc_column_inner][vc_column_inner width=&#8221;1/3&#8243;][vc_btn title=&#8221;DEMANDE IMMERSION&#8221; style=&#8221;custom&#8221; custom_background=&#8221;#3e5889&#8243; custom_text=&#8221;#ffffff&#8221; size=&#8221;lg&#8221; align=&#8221;center&#8221; css_animation=&#8221;fadeInDown&#8221; button_block=&#8221;true&#8221; link=&#8221;url:https%3A%2F%2Fwww.ndpo.fr%2Fufa%2Fimmersion%2F|title:IMMERSION|target:%20_blank|&#8221;][/vc_column_inner][/vc_row_inner][vc_row_inner][vc_column_inner][vc_empty_space][/vc_column_inner][/vc_row_inner]
        <div class="rs-heading style1   ">
        	<div class="title-inner">
	            
	            <h2 >Contenu de la formation</h2>
	        </div><div class="description"><p >Bloc 1 : Fabrication d’une commande<br />
Bloc 2 : Technologie professionnelle<br />
Bloc 3 : Sciences appliquées à l’alimentation, à l’hygiène, aux équipements, aux locaux et à l’environnement professionnels<br />
Bloc 4 : Environnement économique, juridique et gestion de l’entreprise<br />
Bloc 5 : Étude technique liée à l’activité professionnelle<br />
Bloc 6 : Matières d’enseignements généraux</p></div></div>
        <div class="rs-heading style1   ">
        	<div class="title-inner">
	            
	            <h2 >Modalités, méthodes et outils pédagogique</h2>
	        </div><div class="description"><p >• Formation en présentiel<br />
• Alternance théorique et pratique<br />
• Accompagnement et suivi individuel<br />
• Intervention de professionnels</p></div></div>
        <div class="rs-heading style1   ">
        	<div class="title-inner">
	            
	            <h2 >Modalités d'évaluation</h2>
	        </div><div class="description"><p >• Évaluation tout au long de la formation<br />
• Examen ponctuel en fin de formation</p></div></div>
        <div class="rs-heading style1   ">
        	<div class="title-inner">
	            
	            <h2 >Objectifs</h2>
	        </div><div class="description"><p >• Panification<br />
• Viennoiseries : dernières techniques afin d’optimiser la production et l’organisation<br />
• Restauration boulangère<br />
• La parfaite connaissance du matériel, des processus et des matières premières utilisées permettant l’optimisation de la production<br />
• La prise en compte des contraintes économiques et réglementaires et des exigences en termes de sécurité alimentaire, de qualité et de productivité de l’entreprise<br />
• La capacité à animer, manager l’équipe de production et participer à la commercialisation des produits</p></div></div>[/vc_column][vc_column width=&#8221;1/3&#8243;]
        <div class="rs-heading style1   ">
        	<div class="title-inner">
	            
	            <h2 >Public concerné</h2>
	        </div><div class="description"><p >Jeunes entre 15 et 29 ans</p></div></div>
        <div class="rs-heading style1   ">
        	<div class="title-inner">
	            
	            <h2 >Prérequis</h2>
	        </div><div class="description"><p ><strong>Titulaire d’un CAP minimum</strong></p></div></div>
        <div class="rs-heading style1   ">
        	<div class="title-inner">
	            
	            <h2 >Modalités et délais d'accès</h2>
	        </div><div class="description"><p >• Dépôt du dossier d&#8217;inscription<br />
• Entretien de motivation<br />
• Signature du contrat d&#8217;apprentissage</p></div></div>
        <div class="rs-heading style1   ">
        	<div class="title-inner">
	            
	            <h2 >Accès handicap</h2>
	        </div><div class="description"><p ></p>
<p style="text-align: left;">Notre UFA et ses locaux sont accessibles aux<br />
apprentis en situation de handicap.<br />
Notre personne ressource handicap est à votre écoute pour aménager la formation aux besoins :<br />
<strong>Madame Rachel LIPS</strong><br />
<strong>03 20 41 56 84</strong><br />
<strong>cpecfa@ndpo.fr</strong></p></div></div>
        <div class="rs-heading style1   ">
        	<div class="title-inner">
	            
	            <h2 >Rythme</h2>
	        </div><div class="description"><p >437h de formation (1ère année)<br />
463h de formation (2ème année)<br />
1 semaine sur 3 à l&#8217;UFA</p></div></div>
        <div class="rs-heading style1   ">
        	<div class="title-inner">
	            
	            <h2 >Coût</h2>
	        </div><div class="description"><p >Les études sont gratuites.<br />
Formation à partir de 6847€/an<br />
financée par les OPCO</p></div></div>
        <div class="rs-heading style1   ">
        	<div class="title-inner">
	            
	            <h2 >Taux de la session 2024 - 2025</h2>
	        </div><div class="description"><p >• 100 % Taux d&#8217;obtention du diplôme<br />
• 40 % Taux de poursuite d&#8217;étude<br />
• 17 % Taux d&#8217;interruption de la formation<br />
• 60 % Taux d&#8217;insertion professionnel à 6 mois<br />
• 100 % Dont taux d’insertion dans l’un des métiers visés par la certification</p></div></div>[/vc_column][/vc_row][vc_row][vc_column]
        <div class="rs-heading style2   ">
        	<div class="title-inner">
	            
	            <h2 >Poursuites d’études et débouchés</h2>
	        </div><div class="description"><p ></p>
<table>
<tbody>
<tr>
<td width="247"><strong><u>Poursuites d’étude UFA</u></strong></td>
<td width="225"><strong><u>Poursuites d’étude autres</u></strong></td>
<td width="225"><strong><u>Débouchés professionnels</u></strong></td>
</tr>
<tr>
<td width="247">&#8211; CAP Pâtissier</p>
<p>&#8211; CS Traiteur</td>
<td width="225">&#8211; Baccalauréat professionnel boulangerie-pâtisserie</p>
<p>&#8211; BM Boulanger</td>
<td width="225">&#8211; Boulanger / chef de partie boulangerie</p>
<p>&#8211; Artisan boulanger indépendant</p>
<p>&#8211; Responsable de production en boulangerie</td>
</tr>
</tbody>
</table>
<p></p></div></div>[/vc_column][/vc_row]</p>
