{"id":1399,"date":"2026-01-28T11:11:56","date_gmt":"2026-01-28T10:11:56","guid":{"rendered":"https:\/\/www.ndpo.fr\/ufa\/?page_id=1399"},"modified":"2026-04-07T09:43:53","modified_gmt":"2026-04-07T07:43:53","slug":"bp-arts-de-la-table","status":"publish","type":"page","link":"https:\/\/www.ndpo.fr\/ufa\/bp-arts-de-la-table\/","title":{"rendered":"BP ARTS DE LA TABLE"},"content":{"rendered":"<p>[vc_row][vc_column]\n        <div class=\"rs-heading style2  vc_custom_1769595056082  center\">\n        \t<div class=\"title-inner\">\n\t            \n\t            <h2 >BP Arts de la table<\/h2>\n\t        <\/div><\/div>[\/vc_column][\/vc_row][vc_row][vc_column width=&#8221;2\/3&#8243;][vc_single_image image=&#8221;1451&#8243; img_size=&#8221;full&#8221;]\n        <div class=\"rs-heading    \">\n        \t<div class=\"title-inner\">\n\t            \n\t            \n\t        <\/div><div class=\"description\"><p >Le Brevet Professionnel Arts de la Table forme des professionnels capables de concevoir, organiser et assurer un service de restauration de qualit\u00e9.<\/p>\n<p>La formation permet de d\u00e9velopper les comp\u00e9tences techniques et relationnelles en service \u00e0 table, en int\u00e9grant les notions de pr\u00e9sentation, d\u2019accueil, de conseil aupr\u00e8s de la client\u00e8le et de gestion du service.<\/p>\n<p>Elle s\u2019adresse aux titulaires d\u2019un CAP Commercialisation et Services en H\u00f4tel-Caf\u00e9-Restaurant ou d\u2019une exp\u00e9rience \u00e9quivalente, souhaitant se perfectionner et valoriser leur savoir-faire dans le domaine de la restauration.<\/p><\/div><\/div>[vc_row_inner][vc_column_inner width=&#8221;1\/3&#8243;][vc_btn title=&#8221;S&#8217;INSCRIRE&#8221; style=&#8221;custom&#8221; custom_background=&#8221;#3e5889&#8243; custom_text=&#8221;#ffffff&#8221; size=&#8221;lg&#8221; align=&#8221;center&#8221; css_animation=&#8221;fadeInDown&#8221; button_block=&#8221;true&#8221; link=&#8221;url:https%3A%2F%2Fcfajeanbosco-hdf.ymag.cloud%2Findex.php%2Fpreinscription%2Framsese%2F0597122W||target:%20_blank|&#8221;][\/vc_column_inner][vc_column_inner width=&#8221;1\/3&#8243;][vc_btn title=&#8221;FICHE FORMATION&#8221; style=&#8221;custom&#8221; custom_background=&#8221;#3e5889&#8243; custom_text=&#8221;#ffffff&#8221; size=&#8221;lg&#8221; align=&#8221;center&#8221; css_animation=&#8221;fadeInDown&#8221; button_block=&#8221;true&#8221; link=&#8221;url:https%3A%2F%2Fwww.ndpo.fr%2Fapp%2Fuploads%2Fsites%2F4%2F2026%2F03%2FBP-Arts-du-service-et-de-la-commercialisation-en-restauration-2026-1.pdf|title:BP%20ARTS%20DU%20SERVICE|target:%20_blank|&#8221;][\/vc_column_inner][vc_column_inner width=&#8221;1\/3&#8243;][vc_btn title=&#8221;DEMANDE IMMERSION&#8221; style=&#8221;custom&#8221; custom_background=&#8221;#3e5889&#8243; custom_text=&#8221;#ffffff&#8221; size=&#8221;lg&#8221; align=&#8221;center&#8221; css_animation=&#8221;fadeInDown&#8221; button_block=&#8221;true&#8221; link=&#8221;url:https%3A%2F%2Fwww.ndpo.fr%2Fufa%2Fimmersion%2F|title:IMMERSION|target:%20_blank|&#8221;][\/vc_column_inner][\/vc_row_inner][vc_row_inner][vc_column_inner][vc_empty_space][\/vc_column_inner][\/vc_row_inner]\n        <div class=\"rs-heading style1   \">\n        \t<div class=\"title-inner\">\n\t            \n\t            <h2 >Contenu de la formation<\/h2>\n\t        <\/div><div class=\"description\"><p >&#8211; Bloc 1 &#8211; Concevoir et organiser les prestations<br \/>\nde restauration<br \/>\n&#8211; Bloc 2 : Commercialiser et assurer le service<br \/>\n&#8211; Bloc 3 : G\u00e9rer l\u2019activit\u00e9 de restauration<br \/>\n&#8211; Bloc 4 : Expression et connaissance du<br \/>\nmonde<br \/>\n&#8211; Bloc 5 : Langue vivante<\/p><\/div><\/div>\n        <div class=\"rs-heading style1   \">\n        \t<div class=\"title-inner\">\n\t            \n\t            <h2 >Modalit\u00e9s, m\u00e9thodes et outils p\u00e9dagogique<\/h2>\n\t        <\/div><div class=\"description\"><p ><\/p>\n<ul>\n<li>Formation en pr\u00e9sentiel<\/li>\n<li>Alternance th\u00e9orique et pratique<\/li>\n<li>Accompagnement et suivi individuel<\/li>\n<li>Intervention de professionnels<\/li>\n<\/ul>\n<p><\/p><\/div><\/div>\n        <div class=\"rs-heading style1   \">\n        \t<div class=\"title-inner\">\n\t            \n\t            <h2 >Modalit\u00e9s d'\u00e9valuation<\/h2>\n\t        <\/div><div class=\"description\"><p ><\/p>\n<ul>\n<li>\u00c9valuation tout au long de la formation<\/li>\n<li>Examen ponctuel en fin de formation<\/li>\n<\/ul>\n<p><\/p><\/div><\/div>\n        <div class=\"rs-heading style1   \">\n        \t<div class=\"title-inner\">\n\t            \n\t            <h2 >Objectifs<\/h2>\n\t        <\/div><div class=\"description\"><p ><\/p>\n<ul>\n<li>Ma\u00eetriser les techniques professionnelles des<br \/>\nm\u00e9tiers de salle<\/li>\n<li>Accueillir et accompagner une client\u00e8le diversif\u00e9e<\/li>\n<li>Organiser et planifer une prestation de restauration compl\u00e8te<\/li>\n<li>Commercialiser les mets et boissons<\/li>\n<li>G\u00e9rer l\u2019activit\u00e9 de restauration au quotidien<\/li>\n<li>Diriger, encadrer et animer une \u00e9quipe de salle<\/li>\n<li>Adopter un comportement responsable<\/li>\n<\/ul>\n<p><\/p><\/div><\/div>[\/vc_column][vc_column width=&#8221;1\/3&#8243;]\n        <div class=\"rs-heading style1   \">\n        \t<div class=\"title-inner\">\n\t            \n\t            <h2 >Public concern\u00e9<\/h2>\n\t        <\/div><div class=\"description\"><p ><\/p>\n<p style=\"text-align: left;\">Jeune entre 15 et 29 ans. Sans restriction<br \/>\nd\u2019\u00e2ge dans le cas o\u00f9 le candidat est<br \/>\nofficiellement reconnu travailleur handicap\u00e9<br \/>\nou sportif de haut niveau ou s\u2019il envisage<br \/>\nde cr\u00e9er ou reprendre une entreprise<br \/>\nsupposant l\u2019obtention du dipl\u00f4me.<\/p>\n<p><\/p><\/div><\/div>\n        <div class=\"rs-heading style1   \">\n        \t<div class=\"title-inner\">\n\t            \n\t            <h2 >Pr\u00e9requis<\/h2>\n\t        <\/div><div class=\"description\"><p ><\/p>\n<p style=\"text-align: left;\">L\u2019acc\u00e8s est ouvert aux \u00e9tudiants ayant<br \/>\nun CAP Service, un BAC Pro Service,<br \/>\nBAC STHR, BTS MHR option A.<\/p>\n<p><\/p><\/div><\/div>\n        <div class=\"rs-heading style1   \">\n        \t<div class=\"title-inner\">\n\t            \n\t            <h2 >Modalit\u00e9s et d\u00e9lais d'acc\u00e8s<\/h2>\n\t        <\/div><div class=\"description\"><p >\u2022 D\u00e9p\u00f4t du dossier d&#8217;inscription<br \/>\n\u2022 Entretien de motivation<br \/>\n\u2022 Signature du contrat d&#8217;apprentissage<\/p><\/div><\/div>\n        <div class=\"rs-heading style1   \">\n        \t<div class=\"title-inner\">\n\t            \n\t            <h2 >Acc\u00e8s handicap<\/h2>\n\t        <\/div><div class=\"description\"><p ><\/p>\n<p style=\"text-align: left;\">Notre UFA et ses locaux sont accessibles aux<br \/>\napprentis en situation de handicap.<br \/>\nNotre personne ressource handicap est \u00e0 votre \u00e9coute pour am\u00e9nager la formation aux besoins :<br \/>\n<strong>Madame Rachel LIPS<\/strong><br \/>\n<strong>03 20 41 56 84<\/strong><br \/>\n<strong>cpecfa@ndpo.fr<\/strong><\/p><\/div><\/div>\n        <div class=\"rs-heading style1   \">\n        \t<div class=\"title-inner\">\n\t            \n\t            <h2 >Rythme<\/h2>\n\t        <\/div><div class=\"description\"><p >400h de formation (1\u00e8re ann\u00e9e)<br \/>\n400h de formation (2\u00e8me ann\u00e9e)<br \/>\n2 jours par semaine \u00e0 l&#8217;UFA<\/p><\/div><\/div>\n        <div class=\"rs-heading style1   \">\n        \t<div class=\"title-inner\">\n\t            \n\t            <h2 >Co\u00fbt<\/h2>\n\t        <\/div><div class=\"description\"><p >Les \u00e9tudes sont gratuites.<br \/>\nFormation d\u2019un co\u00fbt de 8311\u20ac\/an<br \/>\nFinanc\u00e9e par les OPCO.<\/p><\/div><\/div>\n        <div class=\"rs-heading style1   \">\n        \t<div class=\"title-inner\">\n\t            \n\t            <h2 >Taux de la session 2024 - 2025<\/h2>\n\t        <\/div><div class=\"description\"><p >\u2022 NE % Taux d&#8217;obtention du dipl\u00f4me<br \/>\n\u2022 NE % Taux de poursuite d&#8217;\u00e9tude<br \/>\n\u2022 NE % Taux d&#8217;interruption de la formation<br \/>\n\u2022 NE % Taux d&#8217;insertion professionnel \u00e0 6 mois<br \/>\n\u2022 NE % Dont taux d\u2019insertion dans l\u2019un des m\u00e9tiers vis\u00e9s par la certification<\/p><\/div><\/div>[\/vc_column][\/vc_row][vc_row][vc_column]\n        <div class=\"rs-heading style2   \">\n        \t<div class=\"title-inner\">\n\t            \n\t            <h2 >Poursuites d\u2019\u00e9tude et d\u00e9bouch\u00e9s<\/h2>\n\t        <\/div><div class=\"description\"><p ><\/p>\n<table>\n<tbody>\n<tr>\n<td width=\"247\"><strong><u>Poursuites d\u2019\u00e9tude UFA<\/u><\/strong><\/td>\n<td width=\"225\"><strong><u>Poursuites d\u2019\u00e9tude autres<\/u><\/strong><\/td>\n<td width=\"225\"><strong><u>D\u00e9bouch\u00e9s professionnels<\/u><\/strong><\/td>\n<\/tr>\n<tr>\n<td width=\"247\">&#8211; CS Sommellerie<\/p>\n<p>&#8211; CS M\u00e9tiers du bar<\/p>\n<p>&#8211; BTS MHR \u2013 opt A<\/td>\n<td width=\"225\">&#8211; CS Organisateur de r\u00e9ception<\/td>\n<td width=\"225\">&#8211; Ma\u00eetre d\u2019h\u00f4tel \/ chef de rang<\/p>\n<p>&#8211; Responsable de salle<\/p>\n<p>&#8211; Responsable de restaurant<\/p>\n<p>&#8211; Serveur sp\u00e9cialis\u00e9 en restauration gastronomique<\/td>\n<\/tr>\n<\/tbody>\n<\/table>\n<p><\/p><\/div><\/div>[\/vc_column][\/vc_row]<\/p>\n","protected":false},"excerpt":{"rendered":"<p>[vc_row][vc_column][\/vc_column][\/vc_row][vc_row][vc_column width=&#8221;2\/3&#8243;][vc_single_image image=&#8221;1451&#8243; img_size=&#8221;full&#8221;][vc_row_inner][vc_column_inner width=&#8221;1\/3&#8243;][vc_btn title=&#8221;S&#8217;INSCRIRE&#8221; style=&#8221;custom&#8221; custom_background=&#8221;#3e5889&#8243; custom_text=&#8221;#ffffff&#8221; size=&#8221;lg&#8221; align=&#8221;center&#8221; css_animation=&#8221;fadeInDown&#8221; button_block=&#8221;true&#8221; link=&#8221;url:https%3A%2F%2Fcfajeanbosco-hdf.ymag.cloud%2Findex.php%2Fpreinscription%2Framsese%2F0597122W||target:%20_blank|&#8221;][\/vc_column_inner][vc_column_inner width=&#8221;1\/3&#8243;][vc_btn title=&#8221;FICHE FORMATION&#8221; style=&#8221;custom&#8221; custom_background=&#8221;#3e5889&#8243; custom_text=&#8221;#ffffff&#8221; size=&#8221;lg&#8221; align=&#8221;center&#8221; css_animation=&#8221;fadeInDown&#8221; button_block=&#8221;true&#8221; link=&#8221;url:https%3A%2F%2Fwww.ndpo.fr%2Fapp%2Fuploads%2Fsites%2F4%2F2026%2F03%2FBP-Arts-du-service-et-de-la-commercialisation-en-restauration-2026-1.pdf|title:BP%20ARTS%20DU%20SERVICE|target:%20_blank|&#8221;][\/vc_column_inner][vc_column_inner width=&#8221;1\/3&#8243;][vc_btn title=&#8221;DEMANDE IMMERSION&#8221;&#8230;<\/p>\n","protected":false},"author":4,"featured_media":0,"parent":0,"menu_order":0,"comment_status":"closed","ping_status":"closed","template":"","meta":{"footnotes":""},"class_list":["post-1399","page","type-page","status-publish","hentry"],"_links":{"self":[{"href":"https:\/\/www.ndpo.fr\/ufa\/wp-json\/wp\/v2\/pages\/1399","targetHints":{"allow":["GET"]}}],"collection":[{"href":"https:\/\/www.ndpo.fr\/ufa\/wp-json\/wp\/v2\/pages"}],"about":[{"href":"https:\/\/www.ndpo.fr\/ufa\/wp-json\/wp\/v2\/types\/page"}],"author":[{"embeddable":true,"href":"https:\/\/www.ndpo.fr\/ufa\/wp-json\/wp\/v2\/users\/4"}],"replies":[{"embeddable":true,"href":"https:\/\/www.ndpo.fr\/ufa\/wp-json\/wp\/v2\/comments?post=1399"}],"version-history":[{"count":8,"href":"https:\/\/www.ndpo.fr\/ufa\/wp-json\/wp\/v2\/pages\/1399\/revisions"}],"predecessor-version":[{"id":1544,"href":"https:\/\/www.ndpo.fr\/ufa\/wp-json\/wp\/v2\/pages\/1399\/revisions\/1544"}],"wp:attachment":[{"href":"https:\/\/www.ndpo.fr\/ufa\/wp-json\/wp\/v2\/media?parent=1399"}],"curies":[{"name":"wp","href":"https:\/\/api.w.org\/{rel}","templated":true}]}}

<p>[vc_row][vc_column]
        <div class="rs-heading style2  vc_custom_1769595056082  center">
        	<div class="title-inner">
	            
	            <h2 >BP Arts de la table</h2>
	        </div></div>[/vc_column][/vc_row][vc_row][vc_column width=&#8221;2/3&#8243;][vc_single_image image=&#8221;1451&#8243; img_size=&#8221;full&#8221;]
        <div class="rs-heading    ">
        	<div class="title-inner">
	            
	            
	        </div><div class="description"><p >Le Brevet Professionnel Arts de la Table forme des professionnels capables de concevoir, organiser et assurer un service de restauration de qualité.</p>
<p>La formation permet de développer les compétences techniques et relationnelles en service à table, en intégrant les notions de présentation, d’accueil, de conseil auprès de la clientèle et de gestion du service.</p>
<p>Elle s’adresse aux titulaires d’un CAP Commercialisation et Services en Hôtel-Café-Restaurant ou d’une expérience équivalente, souhaitant se perfectionner et valoriser leur savoir-faire dans le domaine de la restauration.</p></div></div>[vc_row_inner][vc_column_inner width=&#8221;1/3&#8243;][vc_btn title=&#8221;S&#8217;INSCRIRE&#8221; style=&#8221;custom&#8221; custom_background=&#8221;#3e5889&#8243; custom_text=&#8221;#ffffff&#8221; size=&#8221;lg&#8221; align=&#8221;center&#8221; css_animation=&#8221;fadeInDown&#8221; button_block=&#8221;true&#8221; link=&#8221;url:https%3A%2F%2Fcfajeanbosco-hdf.ymag.cloud%2Findex.php%2Fpreinscription%2Framsese%2F0597122W||target:%20_blank|&#8221;][/vc_column_inner][vc_column_inner width=&#8221;1/3&#8243;][vc_btn title=&#8221;FICHE FORMATION&#8221; style=&#8221;custom&#8221; custom_background=&#8221;#3e5889&#8243; custom_text=&#8221;#ffffff&#8221; size=&#8221;lg&#8221; align=&#8221;center&#8221; css_animation=&#8221;fadeInDown&#8221; button_block=&#8221;true&#8221; link=&#8221;url:https%3A%2F%2Fwww.ndpo.fr%2Fapp%2Fuploads%2Fsites%2F4%2F2026%2F03%2FBP-Arts-du-service-et-de-la-commercialisation-en-restauration-2026-1.pdf|title:BP%20ARTS%20DU%20SERVICE|target:%20_blank|&#8221;][/vc_column_inner][vc_column_inner width=&#8221;1/3&#8243;][vc_btn title=&#8221;DEMANDE IMMERSION&#8221; style=&#8221;custom&#8221; custom_background=&#8221;#3e5889&#8243; custom_text=&#8221;#ffffff&#8221; size=&#8221;lg&#8221; align=&#8221;center&#8221; css_animation=&#8221;fadeInDown&#8221; button_block=&#8221;true&#8221; link=&#8221;url:https%3A%2F%2Fwww.ndpo.fr%2Fufa%2Fimmersion%2F|title:IMMERSION|target:%20_blank|&#8221;][/vc_column_inner][/vc_row_inner][vc_row_inner][vc_column_inner][vc_empty_space][/vc_column_inner][/vc_row_inner]
        <div class="rs-heading style1   ">
        	<div class="title-inner">
	            
	            <h2 >Contenu de la formation</h2>
	        </div><div class="description"><p >&#8211; Bloc 1 &#8211; Concevoir et organiser les prestations<br />
de restauration<br />
&#8211; Bloc 2 : Commercialiser et assurer le service<br />
&#8211; Bloc 3 : Gérer l’activité de restauration<br />
&#8211; Bloc 4 : Expression et connaissance du<br />
monde<br />
&#8211; Bloc 5 : Langue vivante</p></div></div>
        <div class="rs-heading style1   ">
        	<div class="title-inner">
	            
	            <h2 >Modalités, méthodes et outils pédagogique</h2>
	        </div><div class="description"><p ></p>
<ul>
<li>Formation en présentiel</li>
<li>Alternance théorique et pratique</li>
<li>Accompagnement et suivi individuel</li>
<li>Intervention de professionnels</li>
</ul>
<p></p></div></div>
        <div class="rs-heading style1   ">
        	<div class="title-inner">
	            
	            <h2 >Modalités d'évaluation</h2>
	        </div><div class="description"><p ></p>
<ul>
<li>Évaluation tout au long de la formation</li>
<li>Examen ponctuel en fin de formation</li>
</ul>
<p></p></div></div>
        <div class="rs-heading style1   ">
        	<div class="title-inner">
	            
	            <h2 >Objectifs</h2>
	        </div><div class="description"><p ></p>
<ul>
<li>Maîtriser les techniques professionnelles des<br />
métiers de salle</li>
<li>Accueillir et accompagner une clientèle diversifée</li>
<li>Organiser et planifer une prestation de restauration complète</li>
<li>Commercialiser les mets et boissons</li>
<li>Gérer l’activité de restauration au quotidien</li>
<li>Diriger, encadrer et animer une équipe de salle</li>
<li>Adopter un comportement responsable</li>
</ul>
<p></p></div></div>[/vc_column][vc_column width=&#8221;1/3&#8243;]
        <div class="rs-heading style1   ">
        	<div class="title-inner">
	            
	            <h2 >Public concerné</h2>
	        </div><div class="description"><p ></p>
<p style="text-align: left;">Jeune entre 15 et 29 ans. Sans restriction<br />
d’âge dans le cas où le candidat est<br />
officiellement reconnu travailleur handicapé<br />
ou sportif de haut niveau ou s’il envisage<br />
de créer ou reprendre une entreprise<br />
supposant l’obtention du diplôme.</p>
<p></p></div></div>
        <div class="rs-heading style1   ">
        	<div class="title-inner">
	            
	            <h2 >Prérequis</h2>
	        </div><div class="description"><p ></p>
<p style="text-align: left;">L’accès est ouvert aux étudiants ayant<br />
un CAP Service, un BAC Pro Service,<br />
BAC STHR, BTS MHR option A.</p>
<p></p></div></div>
        <div class="rs-heading style1   ">
        	<div class="title-inner">
	            
	            <h2 >Modalités et délais d'accès</h2>
	        </div><div class="description"><p >• Dépôt du dossier d&#8217;inscription<br />
• Entretien de motivation<br />
• Signature du contrat d&#8217;apprentissage</p></div></div>
        <div class="rs-heading style1   ">
        	<div class="title-inner">
	            
	            <h2 >Accès handicap</h2>
	        </div><div class="description"><p ></p>
<p style="text-align: left;">Notre UFA et ses locaux sont accessibles aux<br />
apprentis en situation de handicap.<br />
Notre personne ressource handicap est à votre écoute pour aménager la formation aux besoins :<br />
<strong>Madame Rachel LIPS</strong><br />
<strong>03 20 41 56 84</strong><br />
<strong>cpecfa@ndpo.fr</strong></p></div></div>
        <div class="rs-heading style1   ">
        	<div class="title-inner">
	            
	            <h2 >Rythme</h2>
	        </div><div class="description"><p >400h de formation (1ère année)<br />
400h de formation (2ème année)<br />
2 jours par semaine à l&#8217;UFA</p></div></div>
        <div class="rs-heading style1   ">
        	<div class="title-inner">
	            
	            <h2 >Coût</h2>
	        </div><div class="description"><p >Les études sont gratuites.<br />
Formation d’un coût de 8311€/an<br />
Financée par les OPCO.</p></div></div>
        <div class="rs-heading style1   ">
        	<div class="title-inner">
	            
	            <h2 >Taux de la session 2024 - 2025</h2>
	        </div><div class="description"><p >• NE % Taux d&#8217;obtention du diplôme<br />
• NE % Taux de poursuite d&#8217;étude<br />
• NE % Taux d&#8217;interruption de la formation<br />
• NE % Taux d&#8217;insertion professionnel à 6 mois<br />
• NE % Dont taux d’insertion dans l’un des métiers visés par la certification</p></div></div>[/vc_column][/vc_row][vc_row][vc_column]
        <div class="rs-heading style2   ">
        	<div class="title-inner">
	            
	            <h2 >Poursuites d’étude et débouchés</h2>
	        </div><div class="description"><p ></p>
<table>
<tbody>
<tr>
<td width="247"><strong><u>Poursuites d’étude UFA</u></strong></td>
<td width="225"><strong><u>Poursuites d’étude autres</u></strong></td>
<td width="225"><strong><u>Débouchés professionnels</u></strong></td>
</tr>
<tr>
<td width="247">&#8211; CS Sommellerie</p>
<p>&#8211; CS Métiers du bar</p>
<p>&#8211; BTS MHR – opt A</td>
<td width="225">&#8211; CS Organisateur de réception</td>
<td width="225">&#8211; Maître d’hôtel / chef de rang</p>
<p>&#8211; Responsable de salle</p>
<p>&#8211; Responsable de restaurant</p>
<p>&#8211; Serveur spécialisé en restauration gastronomique</td>
</tr>
</tbody>
</table>
<p></p></div></div>[/vc_column][/vc_row]</p>
