{"id":1469,"date":"2026-03-18T14:00:16","date_gmt":"2026-03-18T13:00:16","guid":{"rendered":"https:\/\/www.ndpo.fr\/ufa\/?page_id=1469"},"modified":"2026-04-09T11:40:30","modified_gmt":"2026-04-09T09:40:30","slug":"bts-commerce-international","status":"publish","type":"page","link":"https:\/\/www.ndpo.fr\/ufa\/bts-commerce-international\/","title":{"rendered":"BTS Commerce International"},"content":{"rendered":"<p>[vc_row][vc_column]\n        <div class=\"rs-heading style2  vc_custom_1773838430509  center\">\n        \t<div class=\"title-inner\">\n\t            \n\t            <h2 >BTS Commerce International (CI)<\/h2>\n\t        <\/div><\/div>[\/vc_column][\/vc_row][vc_row][vc_column width=&#8221;2\/3&#8243;][vc_single_image image=&#8221;1470&#8243; img_size=&#8221;full&#8221;]\n        <div class=\"rs-heading style5  text-justify \">\n        \t<div class=\"title-inner\">\n\t            \n\t            \n\t        <\/div><div class=\"description\"><p >Le <strong><span style=\"color: #3d578c;\">BTS Commerce International<\/span> <\/strong>, forme des professionnels capables de d\u00e9velopper et g\u00e9rer des op\u00e9rations commerciales \u00e0 l\u2019\u00e9chelle internationale, en tenant compte des enjeux \u00e9conomiques, juridiques et interculturels. La formation couvre la prospection de march\u00e9s \u00e9trangers, la n\u00e9gociation commerciale, la gestion des op\u00e9rations import-export, ainsi que le suivi administratif, logistique et financier des \u00e9changes internationaux.<\/p>\n<p>Les apprenants d\u00e9veloppent leurs comp\u00e9tences en communication professionnelle en fran\u00e7ais et en anglais, leur capacit\u00e9 d\u2019analyse des march\u00e9s et leur ma\u00eetrise des outils de gestion et de veille. Ils apprennent \u00e9galement \u00e0 \u00e9valuer les risques, coordonner les diff\u00e9rents acteurs d\u2019une op\u00e9ration commerciale et optimiser la performance des activit\u00e9s internationales.<br \/>\n<\/p><\/div><\/div>[vc_row_inner][vc_column_inner width=&#8221;1\/2&#8243;][vc_btn title=&#8221;S&#8217;INSCRIRE&#8221; style=&#8221;custom&#8221; custom_background=&#8221;#3e5889&#8243; custom_text=&#8221;#ffffff&#8221; size=&#8221;lg&#8221; align=&#8221;center&#8221; css_animation=&#8221;fadeInDown&#8221; button_block=&#8221;true&#8221; link=&#8221;|||&#8221;][\/vc_column_inner][vc_column_inner width=&#8221;1\/2&#8243;][vc_btn title=&#8221;FICHE FORMATION&#8221; style=&#8221;custom&#8221; custom_background=&#8221;#3e5889&#8243; custom_text=&#8221;#ffffff&#8221; size=&#8221;lg&#8221; align=&#8221;center&#8221; css_animation=&#8221;fadeInDown&#8221; button_block=&#8221;true&#8221; link=&#8221;url:https%3A%2F%2Fwww.ndpo.fr%2Fapp%2Fuploads%2Fsites%2F4%2F2026%2F03%2FFiche-Formation-BTS-Commerce-International.pdf|title:BTS%20COMMERCE%20INTERNATIONAL|target:%20_blank|&#8221;][\/vc_column_inner][\/vc_row_inner][vc_row_inner][vc_column_inner][vc_empty_space][\/vc_column_inner][\/vc_row_inner]\n        <div class=\"rs-heading style1   \">\n        \t<div class=\"title-inner\">\n\t            \n\t            <h2 >Contenu de la formation<\/h2>\n\t        <\/div><div class=\"description\"><p >&#8211; Bloc 1 &#8211; D\u00e9velopper la relation commerciale dans un environnement interculturel<\/p>\n<p>&#8211; Bloc\u00a02\u00a0&#8211; Mettre en \u0153uvre des op\u00e9rations internationales<\/p>\n<p>&#8211; Bloc 3\u00a0&#8211; Participer au d\u00e9veloppement commercial international<\/p><\/div><\/div>\n        <div class=\"rs-heading style1   \">\n        \t<div class=\"title-inner\">\n\t            \n\t            <h2 >Modalit\u00e9s, m\u00e9thodes et outils p\u00e9dagogique<\/h2>\n\t        <\/div><div class=\"description\"><p ><\/p>\n<ul>\n<li>Formation en pr\u00e9sentiel<\/li>\n<li>Alternance (apprentissage)<\/li>\n<li>Travaux individuels et en groupe<\/li>\n<li>\u00c9tudes de cas et projets professionnels<\/li>\n<\/ul>\n<p><\/p><\/div><\/div>\n        <div class=\"rs-heading style1   \">\n        \t<div class=\"title-inner\">\n\t            \n\t            <h2 >Modalit\u00e9s d'\u00e9valuation<\/h2>\n\t        <\/div><div class=\"description\"><p >\u2022 \u00c9valuation tout au long de la formation<br \/>\n\u2022 Examen ponctuel en fin de formation<\/p><\/div><\/div>\n        <div class=\"rs-heading style1   \">\n        \t<div class=\"title-inner\">\n\t            \n\t            <h2 >Objectifs<\/h2>\n\t        <\/div><div class=\"description\"><p ><\/p>\n<ul>\n<li style=\"text-align: left;\">Analyser les march\u00e9s internationaux et identifier des opportunit\u00e9s<\/li>\n<li style=\"text-align: left;\">Prospecter et n\u00e9gocier \u00e0 l\u2019international<\/li>\n<li style=\"text-align: left;\">G\u00e9rer les op\u00e9rations import-export et leur suivi<\/li>\n<li style=\"text-align: left;\">\u00c9valuer les risques et s\u00e9curiser les \u00e9changes<\/li>\n<li style=\"text-align: left;\">Exploiter les donn\u00e9es et piloter l\u2019activit\u00e9 commerciale<\/li>\n<li style=\"text-align: left;\">Communiquer en contexte professionnel et interculturel<\/li>\n<\/ul>\n<p><\/p><\/div><\/div>[\/vc_column][vc_column width=&#8221;1\/3&#8243;]\n        <div class=\"rs-heading style1   \">\n        \t<div class=\"title-inner\">\n\t            \n\t            <h2 >Public concern\u00e9<\/h2>\n\t        <\/div><div class=\"description\"><p >Jeunes entre 15 et 29 ans<\/p><\/div><\/div>\n        <div class=\"rs-heading style1   \">\n        \t<div class=\"title-inner\">\n\t            \n\t            <h2 >Pr\u00e9requis<\/h2>\n\t        <\/div><div class=\"description\"><p >L\u2019acc\u00e8s est ouvert aux \u00e9tudiants titulaires d\u2019un baccalaur\u00e9at g\u00e9n\u00e9ral, technologique ou professionnel<br \/>\nDur\u00e9e : 2 ans<\/p><\/div><\/div>\n        <div class=\"rs-heading style1   \">\n        \t<div class=\"title-inner\">\n\t            \n\t            <h2 >Modalit\u00e9s et d\u00e9lais d'acc\u00e8s<\/h2>\n\t        <\/div><div class=\"description\"><p >\u2022 D\u00e9p\u00f4t du dossier d&#8217;inscription<br \/>\n\u2022 Entretien de motivation<br \/>\n\u2022 Signature du contrat d&#8217;apprentissage<\/p><\/div><\/div>\n        <div class=\"rs-heading style1   \">\n        \t<div class=\"title-inner\">\n\t            \n\t            <h2 >Acc\u00e8s handicap<\/h2>\n\t        <\/div><div class=\"description\"><p ><\/p>\n<p style=\"text-align: left;\">Notre UFA et ses locaux sont accessibles aux<br \/>\napprentis en situation de handicap.<br \/>\nNotre personne ressource handicap est \u00e0 votre \u00e9coute pour am\u00e9nager la formation aux besoins :<br \/>\n<strong>Madame Rachel LIPS<\/strong><br \/>\n<strong>03 20 41 56 84<\/strong><br \/>\n<strong>cpecfa@ndpo.fr<\/strong><\/p><\/div><\/div>\n        <div class=\"rs-heading style1   \">\n        \t<div class=\"title-inner\">\n\t            \n\t            <h2 >Rythme<\/h2>\n\t        <\/div><div class=\"description\"><p >735h de formation <i>(1<\/i><i>\u00e8re <\/i><i>ann\u00e9e) <\/i><\/p>\n<p>615h de formation <i>(2<\/i><i>\u00e8me <\/i><i>ann\u00e9e) <\/i><\/p>\n<p>1 semaine sur 2 en centre d\u2019apprentissage<\/p><\/div><\/div>\n        <div class=\"rs-heading style1   \">\n        \t<div class=\"title-inner\">\n\t            \n\t            <h2 >Co\u00fbt<\/h2>\n\t        <\/div><div class=\"description\"><p >Les \u00e9tudes sont gratuites.<br \/>\nFormation \u00e0 partir de 8225\u20ac\/an<br \/>\nfinanc\u00e9e par les OPCO<\/p><\/div><\/div>\n        <div class=\"rs-heading style1   \">\n        \t<div class=\"title-inner\">\n\t            \n\t            <h2 >Taux de la session 2025 - 2026<\/h2>\n\t        <\/div><div class=\"description\"><p >\u2022 NE % Taux d&#8217;obtention du dipl\u00f4me<br \/>\n\u2022 NE % Taux de poursuite d&#8217;\u00e9tude<br \/>\n\u2022 NE % Taux d&#8217;interruption de la formation<br \/>\n\u2022 NE % Taux d&#8217;insertion professionnel \u00e0 6 mois<br \/>\n\u2022 NE % Dont taux d\u2019insertion dans l\u2019un des m\u00e9tiers vis\u00e9s par la certification<\/p><\/div><\/div>[vc_single_image image=&#8221;1491&#8243; img_size=&#8221;full&#8221; alignment=&#8221;center&#8221; onclick=&#8221;link_image&#8221; css_animation=&#8221;fadeInDown&#8221;][\/vc_column][\/vc_row][vc_row][vc_column]\n        <div class=\"rs-heading style2   \">\n        \t<div class=\"title-inner\">\n\t            \n\t            <h2 >Poursuites d\u2019\u00e9tudes et d\u00e9bouch\u00e9s<\/h2>\n\t        <\/div><div class=\"description\"><p ><\/p>\n<table>\n<tbody>\n<tr>\n<td width=\"247\"><strong><u>Poursuites d\u2019\u00e9tude UFA<\/u><\/strong><\/td>\n<td width=\"225\"><strong><u>Poursuites d\u2019\u00e9tude autres<\/u><\/strong><\/td>\n<td width=\"225\"><strong><u>D\u00e9bouch\u00e9s professionnels<\/u><\/strong><\/td>\n<\/tr>\n<tr>\n<td width=\"247\"><\/td>\n<td width=\"225\">&#8211; Bachelor universitaire technologique (but)<br \/>\n&#8211; Licence de Commerce International,<br \/>\n&#8211; Licence professionnelle \u00ab M\u00e9tiers du commerce international \u00bb, licence LEA, etc.<br \/>\n&#8211; En 3\u00e8me ann\u00e9e d&#8217;\u00e9cole de commerce dans les fili\u00e8res Marketing international, Marketing digital,<br \/>\nMarketing du luxe, Logistique, Finance, D\u00e9veloppement international, Achats, etc.<br \/>\n&#8211; Ou d&#8217;int\u00e9grer des \u00e9coles sp\u00e9cialis\u00e9es : ex. : Institut Sup\u00e9rieur du Transport et de la Logistique<br \/>\nInternationale (ISTELI).<\/td>\n<td width=\"225\">&#8211; Assistant export<\/p>\n<p>&#8211; Charg\u00e9 d\u2019affaires internationales<\/p>\n<p>&#8211; Responsable import-export<\/p>\n<p>&#8211; Commercial export \/ vendeur international<\/p>\n<p>&#8211; Gestionnaire logistique<\/p>\n<p>&#8211; Acheteur ou approvisionneur<\/td>\n<\/tr>\n<\/tbody>\n<\/table>\n<p><\/p><\/div><\/div>[\/vc_column][\/vc_row]<\/p>\n","protected":false},"excerpt":{"rendered":"<p>[vc_row][vc_column][\/vc_column][\/vc_row][vc_row][vc_column width=&#8221;2\/3&#8243;][vc_single_image image=&#8221;1470&#8243; img_size=&#8221;full&#8221;][vc_row_inner][vc_column_inner width=&#8221;1\/2&#8243;][vc_btn title=&#8221;S&#8217;INSCRIRE&#8221; style=&#8221;custom&#8221; custom_background=&#8221;#3e5889&#8243; custom_text=&#8221;#ffffff&#8221; size=&#8221;lg&#8221; align=&#8221;center&#8221; css_animation=&#8221;fadeInDown&#8221; button_block=&#8221;true&#8221; link=&#8221;|||&#8221;][\/vc_column_inner][vc_column_inner width=&#8221;1\/2&#8243;][vc_btn title=&#8221;FICHE FORMATION&#8221; style=&#8221;custom&#8221; custom_background=&#8221;#3e5889&#8243; custom_text=&#8221;#ffffff&#8221; size=&#8221;lg&#8221; align=&#8221;center&#8221; css_animation=&#8221;fadeInDown&#8221; button_block=&#8221;true&#8221; link=&#8221;url:https%3A%2F%2Fwww.ndpo.fr%2Fapp%2Fuploads%2Fsites%2F4%2F2026%2F03%2FFiche-Formation-BTS-Commerce-International.pdf|title:BTS%20COMMERCE%20INTERNATIONAL|target:%20_blank|&#8221;][\/vc_column_inner][\/vc_row_inner][vc_row_inner][vc_column_inner][vc_empty_space][\/vc_column_inner][\/vc_row_inner][\/vc_column][vc_column width=&#8221;1\/3&#8243;][vc_single_image image=&#8221;1491&#8243; img_size=&#8221;full&#8221;&#8230;<\/p>\n","protected":false},"author":4,"featured_media":0,"parent":0,"menu_order":0,"comment_status":"closed","ping_status":"closed","template":"","meta":{"footnotes":""},"class_list":["post-1469","page","type-page","status-publish","hentry"],"_links":{"self":[{"href":"https:\/\/www.ndpo.fr\/ufa\/wp-json\/wp\/v2\/pages\/1469","targetHints":{"allow":["GET"]}}],"collection":[{"href":"https:\/\/www.ndpo.fr\/ufa\/wp-json\/wp\/v2\/pages"}],"about":[{"href":"https:\/\/www.ndpo.fr\/ufa\/wp-json\/wp\/v2\/types\/page"}],"author":[{"embeddable":true,"href":"https:\/\/www.ndpo.fr\/ufa\/wp-json\/wp\/v2\/users\/4"}],"replies":[{"embeddable":true,"href":"https:\/\/www.ndpo.fr\/ufa\/wp-json\/wp\/v2\/comments?post=1469"}],"version-history":[{"count":11,"href":"https:\/\/www.ndpo.fr\/ufa\/wp-json\/wp\/v2\/pages\/1469\/revisions"}],"predecessor-version":[{"id":1557,"href":"https:\/\/www.ndpo.fr\/ufa\/wp-json\/wp\/v2\/pages\/1469\/revisions\/1557"}],"wp:attachment":[{"href":"https:\/\/www.ndpo.fr\/ufa\/wp-json\/wp\/v2\/media?parent=1469"}],"curies":[{"name":"wp","href":"https:\/\/api.w.org\/{rel}","templated":true}]}}

<p>[vc_row][vc_column]
        <div class="rs-heading style2  vc_custom_1773838430509  center">
        	<div class="title-inner">
	            
	            <h2 >BTS Commerce International (CI)</h2>
	        </div></div>[/vc_column][/vc_row][vc_row][vc_column width=&#8221;2/3&#8243;][vc_single_image image=&#8221;1470&#8243; img_size=&#8221;full&#8221;]
        <div class="rs-heading style5  text-justify ">
        	<div class="title-inner">
	            
	            
	        </div><div class="description"><p >Le <strong><span style="color: #3d578c;">BTS Commerce International</span> </strong>, forme des professionnels capables de développer et gérer des opérations commerciales à l’échelle internationale, en tenant compte des enjeux économiques, juridiques et interculturels. La formation couvre la prospection de marchés étrangers, la négociation commerciale, la gestion des opérations import-export, ainsi que le suivi administratif, logistique et financier des échanges internationaux.</p>
<p>Les apprenants développent leurs compétences en communication professionnelle en français et en anglais, leur capacité d’analyse des marchés et leur maîtrise des outils de gestion et de veille. Ils apprennent également à évaluer les risques, coordonner les différents acteurs d’une opération commerciale et optimiser la performance des activités internationales.<br />
</p></div></div>[vc_row_inner][vc_column_inner width=&#8221;1/2&#8243;][vc_btn title=&#8221;S&#8217;INSCRIRE&#8221; style=&#8221;custom&#8221; custom_background=&#8221;#3e5889&#8243; custom_text=&#8221;#ffffff&#8221; size=&#8221;lg&#8221; align=&#8221;center&#8221; css_animation=&#8221;fadeInDown&#8221; button_block=&#8221;true&#8221; link=&#8221;|||&#8221;][/vc_column_inner][vc_column_inner width=&#8221;1/2&#8243;][vc_btn title=&#8221;FICHE FORMATION&#8221; style=&#8221;custom&#8221; custom_background=&#8221;#3e5889&#8243; custom_text=&#8221;#ffffff&#8221; size=&#8221;lg&#8221; align=&#8221;center&#8221; css_animation=&#8221;fadeInDown&#8221; button_block=&#8221;true&#8221; link=&#8221;url:https%3A%2F%2Fwww.ndpo.fr%2Fapp%2Fuploads%2Fsites%2F4%2F2026%2F03%2FFiche-Formation-BTS-Commerce-International.pdf|title:BTS%20COMMERCE%20INTERNATIONAL|target:%20_blank|&#8221;][/vc_column_inner][/vc_row_inner][vc_row_inner][vc_column_inner][vc_empty_space][/vc_column_inner][/vc_row_inner]
        <div class="rs-heading style1   ">
        	<div class="title-inner">
	            
	            <h2 >Contenu de la formation</h2>
	        </div><div class="description"><p >&#8211; Bloc 1 &#8211; Développer la relation commerciale dans un environnement interculturel</p>
<p>&#8211; Bloc 2 &#8211; Mettre en œuvre des opérations internationales</p>
<p>&#8211; Bloc 3 &#8211; Participer au développement commercial international</p></div></div>
        <div class="rs-heading style1   ">
        	<div class="title-inner">
	            
	            <h2 >Modalités, méthodes et outils pédagogique</h2>
	        </div><div class="description"><p ></p>
<ul>
<li>Formation en présentiel</li>
<li>Alternance (apprentissage)</li>
<li>Travaux individuels et en groupe</li>
<li>Études de cas et projets professionnels</li>
</ul>
<p></p></div></div>
        <div class="rs-heading style1   ">
        	<div class="title-inner">
	            
	            <h2 >Modalités d'évaluation</h2>
	        </div><div class="description"><p >• Évaluation tout au long de la formation<br />
• Examen ponctuel en fin de formation</p></div></div>
        <div class="rs-heading style1   ">
        	<div class="title-inner">
	            
	            <h2 >Objectifs</h2>
	        </div><div class="description"><p ></p>
<ul>
<li style="text-align: left;">Analyser les marchés internationaux et identifier des opportunités</li>
<li style="text-align: left;">Prospecter et négocier à l’international</li>
<li style="text-align: left;">Gérer les opérations import-export et leur suivi</li>
<li style="text-align: left;">Évaluer les risques et sécuriser les échanges</li>
<li style="text-align: left;">Exploiter les données et piloter l’activité commerciale</li>
<li style="text-align: left;">Communiquer en contexte professionnel et interculturel</li>
</ul>
<p></p></div></div>[/vc_column][vc_column width=&#8221;1/3&#8243;]
        <div class="rs-heading style1   ">
        	<div class="title-inner">
	            
	            <h2 >Public concerné</h2>
	        </div><div class="description"><p >Jeunes entre 15 et 29 ans</p></div></div>
        <div class="rs-heading style1   ">
        	<div class="title-inner">
	            
	            <h2 >Prérequis</h2>
	        </div><div class="description"><p >L’accès est ouvert aux étudiants titulaires d’un baccalauréat général, technologique ou professionnel<br />
Durée : 2 ans</p></div></div>
        <div class="rs-heading style1   ">
        	<div class="title-inner">
	            
	            <h2 >Modalités et délais d'accès</h2>
	        </div><div class="description"><p >• Dépôt du dossier d&#8217;inscription<br />
• Entretien de motivation<br />
• Signature du contrat d&#8217;apprentissage</p></div></div>
        <div class="rs-heading style1   ">
        	<div class="title-inner">
	            
	            <h2 >Accès handicap</h2>
	        </div><div class="description"><p ></p>
<p style="text-align: left;">Notre UFA et ses locaux sont accessibles aux<br />
apprentis en situation de handicap.<br />
Notre personne ressource handicap est à votre écoute pour aménager la formation aux besoins :<br />
<strong>Madame Rachel LIPS</strong><br />
<strong>03 20 41 56 84</strong><br />
<strong>cpecfa@ndpo.fr</strong></p></div></div>
        <div class="rs-heading style1   ">
        	<div class="title-inner">
	            
	            <h2 >Rythme</h2>
	        </div><div class="description"><p >735h de formation <i>(1</i><i>ère </i><i>année) </i></p>
<p>615h de formation <i>(2</i><i>ème </i><i>année) </i></p>
<p>1 semaine sur 2 en centre d’apprentissage</p></div></div>
        <div class="rs-heading style1   ">
        	<div class="title-inner">
	            
	            <h2 >Coût</h2>
	        </div><div class="description"><p >Les études sont gratuites.<br />
Formation à partir de 8225€/an<br />
financée par les OPCO</p></div></div>
        <div class="rs-heading style1   ">
        	<div class="title-inner">
	            
	            <h2 >Taux de la session 2025 - 2026</h2>
	        </div><div class="description"><p >• NE % Taux d&#8217;obtention du diplôme<br />
• NE % Taux de poursuite d&#8217;étude<br />
• NE % Taux d&#8217;interruption de la formation<br />
• NE % Taux d&#8217;insertion professionnel à 6 mois<br />
• NE % Dont taux d’insertion dans l’un des métiers visés par la certification</p></div></div>[vc_single_image image=&#8221;1491&#8243; img_size=&#8221;full&#8221; alignment=&#8221;center&#8221; onclick=&#8221;link_image&#8221; css_animation=&#8221;fadeInDown&#8221;][/vc_column][/vc_row][vc_row][vc_column]
        <div class="rs-heading style2   ">
        	<div class="title-inner">
	            
	            <h2 >Poursuites d’études et débouchés</h2>
	        </div><div class="description"><p ></p>
<table>
<tbody>
<tr>
<td width="247"><strong><u>Poursuites d’étude UFA</u></strong></td>
<td width="225"><strong><u>Poursuites d’étude autres</u></strong></td>
<td width="225"><strong><u>Débouchés professionnels</u></strong></td>
</tr>
<tr>
<td width="247"></td>
<td width="225">&#8211; Bachelor universitaire technologique (but)<br />
&#8211; Licence de Commerce International,<br />
&#8211; Licence professionnelle « Métiers du commerce international », licence LEA, etc.<br />
&#8211; En 3ème année d&#8217;école de commerce dans les filières Marketing international, Marketing digital,<br />
Marketing du luxe, Logistique, Finance, Développement international, Achats, etc.<br />
&#8211; Ou d&#8217;intégrer des écoles spécialisées : ex. : Institut Supérieur du Transport et de la Logistique<br />
Internationale (ISTELI).</td>
<td width="225">&#8211; Assistant export</p>
<p>&#8211; Chargé d’affaires internationales</p>
<p>&#8211; Responsable import-export</p>
<p>&#8211; Commercial export / vendeur international</p>
<p>&#8211; Gestionnaire logistique</p>
<p>&#8211; Acheteur ou approvisionneur</td>
</tr>
</tbody>
</table>
<p></p></div></div>[/vc_column][/vc_row]</p>
