{"id":24,"date":"2020-07-11T11:38:37","date_gmt":"2020-07-11T09:38:37","guid":{"rendered":"https:\/\/ndpo2020.keeo.com\/ufa\/?page_id=24"},"modified":"2026-01-27T11:40:52","modified_gmt":"2026-01-27T10:40:52","slug":"informations","status":"publish","type":"page","link":"https:\/\/www.ndpo.fr\/ufa\/informations\/","title":{"rendered":"INFORMATIONS"},"content":{"rendered":"<p>[vc_row][vc_column width=&#8221;1\/2&#8243;][vc_gmaps link=&#8221;#E-8_JTNDaWZyYW1lJTIwc3JjJTNEJTIyaHR0cHMlM0ElMkYlMkZ3d3cuZ29vZ2xlLmNvbSUyRm1hcHMlMkZlbWJlZCUzRnBiJTNEJTIxMW0xOCUyMTFtMTIlMjExbTMlMjExZDI1MzkuMTkyNjU5MTEzNjUwMyUyMTJkMy4yMzkwNjczMTU3MzIyNjklMjEzZDUwLjQ3NDc1Njk3OTQ3ODY4NCUyMTJtMyUyMTFmMCUyMTJmMCUyMTNmMCUyMTNtMiUyMTFpMTAyNCUyMTJpNzY4JTIxNGYxMy4xJTIxM20zJTIxMW0yJTIxMXMweDQ3YzJkYjMxYTI5ZDg2MjUlMjUzQTB4NDlhN2NjZWJjYzQ1MjIyMiUyMTJzMzglMjUyMFJ1ZSUyNTIwSnVsZXMlMjUyMEZlcnJ5JTI1MkMlMjUyMDU5MzEwJTI1MjBPcmNoaWVzJTIxNWUwJTIxM20yJTIxMXNmciUyMTJzZnIlMjE0djE1OTg0MzMyNjA0NjclMjE1bTIlMjExc2ZyJTIxMnNmciUyMiUyMHdpZHRoJTNEJTIyNjAwJTIyJTIwaGVpZ2h0JTNEJTIyNDUwJTIyJTIwZnJhbWVib3JkZXIlM0QlMjIwJTIyJTIwc3R5bGUlM0QlMjJib3JkZXIlM0EwJTNCJTIyJTIwYWxsb3dmdWxsc2NyZWVuJTNEJTIyJTIyJTIwYXJpYS1oaWRkZW4lM0QlMjJmYWxzZSUyMiUyMHRhYmluZGV4JTNEJTIyMCUyMiUzRSUzQyUyRmlmcmFtZSUzRQ==&#8221; size=&#8221;full&#8221;][\/vc_column][vc_column width=&#8221;1\/2&#8243;]\n        <div class=\"rs-heading style2   \">\n        \t<div class=\"title-inner\">\n\t            <span class=\"sub-text\">La gare d'Orchies \u00e0 10 minutes<\/span>\n\t            <h2 >Un facilit\u00e9 d'acc\u00e8s \u00e0 l'UFA<\/h2>\n\t        <\/div><div class=\"description\"><p >Situ\u00e9 en plein coeur d&#8217;Orchies, l&#8217;UFA dispose d&#8217;un acc\u00e8s facile gr\u00e2ce \u00e0 la gare SNCF d&#8217;Orchies situ\u00e9 \u00e0 700 m\u00e8tres.<\/p><\/div><\/div>[vc_row_inner][vc_column_inner width=&#8221;1\/2&#8243;]\n\t\t\t<div class=\"rs-services-style3  \">\n\t\t\t\t<div class=\"services-item rs-animation-hover\">\n\t\t\t\t    <div class=\"services-icon\">\n\t\t\t\t        <i  class=\"vc_icon_element-icon vc-material vc-material-directions_car rs-animation-scale-up\"><\/i>\n\t\t\t\t    <\/div>\n\t\t\t\t    <div class=\"services-desc\">\n\t\t\t\t        <h4 class=\"services-title\"><a ><\/a><\/h4>\n\t\t\t\t        <p>A 20 minutes de Lille et Valenciennes par l&#8217;autoroute.<\/p>\n\t\t\t\t    <\/div>\n\t\t\t\t<\/div>\n\t\t\t<\/div>\n\t\t\t[\/vc_column_inner][vc_column_inner width=&#8221;1\/2&#8243;]\n\t\t\t<div class=\"rs-services-style3  \">\n\t\t\t\t<div class=\"services-item rs-animation-hover\">\n\t\t\t\t    <div class=\"services-icon\">\n\t\t\t\t        <i  class=\"vc_icon_element-icon entypo-icon entypo-icon-paper-plane rs-animation-scale-up\"><\/i>\n\t\t\t\t    <\/div>\n\t\t\t\t    <div class=\"services-desc\">\n\t\t\t\t        <h4 class=\"services-title\"><a ><\/a><\/h4>\n\t\t\t\t        <p>A 10 minutes en voiture de l&#8217;a\u00e9roport Lille Lesquin.<\/p>\n\t\t\t\t    <\/div>\n\t\t\t\t<\/div>\n\t\t\t<\/div>\n\t\t\t[\/vc_column_inner][\/vc_row_inner][vc_row_inner][vc_column_inner width=&#8221;1\/2&#8243;]\n\t\t\t<div class=\"rs-services-style3  \">\n\t\t\t\t<div class=\"services-item rs-animation-hover\">\n\t\t\t\t    <div class=\"services-icon\">\n\t\t\t\t        <i  class=\"vc_icon_element-icon vc-material vc-material-train rs-animation-scale-up\"><\/i>\n\t\t\t\t    <\/div>\n\t\t\t\t    <div class=\"services-desc\">\n\t\t\t\t        <h4 class=\"services-title\"><a ><\/a><\/h4>\n\t\t\t\t        <p>\u00c0 20 minutes de Lille<br \/>\npar le train<\/p>\n\t\t\t\t    <\/div>\n\t\t\t\t<\/div>\n\t\t\t<\/div>\n\t\t\t[\/vc_column_inner][vc_column_inner width=&#8221;1\/2&#8243;]\n\t\t\t<div class=\"rs-services-style3  \">\n\t\t\t\t<div class=\"services-item rs-animation-hover\">\n\t\t\t\t    <div class=\"services-icon\">\n\t\t\t\t        <i  class=\"vc_icon_element-icon vc-material vc-material-arrow_upward rs-animation-scale-up\"><\/i>\n\t\t\t\t    <\/div>\n\t\t\t\t    <div class=\"services-desc\">\n\t\t\t\t        <h4 class=\"services-title\"><a ><\/a><\/h4>\n\t\t\t\t        <p>Acc\u00e8s autoroutier direct A23 de Lille Lesquin<\/p>\n\t\t\t\t    <\/div>\n\t\t\t\t<\/div>\n\t\t\t<\/div>\n\t\t\t[\/vc_column_inner][\/vc_row_inner][\/vc_column][\/vc_row][vc_row][vc_column][vc_empty_space height=&#8221;50&#8243;][\/vc_column][\/vc_row][vc_row][vc_column][vc_single_image image=&#8221;85&#8243; img_size=&#8221;full&#8221; onclick=&#8221;custom_link&#8221; img_link_target=&#8221;_blank&#8221; link=&#8221;https:\/\/cfajeanbosco-hdf.ymag.cloud\/index.php\/login\/&#8221;][\/vc_column][\/vc_row][vc_row][vc_column][vc_empty_space height=&#8221;50&#8243;][\/vc_column][\/vc_row][vc_row][vc_column width=&#8221;1\/2&#8243;]\n        <div class=\"rs-heading style2   \">\n        \t<div class=\"title-inner\">\n\t            \n\t            <h2 >Forfait \u00e9tudiant SNCF<\/h2>\n\t        <\/div><div class=\"description\"><p >Avec mon Abo \u00e9tudiant TER Hauts-de-France, voyagez en illimit\u00e9 sur 1 ou 2 trajets effectu\u00e9s en TER dans les Hauts-de-France ou vers Paris et certains d\u00e9partements des R\u00e9gions Normandie et Grand-Est.<\/p><\/div><\/div>[vc_btn title=&#8221;Acc\u00e8s au site&#8221; style=&#8221;custom&#8221; custom_background=&#8221;#3d578c&#8221; custom_text=&#8221;#ffffff&#8221; link=&#8221;url:https%3A%2F%2Fwww.ter.sncf.com%2Fhauts-de-france%2Fabonnements%2Ftous-les-abonnements%2Fabonnements-etudiants-scolaires%2Fmon-abo-etudiant-ter-hauts-de-france||target:%20_blank|&#8221;][\/vc_column][vc_column width=&#8221;1\/2&#8243;][vc_single_image image=&#8221;187&#8243; img_size=&#8221;full&#8221;][\/vc_column][\/vc_row][vc_row][vc_column][vc_empty_space height=&#8221;50&#8243;][\/vc_column][\/vc_row][vc_row][vc_column width=&#8221;1\/2&#8243;][vc_single_image image=&#8221;188&#8243; img_size=&#8221;full&#8221;][\/vc_column][vc_column width=&#8221;1\/2&#8243;]\n        <div class=\"rs-heading style2   \">\n        \t<div class=\"title-inner\">\n\t            \n\t            <h2 >R\u00e9seau Arc-en-ciel 2<\/h2>\n\t        <\/div><div class=\"description\"><p >Pour voyager sur le r\u00e9seau Arc en Ciel 2, vous devez \u00eatre en possession d\u2019une carte Pass Pass. La carte Pass Pass est un support rechargeable.<br \/>\nArc en Ciel 2 vous propose 3 possibilit\u00e9s pour le rechargement de votre carte Pass Pass. Retrouvez toutes les informations n\u00e9cessaires en cliquant ci-dessous.<br \/>\n\u25cf Par internet<br \/>\n\u25cf En point de vente<br \/>\n\u25cf Par courrier.<\/p><\/div><\/div>[vc_btn title=&#8221;Acc\u00e8s au site&#8221; style=&#8221;custom&#8221; custom_background=&#8221;#3d578c&#8221; custom_text=&#8221;#ffffff&#8221; link=&#8221;url:https%3A%2F%2Farc-en-ciel2.fr%2F%3FPage%3DMenuCPP||target:%20_blank|&#8221;][\/vc_column][\/vc_row]<\/p>\n","protected":false},"excerpt":{"rendered":"<p>[vc_row][vc_column width=&#8221;1\/2&#8243;][vc_gmaps link=&#8221;#E-8_JTNDaWZyYW1lJTIwc3JjJTNEJTIyaHR0cHMlM0ElMkYlMkZ3d3cuZ29vZ2xlLmNvbSUyRm1hcHMlMkZlbWJlZCUzRnBiJTNEJTIxMW0xOCUyMTFtMTIlMjExbTMlMjExZDI1MzkuMTkyNjU5MTEzNjUwMyUyMTJkMy4yMzkwNjczMTU3MzIyNjklMjEzZDUwLjQ3NDc1Njk3OTQ3ODY4NCUyMTJtMyUyMTFmMCUyMTJmMCUyMTNmMCUyMTNtMiUyMTFpMTAyNCUyMTJpNzY4JTIxNGYxMy4xJTIxM20zJTIxMW0yJTIxMXMweDQ3YzJkYjMxYTI5ZDg2MjUlMjUzQTB4NDlhN2NjZWJjYzQ1MjIyMiUyMTJzMzglMjUyMFJ1ZSUyNTIwSnVsZXMlMjUyMEZlcnJ5JTI1MkMlMjUyMDU5MzEwJTI1MjBPcmNoaWVzJTIxNWUwJTIxM20yJTIxMXNmciUyMTJzZnIlMjE0djE1OTg0MzMyNjA0NjclMjE1bTIlMjExc2ZyJTIxMnNmciUyMiUyMHdpZHRoJTNEJTIyNjAwJTIyJTIwaGVpZ2h0JTNEJTIyNDUwJTIyJTIwZnJhbWVib3JkZXIlM0QlMjIwJTIyJTIwc3R5bGUlM0QlMjJib3JkZXIlM0EwJTNCJTIyJTIwYWxsb3dmdWxsc2NyZWVuJTNEJTIyJTIyJTIwYXJpYS1oaWRkZW4lM0QlMjJmYWxzZSUyMiUyMHRhYmluZGV4JTNEJTIyMCUyMiUzRSUzQyUyRmlmcmFtZSUzRQ==&#8221; size=&#8221;full&#8221;][\/vc_column][vc_column width=&#8221;1\/2&#8243;][vc_row_inner][vc_column_inner width=&#8221;1\/2&#8243;][\/vc_column_inner][vc_column_inner width=&#8221;1\/2&#8243;][\/vc_column_inner][\/vc_row_inner][vc_row_inner][vc_column_inner width=&#8221;1\/2&#8243;][\/vc_column_inner][vc_column_inner width=&#8221;1\/2&#8243;][\/vc_column_inner][\/vc_row_inner][\/vc_column][\/vc_row][vc_row][vc_column][vc_empty_space height=&#8221;50&#8243;][\/vc_column][\/vc_row][vc_row][vc_column][vc_single_image image=&#8221;85&#8243; img_size=&#8221;full&#8221; onclick=&#8221;custom_link&#8221; img_link_target=&#8221;_blank&#8221; link=&#8221;https:\/\/cfajeanbosco-hdf.ymag.cloud\/index.php\/login\/&#8221;][\/vc_column][\/vc_row][vc_row][vc_column][vc_empty_space height=&#8221;50&#8243;][\/vc_column][\/vc_row][vc_row][vc_column width=&#8221;1\/2&#8243;][vc_btn title=&#8221;Acc\u00e8s au site&#8221; style=&#8221;custom&#8221; custom_background=&#8221;#3d578c&#8221; custom_text=&#8221;#ffffff&#8221; link=&#8221;url:https%3A%2F%2Fwww.ter.sncf.com%2Fhauts-de-france%2Fabonnements%2Ftous-les-abonnements%2Fabonnements-etudiants-scolaires%2Fmon-abo-etudiant-ter-hauts-de-france||target:%20_blank|&#8221;][\/vc_column][vc_column width=&#8221;1\/2&#8243;][vc_single_image image=&#8221;187&#8243; img_size=&#8221;full&#8221;][\/vc_column][\/vc_row][vc_row][vc_column][vc_empty_space height=&#8221;50&#8243;][\/vc_column][\/vc_row][vc_row][vc_column&#8230;<\/p>\n","protected":false},"author":2,"featured_media":0,"parent":0,"menu_order":0,"comment_status":"closed","ping_status":"closed","template":"","meta":{"footnotes":""},"class_list":["post-24","page","type-page","status-publish","hentry"],"_links":{"self":[{"href":"https:\/\/www.ndpo.fr\/ufa\/wp-json\/wp\/v2\/pages\/24","targetHints":{"allow":["GET"]}}],"collection":[{"href":"https:\/\/www.ndpo.fr\/ufa\/wp-json\/wp\/v2\/pages"}],"about":[{"href":"https:\/\/www.ndpo.fr\/ufa\/wp-json\/wp\/v2\/types\/page"}],"author":[{"embeddable":true,"href":"https:\/\/www.ndpo.fr\/ufa\/wp-json\/wp\/v2\/users\/2"}],"replies":[{"embeddable":true,"href":"https:\/\/www.ndpo.fr\/ufa\/wp-json\/wp\/v2\/comments?post=24"}],"version-history":[{"count":7,"href":"https:\/\/www.ndpo.fr\/ufa\/wp-json\/wp\/v2\/pages\/24\/revisions"}],"predecessor-version":[{"id":1345,"href":"https:\/\/www.ndpo.fr\/ufa\/wp-json\/wp\/v2\/pages\/24\/revisions\/1345"}],"wp:attachment":[{"href":"https:\/\/www.ndpo.fr\/ufa\/wp-json\/wp\/v2\/media?parent=24"}],"curies":[{"name":"wp","href":"https:\/\/api.w.org\/{rel}","templated":true}]}}